44.211.242.113 - - [21/Sep/2024:19:52:19 -0300] "GET /banco-de-talentos/ HTTP/1.0" 200 8956 "http://www.sivana.com.br" "Mozilla/5.0 (Windows NT 10.0; Win64; x64) AppleWebKit/537.36 (KHTML, like Gecko) Chrome/95.0.4638.54 Safari/537.36 Edg/95.0.1020.30"
34.200.248.120 - - [21/Sep/2024:19:52:26 -0300] "GET /cursos/ HTTP/1.0" 200 5229 "http://www.sivana.com.br" "Mozilla/5.0 (X11; Fedora; Linux x86_64; rv:94.0) Gecko/20100101 Firefox/94.0"
52.3.236.116 - - [21/Sep/2024:19:52:27 -0300] "GET /o-sindicato-historico/ HTTP/1.0" 200 5802 "http://www.sivana.com.br" "Mozilla/5.0 (X11; Linux x86_64) AppleWebKit/537.36 (KHTML, like Gecko) Chrome/95.0.4638.54 Safari/537.36"
3.219.33.36 - - [21/Sep/2024:19:52:38 -0300] "GET /links/ HTTP/1.0" 200 5545 "http://www.sivana.com.br" "Mozilla/5.0 (X11; Linux x86_64) AppleWebKit/537.36 (KHTML, like Gecko) Chrome/95.0.4638.69 Safari/537.36"
100.27.38.167 - - [21/Sep/2024:19:52:43 -0300] "GET /oportunidades-de-emprego/ HTTP/1.0" 200 5480 "http://www.sivana.com.br" "Mozilla/5.0 (X11; Linux x86_64) AppleWebKit/537.36 (KHTML, like Gecko) Chrome/93.0.4577.63 Safari/537.36"
44.200.195.128 - - [21/Sep/2024:19:52:46 -0300] "GET /galeria-de-videos/ HTTP/1.0" 200 5635 "http://www.sivana.com.br" "Mozilla/5.0 (Windows NT 10.0; Win64; x64) AppleWebKit/537.36 (KHTML, like Gecko) Chrome/94.0.4606.81 Safari/537.36 OPR/80.0.4170.63"
3.223.191.194 - - [21/Sep/2024:19:52:46 -0300] "GET /o-sindicato-estatuto/ HTTP/1.0" 200 5322 "http://www.sivana.com.br" "Mozilla/5.0 (Windows NT 10.0; Win64; x64) AppleWebKit/537.36 (KHTML, like Gecko) Chrome/94.0.4606.81 Safari/537.36 OPR/80.0.4170.91"
100.27.38.167 - - [21/Sep/2024:19:52:51 -0300] "GET /associados/ HTTP/1.0" 200 16977 "http://www.sivana.com.br" "Mozilla/5.0 (X11; Linux x86_64; rv:94.0) Gecko/20100101 Firefox/94.0"
44.198.181.119 - - [21/Sep/2024:19:53:01 -0300] "GET /o-sindicato-diretoria/ HTTP/1.0" 200 6131 "http://www.sivana.com.br" "Mozilla/5.0 (X11; Linux x86_64; rv:94.0) Gecko/20100101 Firefox/94.0"
18.234.199.122 - - [21/Sep/2024:19:53:06 -0300] "GET /o-sindicato-estrutura/ HTTP/1.0" 200 5644 "http://www.sivana.com.br" "Mozilla/5.0 (Windows NT 10.0; rv:78.0) Gecko/20100101 Firefox/78.0"
44.203.216.99 - - [21/Sep/2024:19:53:09 -0300] "GET /filie-se-documentos/ HTTP/1.0" 200 8467 "http://www.sivana.com.br" "Mozilla/5.0 (Windows NT 10.0; Win64; x64) AppleWebKit/537.36 (KHTML, like Gecko) Chrome/94.0.4606.81 Safari/537.36"
18.234.199.122 - - [21/Sep/2024:19:53:19 -0300] "GET /filie-se-vantagens/ HTTP/1.0" 200 12846 "http://www.sivana.com.br" "Mozilla/5.0 (Macintosh; Intel Mac OS X 10_15_7) AppleWebKit/605.1.15 (KHTML, like Gecko) Version/15.0 Safari/605.1.15"
3.219.33.36 - - [21/Sep/2024:19:55:55 -0300] "GET /noticia/461/apucarana-75-anos HTTP/1.0" 200 9948 "http://www.sivana.com.br" "Mozilla/5.0 (Macintosh; Intel Mac OS X 10.15; rv:94.0) Gecko/20100101 Firefox/94.0"
3.219.33.36 - - [21/Sep/2024:19:56:05 -0300] "GET /recuperar-senha.php HTTP/1.0" 200 5323 "http://www.sivana.com.br" "Mozilla/5.0 (Macintosh; Intel Mac OS X 10_15_7) AppleWebKit/605.1.15 (KHTML, like Gecko) Version/14.1.2 Safari/605.1.15"
3.219.33.36 - - [21/Sep/2024:19:56:13 -0300] "GET /noticia/262/vem-pra-rua! HTTP/1.0" 200 7721 "http://www.sivana.com.br" "Mozilla/5.0 (Windows NT 6.1; Win64; x64; rv:94.0) Gecko/20100101 Firefox/94.0"
34.200.248.120 - - [21/Sep/2024:19:56:29 -0300] "GET /noticia/276/parabens,-fecomercio-parana! HTTP/1.0" 200 7565 "http://www.sivana.com.br" "Mozilla/5.0 (Windows NT 10.0; Win64; x64) AppleWebKit/537.36 (KHTML, like Gecko) Chrome/94.0.4606.61 Safari/537.36"
44.220.167.31 - - [21/Sep/2024:19:57:00 -0300] "GET /noticia/192/fecomercio-pr-card HTTP/1.0" 200 7581 "http://www.sivana.com.br" "Mozilla/5.0 (Macintosh; Intel Mac OS X 10_15_7) AppleWebKit/605.1.15 (KHTML, like Gecko) Version/14.1.2 Safari/605.1.15"
3.239.16.199 - - [21/Sep/2024:19:57:13 -0300] "GET /noticia/317/dia-dos-namorados HTTP/1.0" 200 7508 "http://www.sivana.com.br" "Mozilla/5.0 (Windows NT 10.0; Win64; x64) AppleWebKit/537.36 (KHTML, like Gecko) Chrome/96.0.4664.45 Safari/537.36"
44.195.92.160 - - [21/Sep/2024:19:57:16 -0300] "GET /noticia/205/circuito-sesc-apucarana HTTP/1.0" 200 7813 "http://www.sivana.com.br" "Mozilla/5.0 (Windows NT 10.0; rv:91.0) Gecko/20100101 Firefox/91.0"
34.200.248.120 - - [21/Sep/2024:19:57:27 -0300] "GET /contribuicao-sindical/ HTTP/1.0" 200 6736 "http://www.sivana.com.br" "Mozilla/5.0 (X11; Fedora; Linux x86_64; rv:94.0) Gecko/20100101 Firefox/94.0"
52.3.236.116 - - [21/Sep/2024:19:57:46 -0300] "GET /noticia/177/atencao-lojista! HTTP/1.0" 200 8629 "http://www.sivana.com.br" "Mozilla/5.0 (Macintosh; Intel Mac OS X 10_15_7) AppleWebKit/605.1.15 (KHTML, like Gecko) Version/15.0 Safari/605.1.15"
44.200.156.83 - - [21/Sep/2024:19:58:03 -0300] "GET /noticia/257/vaga-de-emprego HTTP/1.0" 200 7504 "http://www.sivana.com.br" "Mozilla/5.0 (Windows NT 10.0; Win64; x64) AppleWebKit/537.36 (KHTML, like Gecko) Chrome/95.0.4638.54 Safari/537.36"
3.94.31.201 - - [21/Sep/2024:19:58:10 -0300] "GET /noticia/531/quer-faturar-mais? HTTP/1.0" 200 7561 "http://www.sivana.com.br" "Mozilla/5.0 (Windows NT 6.3; Win64; x64) AppleWebKit/537.36 (KHTML, like Gecko) Chrome/95.0.4638.69 Safari/537.36"
3.94.31.201 - - [21/Sep/2024:19:59:18 -0300] "GET /area-associado/ HTTP/1.0" 200 1969 "http://www.sivana.com.br" "Mozilla/5.0 (Windows NT 10.0; Win64; x64) AppleWebKit/537.36 (KHTML, like Gecko) Chrome/96.0.4664.45 Safari/537.36 Edg/96.0.1054.29"
52.167.144.174 - - [21/Sep/2024:21:14:50 -0300] "GET /area-associado HTTP/1.0" 301 835 "-" "Mozilla/5.0 AppleWebKit/537.36 (KHTML, like Gecko; compatible; bingbot/2.0; +http://www.bing.com/bingbot.htm) Chrome/116.0.1938.76 Safari/537.36"
52.167.144.174 - - [21/Sep/2024:21:14:51 -0300] "GET /area-associado/ HTTP/1.0" 200 1969 "-" "Mozilla/5.0 AppleWebKit/537.36 (KHTML, like Gecko; compatible; bingbot/2.0; +http://www.bing.com/bingbot.htm) Chrome/116.0.1938.76 Safari/537.36"
44.203.79.36 - - [21/Sep/2024:21:49:07 -0300] "GET / HTTP/1.0" 200 7519 "http://www.sivana.com.br" "Mozilla/5.0 (Macintosh; Intel Mac OS X 10_15_7) AppleWebKit/605.1.15 (KHTML, like Gecko) Version/14.1.2 Safari/605.1.15"
44.203.216.99 - - [21/Sep/2024:21:52:48 -0300] "GET /filie-se-documentos/ HTTP/1.0" 200 8467 "http://www.sivana.com.br" "Mozilla/5.0 (Windows NT 10.0; Win64; x64) AppleWebKit/537.36 (KHTML, like Gecko) Chrome/95.0.4638.69 Safari/537.36"
44.211.242.113 - - [21/Sep/2024:21:52:55 -0300] "GET /camara-da-mulher/ HTTP/1.0" 200 6291 "http://www.sivana.com.br" "Mozilla/5.0 (Windows NT 10.0; Win64; x64) AppleWebKit/537.36 (KHTML, like Gecko) Chrome/95.0.4638.54 Safari/537.36 Edg/95.0.1020.40"
18.234.199.122 - - [21/Sep/2024:21:53:04 -0300] "GET /o-sindicato-estrutura/ HTTP/1.0" 200 5644 "http://www.sivana.com.br" "Mozilla/5.0 (Windows NT 10.0; Win64; x64) AppleWebKit/537.36 (KHTML, like Gecko) Chrome/95.0.4638.69 Safari/537.36 Edg/95.0.1020.44"
34.200.248.120 - - [21/Sep/2024:21:53:11 -0300] "GET /contribuicao-sindical/ HTTP/1.0" 200 6736 "http://www.sivana.com.br" "Mozilla/5.0 (X11; Linux x86_64; rv:78.0) Gecko/20100101 Firefox/78.0"
3.219.33.36 - - [21/Sep/2024:21:53:18 -0300] "GET /links/ HTTP/1.0" 200 5545 "http://www.sivana.com.br" "Mozilla/5.0 (Windows NT 10.0; Win64; x64) AppleWebKit/537.36 (KHTML, like Gecko) Chrome/94.0.4606.81 Safari/537.36 OPR/80.0.4170.63 (Edition Yx 05)"
100.27.38.167 - - [21/Sep/2024:21:53:23 -0300] "GET /associados/ HTTP/1.0" 200 16977 "http://www.sivana.com.br" "Mozilla/5.0 (Windows NT 10.0; Win64; x64; rv:93.0) Gecko/20100101 Firefox/93.0"
34.200.248.120 - - [21/Sep/2024:21:53:24 -0300] "GET /cursos/ HTTP/1.0" 200 5229 "http://www.sivana.com.br" "Mozilla/5.0 (X11; Ubuntu; Linux x86_64; rv:94.0) Gecko/20100101 Firefox/94.0"
3.94.31.201 - - [21/Sep/2024:21:53:28 -0300] "GET /area-associado/ HTTP/1.0" 200 1969 "http://www.sivana.com.br" "Mozilla/5.0 (X11; Linux x86_64; rv:78.0) Gecko/20100101 Firefox/78.0"
100.27.38.167 - - [21/Sep/2024:21:53:30 -0300] "GET /oportunidades-de-emprego/ HTTP/1.0" 200 5480 "http://www.sivana.com.br" "Mozilla/5.0 (X11; Linux x86_64) AppleWebKit/537.36 (KHTML, like Gecko) Chrome/95.0.4638.54 Safari/537.36"
44.211.242.113 - - [21/Sep/2024:21:53:30 -0300] "GET /banco-de-talentos/ HTTP/1.0" 200 8956 "http://www.sivana.com.br" "Mozilla/5.0 (Macintosh; Intel Mac OS X 10_15_7) AppleWebKit/537.36 (KHTML, like Gecko) Chrome/95.0.4638.54 Safari/537.36"
44.200.195.128 - - [21/Sep/2024:21:53:31 -0300] "GET /galeria-de-videos/ HTTP/1.0" 200 5635 "http://www.sivana.com.br" "Mozilla/5.0 (Windows NT 10.0; Win64; x64) AppleWebKit/537.36 (KHTML, like Gecko) Chrome/95.0.4638.54 Safari/537.36"
44.198.181.119 - - [21/Sep/2024:21:53:31 -0300] "GET /o-sindicato-diretoria/ HTTP/1.0" 200 6131 "http://www.sivana.com.br" "Mozilla/5.0 (Windows NT 10.0; Win64; x64) AppleWebKit/537.36 (KHTML, like Gecko) Chrome/94.0.4606.81 Safari/537.36"
3.223.191.194 - - [21/Sep/2024:21:53:33 -0300] "GET /o-sindicato-estatuto/ HTTP/1.0" 200 5322 "http://www.sivana.com.br" "Mozilla/5.0 (Macintosh; Intel Mac OS X 10_15_7) AppleWebKit/605.1.15 (KHTML, like Gecko) Version/14.1.2 Safari/605.1.15"
18.234.199.122 - - [21/Sep/2024:21:53:51 -0300] "GET /filie-se-vantagens/ HTTP/1.0" 200 12846 "http://www.sivana.com.br" "Mozilla/5.0 (Windows NT 10.0; rv:78.0) Gecko/20100101 Firefox/78.0"
52.3.236.116 - - [21/Sep/2024:21:53:55 -0300] "GET /o-sindicato-historico/ HTTP/1.0" 200 5802 "http://www.sivana.com.br" "Mozilla/5.0 (Windows NT 10.0; Win64; x64) AppleWebKit/537.36 (KHTML, like Gecko) Chrome/94.0.4606.71 Safari/537.36"
3.219.33.36 - - [21/Sep/2024:21:56:32 -0300] "GET /recuperar-senha.php HTTP/1.0" 200 5323 "http://www.sivana.com.br" "Mozilla/5.0 (Windows NT 6.1; Win64; x64; rv:94.0) Gecko/20100101 Firefox/94.0"
44.220.167.31 - - [21/Sep/2024:21:57:06 -0300] "GET /noticia/192/fecomercio-pr-card HTTP/1.0" 200 7581 "http://www.sivana.com.br" "Mozilla/5.0 (X11; Linux x86_64) AppleWebKit/537.36 (KHTML, like Gecko) Chrome/94.0.4606.71 Safari/537.36"
3.219.33.36 - - [21/Sep/2024:21:57:12 -0300] "GET /noticia/461/apucarana-75-anos HTTP/1.0" 200 7613 "http://www.sivana.com.br" "Mozilla/5.0 (Windows NT 10.0; Win64; x64; rv:91.0) Gecko/20100101 Firefox/91.0"
34.200.248.120 - - [21/Sep/2024:21:57:19 -0300] "GET /noticia/276/parabens,-fecomercio-parana! HTTP/1.0" 200 7565 "http://www.sivana.com.br" "Mozilla/5.0 (Windows NT 10.0; Win64; x64) AppleWebKit/537.36 (KHTML, like Gecko) Chrome/94.0.4606.61 Safari/537.36"
44.195.92.160 - - [21/Sep/2024:21:57:34 -0300] "GET /noticia/205/circuito-sesc-apucarana HTTP/1.0" 200 7813 "http://www.sivana.com.br" "Mozilla/5.0 (Windows NT 10.0; WOW64) AppleWebKit/537.36 (KHTML, like Gecko) Chrome/95.0.4638.69 Safari/537.36"
3.219.33.36 - - [21/Sep/2024:21:57:36 -0300] "GET /noticia/262/vem-pra-rua! HTTP/1.0" 200 7721 "http://www.sivana.com.br" "Mozilla/5.0 (Macintosh; Intel Mac OS X 10.15; rv:95.0) Gecko/20100101 Firefox/95.0"
52.3.236.116 - - [21/Sep/2024:21:57:56 -0300] "GET /noticia/177/atencao-lojista! HTTP/1.0" 200 8629 "http://www.sivana.com.br" "Mozilla/5.0 (Windows NT 10.0; Win64; x64) AppleWebKit/537.36 (KHTML, like Gecko) Chrome/94.0.4606.81 Safari/537.36"
3.239.16.199 - - [21/Sep/2024:21:58:01 -0300] "GET /noticia/317/dia-dos-namorados HTTP/1.0" 200 7508 "http://www.sivana.com.br" "Mozilla/5.0 (X11; Linux x86_64; rv:78.0) Gecko/20100101 Firefox/78.0"
44.200.156.83 - - [21/Sep/2024:21:58:38 -0300] "GET /noticia/257/vaga-de-emprego HTTP/1.0" 200 7504 "http://www.sivana.com.br" "Mozilla/5.0 (Windows NT 10.0; Win64; x64) AppleWebKit/537.36 (KHTML, like Gecko) Chrome/95.0.4638.69 Safari/537.36"
3.94.31.201 - - [21/Sep/2024:21:59:07 -0300] "GET /noticia/531/quer-faturar-mais? HTTP/1.0" 200 7561 "http://www.sivana.com.br" "Mozilla/5.0 (Windows NT 10.0; WOW64) AppleWebKit/537.36 (KHTML, like Gecko) Chrome/95.0.4638.69 Safari/537.36"
198.235.24.26 - - [21/Sep/2024:22:38:50 -0300] "GET / HTTP/1.0" 301 34183 "-" "-"
44.203.79.36 - - [21/Sep/2024:23:50:06 -0300] "GET / HTTP/1.0" 200 7519 "http://www.sivana.com.br" "Mozilla/5.0 (Macintosh; Intel Mac OS X 10.15; rv:95.0) Gecko/20100101 Firefox/95.0"
52.3.236.116 - - [21/Sep/2024:23:54:03 -0300] "GET /o-sindicato-historico/ HTTP/1.0" 200 5802 "http://www.sivana.com.br" "Mozilla/5.0 (Windows NT 10.0; Win64; x64) AppleWebKit/537.36 (KHTML, like Gecko) Chrome/94.0.4606.71 Safari/537.36"
3.219.33.36 - - [21/Sep/2024:23:54:06 -0300] "GET /links/ HTTP/1.0" 200 5545 "http://www.sivana.com.br" "Mozilla/5.0 (Macintosh; Intel Mac OS X 10_15_7) AppleWebKit/537.36 (KHTML, like Gecko) Chrome/95.0.4638.54 Safari/537.36"
44.211.242.113 - - [21/Sep/2024:23:54:06 -0300] "GET /banco-de-talentos/ HTTP/1.0" 200 8956 "http://www.sivana.com.br" "Mozilla/5.0 (Windows NT 10.0; Win64; x64; rv:92.0) Gecko/20100101 Firefox/92.0"
44.211.242.113 - - [21/Sep/2024:23:54:14 -0300] "GET /camara-da-mulher/ HTTP/1.0" 200 6291 "http://www.sivana.com.br" "Mozilla/5.0 (Macintosh; Intel Mac OS X 10_15_7) AppleWebKit/605.1.15 (KHTML, like Gecko) Version/14.1.2 Safari/605.1.15"
3.223.191.194 - - [21/Sep/2024:23:54:31 -0300] "GET /o-sindicato-estatuto/ HTTP/1.0" 200 5322 "http://www.sivana.com.br" "Mozilla/5.0 (X11; Ubuntu; Linux x86_64; rv:93.0) Gecko/20100101 Firefox/93.0"
100.27.38.167 - - [21/Sep/2024:23:54:31 -0300] "GET /associados/ HTTP/1.0" 200 16977 "http://www.sivana.com.br" "Mozilla/5.0 (Macintosh; Intel Mac OS X 10_15_7) AppleWebKit/537.36 (KHTML, like Gecko) Chrome/94.0.4606.71 Safari/537.36"
18.234.199.122 - - [21/Sep/2024:23:54:31 -0300] "GET /o-sindicato-estrutura/ HTTP/1.0" 200 5644 "http://www.sivana.com.br" "Mozilla/5.0 (Windows NT 6.1; Win64; x64; rv:94.0) Gecko/20100101 Firefox/94.0"
3.94.31.201 - - [21/Sep/2024:23:54:34 -0300] "GET /area-associado/ HTTP/1.0" 200 1969 "http://www.sivana.com.br" "Mozilla/5.0 (Windows NT 10.0; Win64; x64; rv:95.0) Gecko/20100101 Firefox/95.0"
44.203.216.99 - - [21/Sep/2024:23:54:38 -0300] "GET /filie-se-documentos/ HTTP/1.0" 200 8467 "http://www.sivana.com.br" "Mozilla/5.0 (Windows NT 10.0; rv:78.0) Gecko/20100101 Firefox/78.0"
18.234.199.122 - - [21/Sep/2024:23:54:39 -0300] "GET /filie-se-vantagens/ HTTP/1.0" 200 12846 "http://www.sivana.com.br" "Mozilla/5.0 (X11; Linux x86_64) AppleWebKit/537.36 (KHTML, like Gecko) Chrome/93.0.4577.63 Safari/537.36"
34.200.248.120 - - [21/Sep/2024:23:54:42 -0300] "GET /contribuicao-sindical/ HTTP/1.0" 200 6736 "http://www.sivana.com.br" "Mozilla/5.0 (X11; Linux x86_64; rv:94.0) Gecko/20100101 Firefox/94.0"
44.200.195.128 - - [21/Sep/2024:23:54:44 -0300] "GET /galeria-de-videos/ HTTP/1.0" 200 5635 "http://www.sivana.com.br" "Mozilla/5.0 (Macintosh; Intel Mac OS X 10_15_7) AppleWebKit/537.36 (KHTML, like Gecko) Chrome/94.0.4606.81 Safari/537.36"
100.27.38.167 - - [21/Sep/2024:23:54:47 -0300] "GET /oportunidades-de-emprego/ HTTP/1.0" 200 5480 "http://www.sivana.com.br" "Mozilla/5.0 (Macintosh; Intel Mac OS X 10_15_7) AppleWebKit/537.36 (KHTML, like Gecko) Chrome/96.0.4664.45 Safari/537.36"
34.200.248.120 - - [21/Sep/2024:23:54:47 -0300] "GET /cursos/ HTTP/1.0" 200 5229 "http://www.sivana.com.br" "Mozilla/5.0 (Windows NT 10.0; Win64; x64; rv:95.0) Gecko/20100101 Firefox/95.0"
44.198.181.119 - - [21/Sep/2024:23:54:52 -0300] "GET /o-sindicato-diretoria/ HTTP/1.0" 200 6131 "http://www.sivana.com.br" "Mozilla/5.0 (Windows NT 6.1; Win64; x64) AppleWebKit/537.36 (KHTML, like Gecko) Chrome/95.0.4638.69 Safari/537.36"
3.219.33.36 - - [21/Sep/2024:23:57:34 -0300] "GET /recuperar-senha.php HTTP/1.0" 200 5323 "http://www.sivana.com.br" "Mozilla/5.0 (X11; Linux x86_64; rv:93.0) Gecko/20100101 Firefox/93.0"
3.219.33.36 - - [21/Sep/2024:23:57:51 -0300] "GET /noticia/461/apucarana-75-anos HTTP/1.0" 200 7613 "http://www.sivana.com.br" "Mozilla/5.0 (Macintosh; Intel Mac OS X 10_15_7) AppleWebKit/537.36 (KHTML, like Gecko) Chrome/96.0.4664.45 Safari/537.36"
44.195.92.160 - - [21/Sep/2024:23:58:05 -0300] "GET /noticia/205/circuito-sesc-apucarana HTTP/1.0" 200 7813 "http://www.sivana.com.br" "Mozilla/5.0 (X11; Linux x86_64) AppleWebKit/537.36 (KHTML, like Gecko) Chrome/95.0.4638.69 Safari/537.36"
3.219.33.36 - - [21/Sep/2024:23:58:23 -0300] "GET /noticia/262/vem-pra-rua! HTTP/1.0" 200 7721 "http://www.sivana.com.br" "Mozilla/5.0 (Macintosh; Intel Mac OS X 10.15; rv:94.0) Gecko/20100101 Firefox/94.0"
34.200.248.120 - - [21/Sep/2024:23:58:34 -0300] "GET /noticia/276/parabens,-fecomercio-parana! HTTP/1.0" 200 7565 "http://www.sivana.com.br" "Mozilla/5.0 (Windows NT 10.0; Win64; x64) AppleWebKit/537.36 (KHTML, like Gecko) Chrome/95.0.4638.69 Safari/537.36 Edg/95.0.1020.53"
3.239.16.199 - - [21/Sep/2024:23:58:48 -0300] "GET /noticia/317/dia-dos-namorados HTTP/1.0" 200 7508 "http://www.sivana.com.br" "Mozilla/5.0 (X11; Linux x86_64) AppleWebKit/537.36 (KHTML, like Gecko) Chrome/96.0.4664.45 Safari/537.36"
44.220.167.31 - - [21/Sep/2024:23:58:52 -0300] "GET /noticia/192/fecomercio-pr-card HTTP/1.0" 200 7581 "http://www.sivana.com.br" "Mozilla/5.0 (Windows NT 10.0; Win64; x64) AppleWebKit/537.36 (KHTML, like Gecko) Chrome/95.0.4638.69 Safari/537.36 Edg/95.0.1020.53"
44.200.156.83 - - [21/Sep/2024:23:59:06 -0300] "GET /noticia/257/vaga-de-emprego HTTP/1.0" 200 7504 "http://www.sivana.com.br" "Mozilla/5.0 (Windows NT 10.0; rv:91.0) Gecko/20100101 Firefox/91.0"
52.3.236.116 - - [21/Sep/2024:23:59:08 -0300] "GET /noticia/177/atencao-lojista! HTTP/1.0" 200 8629 "http://www.sivana.com.br" "Mozilla/5.0 (Macintosh; Intel Mac OS X 10_15_7) AppleWebKit/605.1.15 (KHTML, like Gecko) Version/15.0 Safari/605.1.15"
3.94.31.201 - - [21/Sep/2024:23:59:52 -0300] "GET /noticia/531/quer-faturar-mais? HTTP/1.0" 200 7561 "http://www.sivana.com.br" "Mozilla/5.0 (X11; Linux x86_64) AppleWebKit/537.36 (KHTML, like Gecko) Chrome/93.0.4577.63 Safari/537.36"
87.236.176.30 - - [22/Sep/2024:00:56:33 -0300] "GET / HTTP/1.0" 301 7571 "-" "Mozilla/5.0 (compatible; InternetMeasurement/1.0; +https://internet-measurement.com/)"
87.236.176.30 - - [22/Sep/2024:00:56:34 -0300] "GET / HTTP/1.0" 200 7519 "https://sivana.com.br" "Mozilla/5.0 (compatible; InternetMeasurement/1.0; +https://internet-measurement.com/)"
87.236.176.218 - - [22/Sep/2024:00:56:39 -0300] "GET /favicon.ico HTTP/1.0" 301 5387 "-" "Mozilla/5.0 (compatible; InternetMeasurement/1.0; +https://internet-measurement.com/)"
87.236.176.80 - - [22/Sep/2024:00:56:40 -0300] "GET /favicon.ico HTTP/1.0" 200 5324 "-" "Mozilla/5.0 (compatible; InternetMeasurement/1.0; +https://internet-measurement.com/)"
87.236.176.166 - - [22/Sep/2024:00:56:40 -0300] "GET /favicon.ico HTTP/1.0" 200 5324 "-" "Mozilla/5.0 (compatible; InternetMeasurement/1.0; +https://internet-measurement.com/)"
64.227.151.224 - - [22/Sep/2024:01:29:21 -0300] "GET / HTTP/1.0" 200 7519 "-" "Mozilla/5.0 (Windows NT 10.0; Win64; x64) AppleWebKit/537.36 (KHTML, like Gecko) Chrome/126.0.0.0 Safari/537.36"
64.227.151.224 - - [22/Sep/2024:01:29:30 -0300] "GET /favicon.ico HTTP/1.0" 200 5324 "https://www.sivana.com.br/" "Mozilla/5.0 (Windows NT 10.0; Win64; x64) AppleWebKit/537.36 (KHTML, like Gecko) Chrome/126.0.0.0 Safari/537.36"
47.128.56.249 - - [22/Sep/2024:01:36:57 -0300] "GET /robots.txt HTTP/1.0" 404 1173 "-" "Mozilla/5.0 (Linux; Android 5.0) AppleWebKit/537.36 (KHTML, like Gecko) Mobile Safari/537.36 (compatible; Bytespider; spider-feedback@bytedance.com)"
47.128.34.106 - - [22/Sep/2024:01:40:56 -0300] "GET /robots.txt HTTP/1.0" 404 1173 "-" "Mozilla/5.0 (Linux; Android 5.0) AppleWebKit/537.36 (KHTML, like Gecko) Mobile Safari/537.36 (compatible; Bytespider; spider-feedback@bytedance.com)"
47.128.98.64 - - [22/Sep/2024:01:44:57 -0300] "GET /robots.txt HTTP/1.0" 404 1173 "-" "Mozilla/5.0 (Linux; Android 5.0) AppleWebKit/537.36 (KHTML, like Gecko) Mobile Safari/537.36 (compatible; Bytespider; spider-feedback@bytedance.com)"
47.128.123.67 - - [22/Sep/2024:01:48:56 -0300] "GET /robots.txt HTTP/1.0" 404 1173 "-" "Mozilla/5.0 (Linux; Android 5.0) AppleWebKit/537.36 (KHTML, like Gecko) Mobile Safari/537.36 (compatible; Bytespider; spider-feedback@bytedance.com)"
44.203.79.36 - - [22/Sep/2024:01:51:07 -0300] "GET / HTTP/1.0" 200 7519 "http://www.sivana.com.br" "Mozilla/5.0 (X11; Linux x86_64) AppleWebKit/537.36 (KHTML, like Gecko) Chrome/94.0.4606.71 Safari/537.36"
18.234.199.122 - - [22/Sep/2024:01:54:48 -0300] "GET /o-sindicato-estrutura/ HTTP/1.0" 200 5646 "http://www.sivana.com.br" "Mozilla/5.0 (X11; Fedora; Linux x86_64; rv:94.0) Gecko/20100101 Firefox/94.0"
44.203.216.99 - - [22/Sep/2024:01:55:05 -0300] "GET /filie-se-documentos/ HTTP/1.0" 200 8467 "http://www.sivana.com.br" "Mozilla/5.0 (Windows NT 10.0; Win64; x64) AppleWebKit/537.36 (KHTML, like Gecko) Chrome/95.0.4638.54 Safari/537.36"
44.198.181.119 - - [22/Sep/2024:01:55:16 -0300] "GET /o-sindicato-diretoria/ HTTP/1.0" 200 6132 "http://www.sivana.com.br" "Mozilla/5.0 (Windows NT 10.0; Win64; x64; rv:95.0) Gecko/20100101 Firefox/95.0"
34.200.248.120 - - [22/Sep/2024:01:55:18 -0300] "GET /contribuicao-sindical/ HTTP/1.0" 200 6737 "http://www.sivana.com.br" "Mozilla/5.0 (Windows NT 6.1; Win64; x64) AppleWebKit/537.36 (KHTML, like Gecko) Chrome/96.0.4664.45 Safari/537.36"
44.211.242.113 - - [22/Sep/2024:01:55:21 -0300] "GET /banco-de-talentos/ HTTP/1.0" 200 8955 "http://www.sivana.com.br" "Mozilla/5.0 (Macintosh; Intel Mac OS X 10.15; rv:95.0) Gecko/20100101 Firefox/95.0"
44.211.242.113 - - [22/Sep/2024:01:55:21 -0300] "GET /camara-da-mulher/ HTTP/1.0" 200 6291 "http://www.sivana.com.br" "Mozilla/5.0 (Macintosh; Intel Mac OS X 10.15; rv:91.0) Gecko/20100101 Firefox/91.0"
3.223.191.194 - - [22/Sep/2024:01:55:23 -0300] "GET /o-sindicato-estatuto/ HTTP/1.0" 200 5324 "http://www.sivana.com.br" "Mozilla/5.0 (Windows NT 10.0; Win64; x64) AppleWebKit/537.36 (KHTML, like Gecko) Chrome/94.0.4606.61 Safari/537.36"
44.200.195.128 - - [22/Sep/2024:01:55:29 -0300] "GET /galeria-de-videos/ HTTP/1.0" 200 5636 "http://www.sivana.com.br" "Mozilla/5.0 (Windows NT 10.0; Win64; x64; rv:93.0) Gecko/20100101 Firefox/93.0"
3.219.33.36 - - [22/Sep/2024:01:55:29 -0300] "GET /links/ HTTP/1.0" 200 5546 "http://www.sivana.com.br" "Mozilla/5.0 (Windows NT 10.0; WOW64) AppleWebKit/537.36 (KHTML, like Gecko) Chrome/95.0.4638.69 Safari/537.36"
52.3.236.116 - - [22/Sep/2024:01:55:30 -0300] "GET /o-sindicato-historico/ HTTP/1.0" 200 5802 "http://www.sivana.com.br" "Mozilla/5.0 (Macintosh; Intel Mac OS X 10.15; rv:94.0) Gecko/20100101 Firefox/94.0"
3.94.31.201 - - [22/Sep/2024:01:55:30 -0300] "GET /area-associado/ HTTP/1.0" 200 1969 "http://www.sivana.com.br" "Mozilla/5.0 (X11; Linux x86_64; rv:78.0) Gecko/20100101 Firefox/78.0"
100.27.38.167 - - [22/Sep/2024:01:55:32 -0300] "GET /oportunidades-de-emprego/ HTTP/1.0" 200 5481 "http://www.sivana.com.br" "Mozilla/5.0 (Windows NT 10.0; Win64; x64; rv:78.0) Gecko/20100101 Firefox/78.0"
100.27.38.167 - - [22/Sep/2024:01:55:42 -0300] "GET /associados/ HTTP/1.0" 200 16975 "http://www.sivana.com.br" "Mozilla/5.0 (Macintosh; Intel Mac OS X 10_14_6) AppleWebKit/537.36 (KHTML, like Gecko) Chrome/95.0.4638.69 Safari/537.36"
34.200.248.120 - - [22/Sep/2024:01:55:48 -0300] "GET /cursos/ HTTP/1.0" 200 5230 "http://www.sivana.com.br" "Mozilla/5.0 (Macintosh; Intel Mac OS X 10_15_7) AppleWebKit/605.1.15 (KHTML, like Gecko) Version/15.0 Safari/605.1.15"
18.234.199.122 - - [22/Sep/2024:01:56:16 -0300] "GET /filie-se-vantagens/ HTTP/1.0" 200 12846 "http://www.sivana.com.br" "Mozilla/5.0 (Windows NT 6.1; Win64; x64) AppleWebKit/537.36 (KHTML, like Gecko) Chrome/95.0.4638.69 Safari/537.36"
3.219.33.36 - - [22/Sep/2024:01:58:43 -0300] "GET /noticia/461/apucarana-75-anos HTTP/1.0" 200 7614 "http://www.sivana.com.br" "Mozilla/5.0 (Windows NT 10.0; rv:78.0) Gecko/20100101 Firefox/78.0"
34.200.248.120 - - [22/Sep/2024:01:59:25 -0300] "GET /noticia/276/parabens,-fecomercio-parana! HTTP/1.0" 200 7566 "http://www.sivana.com.br" "Mozilla/5.0 (Macintosh; Intel Mac OS X 10_15_7) AppleWebKit/605.1.15 (KHTML, like Gecko) Version/14.1.1 Safari/605.1.15"
3.219.33.36 - - [22/Sep/2024:01:59:47 -0300] "GET /recuperar-senha.php HTTP/1.0" 200 5324 "http://www.sivana.com.br" "Mozilla/5.0 (Windows NT 6.1; Win64; x64) AppleWebKit/537.36 (KHTML, like Gecko) Chrome/95.0.4638.69 Safari/537.36"
44.195.92.160 - - [22/Sep/2024:02:00:07 -0300] "GET /noticia/205/circuito-sesc-apucarana HTTP/1.0" 200 7813 "http://www.sivana.com.br" "Mozilla/5.0 (Windows NT 10.0; Win64; x64; rv:94.0) Gecko/20100101 Firefox/94.0"
44.220.167.31 - - [22/Sep/2024:02:00:10 -0300] "GET /noticia/192/fecomercio-pr-card HTTP/1.0" 200 7582 "http://www.sivana.com.br" "Mozilla/5.0 (Windows NT 10.0; Win64; x64) AppleWebKit/537.36 (KHTML, like Gecko) Chrome/94.0.4606.61 Safari/537.36"
52.3.236.116 - - [22/Sep/2024:02:00:22 -0300] "GET /noticia/177/atencao-lojista! HTTP/1.0" 200 8629 "http://www.sivana.com.br" "Mozilla/5.0 (Windows NT 10.0; Win64; x64) AppleWebKit/537.36 (KHTML, like Gecko) Chrome/94.0.4606.81 Safari/537.36 OPR/80.0.4170.63"
44.200.156.83 - - [22/Sep/2024:02:00:23 -0300] "GET /noticia/257/vaga-de-emprego HTTP/1.0" 200 7505 "http://www.sivana.com.br" "Mozilla/5.0 (Windows NT 10.0; Win64; x64) AppleWebKit/537.36 (KHTML, like Gecko) Chrome/96.0.4664.45 Safari/537.36"
3.219.33.36 - - [22/Sep/2024:02:00:25 -0300] "GET /noticia/262/vem-pra-rua! HTTP/1.0" 200 7719 "http://www.sivana.com.br" "Mozilla/5.0 (Windows NT 10.0; Win64; x64) AppleWebKit/537.36 (KHTML, like Gecko) Chrome/94.0.4606.81 Safari/537.36 OPR/80.0.4170.63"
3.239.16.199 - - [22/Sep/2024:02:00:35 -0300] "GET /noticia/317/dia-dos-namorados HTTP/1.0" 200 7509 "http://www.sivana.com.br" "Mozilla/5.0 (X11; Linux x86_64) AppleWebKit/537.36 (KHTML, like Gecko) Chrome/93.0.4577.63 Safari/537.36"
3.94.31.201 - - [22/Sep/2024:02:00:56 -0300] "GET /noticia/531/quer-faturar-mais? HTTP/1.0" 200 7561 "http://www.sivana.com.br" "Mozilla/5.0 (Windows NT 6.1; Win64; x64) AppleWebKit/537.36 (KHTML, like Gecko) Chrome/95.0.4638.54 Safari/537.36"
44.203.79.36 - - [22/Sep/2024:03:52:30 -0300] "GET / HTTP/1.0" 200 7519 "http://www.sivana.com.br" "Mozilla/5.0 (Windows NT 6.1; Win64; x64; rv:94.0) Gecko/20100101 Firefox/94.0"
98.96.193.52 - - [22/Sep/2024:05:52:01 -0300] "GET / HTTP/1.0" 301 7571 "-" "Mozilla/5.0 (Windows NT 10.0; Win64; x64) AppleWebKit/537.36 (KHTML, like Gecko) Chrome/60.0.3112.113 Safari/537.36"
128.14.211.194 - - [22/Sep/2024:05:52:04 -0300] "GET /favicon.ico HTTP/1.0" 301 5387 "-" "Mozilla/5.0 (Windows NT 10.0; WOW64) AppleWebKit/537.36 (KHTML, like Gecko) Chrome/66.0.3359.117 Safari/537.36"
98.96.193.53 - - [22/Sep/2024:05:52:06 -0300] "GET / HTTP/1.0" 301 7571 "-" "Mozilla/5.0 (Windows NT 10.0; Win64; x64) AppleWebKit/537.36 (KHTML, like Gecko) Chrome/60.0.3112.113 Safari/537.36"
98.96.193.52 - - [22/Sep/2024:05:52:08 -0300] "GET /aspera/faspex/ HTTP/1.0" 301 5390 "-" "Mozilla/5.0 (Windows NT 10.0; Win64; x64) AppleWebKit/537.36 (KHTML, like Gecko) Chrome/60.0.3112.113 Safari/537.36"
44.203.79.36 - - [22/Sep/2024:05:53:29 -0300] "GET / HTTP/1.0" 200 7519 "http://www.sivana.com.br" "Mozilla/5.0 (Windows NT 10.0; Win64; x64; rv:94.0) Gecko/20100101 Firefox/94.0"
66.249.66.64 - - [22/Sep/2024:06:25:34 -0300] "GET /robots.txt HTTP/1.0" 404 1173 "-" "Mozilla/5.0 (compatible; Googlebot/2.1; +http://www.google.com/bot.html)"
66.249.66.89 - - [22/Sep/2024:06:25:36 -0300] "GET / HTTP/1.0" 200 7519 "-" "Mozilla/5.0 (Linux; Android 6.0.1; Nexus 5X Build/MMB29P) AppleWebKit/537.36 (KHTML, like Gecko) Chrome/128.0.6613.137 Mobile Safari/537.36 (compatible; Googlebot/2.1; +http://www.google.com/bot.html)"
44.203.79.36 - - [22/Sep/2024:07:54:31 -0300] "GET / HTTP/1.0" 200 7519 "http://www.sivana.com.br" "Mozilla/5.0 (Windows NT 6.1; Win64; x64) AppleWebKit/537.36 (KHTML, like Gecko) Chrome/95.0.4638.54 Safari/537.36"
54.36.148.15 - - [22/Sep/2024:09:13:12 -0300] "GET /robots.txt HTTP/1.0" 404 1173 "-" "Mozilla/5.0 (compatible; AhrefsBot/7.0; +http://ahrefs.com/robot/)"
44.203.79.36 - - [22/Sep/2024:09:55:29 -0300] "GET / HTTP/1.0" 200 7519 "http://www.sivana.com.br" "Mozilla/5.0 (X11; Ubuntu; Linux x86_64; rv:93.0) Gecko/20100101 Firefox/93.0"
66.249.66.207 - - [22/Sep/2024:11:17:23 -0300] "GET /robots.txt HTTP/1.0" 404 1173 "-" "Mozilla/5.0 (compatible; Googlebot/2.1; +http://www.google.com/bot.html)"
44.203.79.36 - - [22/Sep/2024:11:56:31 -0300] "GET / HTTP/1.0" 200 7519 "http://www.sivana.com.br" "Mozilla/5.0 (Windows NT 10.0; Win64; x64) AppleWebKit/537.36 (KHTML, like Gecko) Chrome/95.0.4638.54 Safari/537.36 Edg/95.0.1020.40"
44.203.79.36 - - [22/Sep/2024:13:57:30 -0300] "GET / HTTP/1.0" 200 7519 "http://www.sivana.com.br" "Mozilla/5.0 (Macintosh; Intel Mac OS X 10_15_7) AppleWebKit/537.36 (KHTML, like Gecko) Chrome/94.0.4606.71 Safari/537.36"
44.203.79.36 - - [22/Sep/2024:15:58:32 -0300] "GET / HTTP/1.0" 200 7519 "http://www.sivana.com.br" "Mozilla/5.0 (Windows NT 10.0; Win64; x64) AppleWebKit/537.36 (KHTML, like Gecko) Chrome/94.0.4606.71 Safari/537.36"
44.203.79.36 - - [22/Sep/2024:17:59:32 -0300] "GET / HTTP/1.0" 200 7519 "http://www.sivana.com.br" "Mozilla/5.0 (Windows NT 10.0; rv:78.0) Gecko/20100101 Firefox/78.0"
66.249.66.65 - - [22/Sep/2024:18:12:30 -0300] "GET / HTTP/1.0" 200 7519 "-" "Mozilla/5.0 (Linux; Android 6.0.1; Nexus 5X Build/MMB29P) AppleWebKit/537.36 (KHTML, like Gecko) Chrome/128.0.6613.137 Mobile Safari/537.36 (compatible; Googlebot/2.1; +http://www.google.com/bot.html)"
52.167.144.137 - - [22/Sep/2024:18:41:06 -0300] "GET /contribuicao-sindical HTTP/1.0" 301 6810 "-" "Mozilla/5.0 AppleWebKit/537.36 (KHTML, like Gecko; compatible; bingbot/2.0; +http://www.bing.com/bingbot.htm) Chrome/116.0.1938.76 Safari/537.36"
47.128.112.127 - - [22/Sep/2024:19:02:56 -0300] "GET /robots.txt HTTP/1.0" 404 1173 "-" "Mozilla/5.0 (Linux; Android 5.0) AppleWebKit/537.36 (KHTML, like Gecko) Mobile Safari/537.36 (compatible; Bytespider; spider-feedback@bytedance.com)"
47.128.18.162 - - [22/Sep/2024:19:06:55 -0300] "GET /robots.txt HTTP/1.0" 404 1173 "-" "Mozilla/5.0 (Linux; Android 5.0) AppleWebKit/537.36 (KHTML, like Gecko) Mobile Safari/537.36 (compatible; Bytespider; spider-feedback@bytedance.com)"
47.128.123.115 - - [22/Sep/2024:19:10:55 -0300] "GET /robots.txt HTTP/1.0" 404 1173 "-" "Mozilla/5.0 (Linux; Android 5.0) AppleWebKit/537.36 (KHTML, like Gecko) Mobile Safari/537.36 (compatible; Bytespider; spider-feedback@bytedance.com)"
47.128.36.101 - - [22/Sep/2024:19:14:56 -0300] "GET /robots.txt HTTP/1.0" 404 1173 "-" "Mozilla/5.0 (Linux; Android 5.0) AppleWebKit/537.36 (KHTML, like Gecko) Mobile Safari/537.36 (compatible; Bytespider; spider-feedback@bytedance.com)"
52.167.144.239 - - [22/Sep/2024:19:29:42 -0300] "GET /camara-da-mulher-diretoria HTTP/1.0" 301 5927 "-" "Mozilla/5.0 AppleWebKit/537.36 (KHTML, like Gecko; compatible; bingbot/2.0; +http://www.bing.com/bingbot.htm) Chrome/116.0.1938.76 Safari/537.36"
44.203.79.36 - - [22/Sep/2024:20:00:36 -0300] "GET / HTTP/1.0" 200 7519 "http://www.sivana.com.br" "Mozilla/5.0 (Windows NT 10.0; Win64; x64) AppleWebKit/537.36 (KHTML, like Gecko) Chrome/95.0.4638.54 Safari/537.36"
40.77.167.22 - - [22/Sep/2024:20:20:47 -0300] "GET /o-sindicato-historico HTTP/1.0" 301 5875 "-" "Mozilla/5.0 AppleWebKit/537.36 (KHTML, like Gecko; compatible; bingbot/2.0; +http://www.bing.com/bingbot.htm) Chrome/116.0.1938.76 Safari/537.36"
44.203.79.36 - - [22/Sep/2024:22:01:35 -0300] "GET / HTTP/1.0" 200 7519 "http://www.sivana.com.br" "Mozilla/5.0 (Macintosh; Intel Mac OS X 10_15_7) AppleWebKit/605.1.15 (KHTML, like Gecko) Version/14.1.1 Safari/605.1.15"
5.133.192.128 - - [22/Sep/2024:22:14:37 -0300] "GET / HTTP/1.0" 301 7571 "-" "Mozilla/5.0 (Windows NT 10.0; Win64; x64) AppleWebKit/537.36 (KHTML, like Gecko) Chrome/105.0.0.0 Safari/537.36"
5.133.192.128 - - [22/Sep/2024:22:14:41 -0300] "GET /favicon.ico HTTP/1.0" 301 5387 "-" "Mozilla/5.0 (Windows NT 10.0; Win64; x64) AppleWebKit/537.36 (KHTML, like Gecko) Chrome/105.0.0.0 Safari/537.36"
44.203.79.36 - - [23/Sep/2024:00:02:34 -0300] "GET / HTTP/1.0" 200 7519 "http://www.sivana.com.br" "Mozilla/5.0 (Windows NT 10.0; Win64; x64) AppleWebKit/537.36 (KHTML, like Gecko) Chrome/94.0.4606.81 Safari/537.36"
44.203.79.36 - - [23/Sep/2024:02:03:33 -0300] "GET / HTTP/1.0" 200 7519 "http://www.sivana.com.br" "Mozilla/5.0 (X11; Ubuntu; Linux x86_64; rv:93.0) Gecko/20100101 Firefox/93.0"
44.203.79.36 - - [23/Sep/2024:04:04:34 -0300] "GET / HTTP/1.0" 200 7519 "http://www.sivana.com.br" "Mozilla/5.0 (Macintosh; Intel Mac OS X 10_15_7) AppleWebKit/605.1.15 (KHTML, like Gecko) Version/15.0 Safari/605.1.15"
44.203.79.36 - - [23/Sep/2024:06:13:44 -0300] "GET / HTTP/1.0" 200 7519 "http://www.sivana.com.br" "Mozilla/5.0 (Windows NT 10.0; Win64; x64) AppleWebKit/537.36 (KHTML, like Gecko) Chrome/94.0.4606.71 Safari/537.36"
44.203.79.36 - - [23/Sep/2024:08:06:38 -0300] "GET / HTTP/1.0" 200 7519 "http://www.sivana.com.br" "Mozilla/5.0 (Windows NT 10.0; Win64; x64) AppleWebKit/537.36 (KHTML, like Gecko) Chrome/95.0.4638.54 Safari/537.36 Edg/95.0.1020.40"
40.77.167.152 - - [23/Sep/2024:10:01:42 -0300] "GET / HTTP/1.0" 200 7519 "-" "Mozilla/5.0 AppleWebKit/537.36 (KHTML, like Gecko; compatible; bingbot/2.0; +http://www.bing.com/bingbot.htm) Chrome/116.0.1938.76 Safari/537.36"
44.203.79.36 - - [23/Sep/2024:10:07:40 -0300] "GET / HTTP/1.0" 200 7519 "http://www.sivana.com.br" "Mozilla/5.0 (X11; Linux x86_64) AppleWebKit/537.36 (KHTML, like Gecko) Chrome/95.0.4638.54 Safari/537.36"
66.249.66.65 - - [23/Sep/2024:10:28:57 -0300] "GET /robots.txt HTTP/1.0" 404 1173 "-" "Mozilla/5.0 (compatible; Googlebot/2.1; +http://www.google.com/bot.html)"
66.249.66.208 - - [23/Sep/2024:11:19:08 -0300] "GET /robots.txt HTTP/1.0" 404 1173 "-" "Mozilla/5.0 (compatible; Googlebot/2.1; +http://www.google.com/bot.html)"
44.203.79.36 - - [23/Sep/2024:12:08:45 -0300] "GET / HTTP/1.0" 200 7519 "http://www.sivana.com.br" "Mozilla/5.0 (Windows NT 10.0; Win64; x64; rv:93.0) Gecko/20100101 Firefox/93.0"
80.66.66.50 - - [23/Sep/2024:13:05:06 -0300] "GET /.git/HEAD HTTP/1.0" 301 23795 "-" "Mozilla/5.0 (Windows NT 10.0; rv:78.0) Gecko/20100101 Firefox/78.0"
44.203.79.36 - - [23/Sep/2024:14:09:44 -0300] "GET / HTTP/1.0" 200 7519 "http://www.sivana.com.br" "Mozilla/5.0 (Macintosh; Intel Mac OS X 10.15; rv:93.0) Gecko/20100101 Firefox/93.0"
188.34.192.162 - - [23/Sep/2024:14:56:10 -0300] "GET / HTTP/1.0" 301 7571 "-" "Mozilla/5.0 (Windows NT 10.0; Win64; x64) AppleWebKit/537.36 (KHTML, like Gecko) Chrome/105.0.0.0 Safari/537.36"
188.34.192.162 - - [23/Sep/2024:14:56:20 -0300] "GET / HTTP/1.0" 301 7571 "-" "Mozilla/5.0 (Windows NT 10.0; Win64; x64) AppleWebKit/537.36 (KHTML, like Gecko) Chrome/105.0.0.0 Safari/537.36"
207.46.13.127 - - [23/Sep/2024:15:42:13 -0300] "GET /noticia/564/parceria-entre-sivana-e-premier-seguranca-leva-monitoramento-24h-para-a-rua-ponta-grossa HTTP/1.0" 301 9222 "-" "Mozilla/5.0 AppleWebKit/537.36 (KHTML, like Gecko; compatible; bingbot/2.0; +http://www.bing.com/bingbot.htm) Chrome/116.0.1938.76 Safari/537.36"
44.203.79.36 - - [23/Sep/2024:16:10:38 -0300] "GET / HTTP/1.0" 200 7519 "http://www.sivana.com.br" "Mozilla/5.0 (Macintosh; Intel Mac OS X 10_15_7) AppleWebKit/537.36 (KHTML, like Gecko) Chrome/94.0.4606.71 Safari/537.36"
187.95.212.245 - - [23/Sep/2024:16:32:18 -0300] "GET /noticia/545/empresario-de-apucarana-jorge-nader-amari-recebe-trofeu-guerreio-do-comercio- HTTP/1.0" 200 8739 "https://www.sivana.com.br/noticia/545/empresario-de-apucarana-jorge-nader-amari-recebe-trofeu-guerreio-do-comercio-" "Mozilla/5.0 (Windows NT 10.0; Win64; x64) AppleWebKit/537.36 (KHTML, like Gecko) Chrome/129.0.0.0 Safari/537.36"
187.95.212.245 - - [23/Sep/2024:16:32:18 -0300] "GET /images/logo-sivana.png HTTP/1.0" 200 500 "https://www.sivana.com.br/noticia/545/empresario-de-apucarana-jorge-nader-amari-recebe-trofeu-guerreio-do-comercio-" "Mozilla/5.0 (Windows NT 10.0; Win64; x64) AppleWebKit/537.36 (KHTML, like Gecko) Chrome/129.0.0.0 Safari/537.36"
187.95.212.245 - - [23/Sep/2024:16:32:18 -0300] "GET /images/icon-lupa.png HTTP/1.0" 200 1279 "https://www.sivana.com.br/noticia/545/empresario-de-apucarana-jorge-nader-amari-recebe-trofeu-guerreio-do-comercio-" "Mozilla/5.0 (Windows NT 10.0; Win64; x64) AppleWebKit/537.36 (KHTML, like Gecko) Chrome/129.0.0.0 Safari/537.36"
187.95.212.245 - - [23/Sep/2024:16:32:18 -0300] "GET /images/icon-face.jpg HTTP/1.0" 200 1331 "https://www.sivana.com.br/noticia/545/empresario-de-apucarana-jorge-nader-amari-recebe-trofeu-guerreio-do-comercio-" "Mozilla/5.0 (Windows NT 10.0; Win64; x64) AppleWebKit/537.36 (KHTML, like Gecko) Chrome/129.0.0.0 Safari/537.36"
187.95.212.245 - - [23/Sep/2024:16:32:18 -0300] "GET /images/icon-youtube.jpg HTTP/1.0" 200 1542 "https://www.sivana.com.br/noticia/545/empresario-de-apucarana-jorge-nader-amari-recebe-trofeu-guerreio-do-comercio-" "Mozilla/5.0 (Windows NT 10.0; Win64; x64) AppleWebKit/537.36 (KHTML, like Gecko) Chrome/129.0.0.0 Safari/537.36"
187.95.212.245 - - [23/Sep/2024:16:32:18 -0300] "GET /images/icon-fale.jpg HTTP/1.0" 200 499 "https://www.sivana.com.br/noticia/545/empresario-de-apucarana-jorge-nader-amari-recebe-trofeu-guerreio-do-comercio-" "Mozilla/5.0 (Windows NT 10.0; Win64; x64) AppleWebKit/537.36 (KHTML, like Gecko) Chrome/129.0.0.0 Safari/537.36"
187.95.212.245 - - [23/Sep/2024:16:32:18 -0300] "GET /images/icon-home.png HTTP/1.0" 200 498 "https://www.sivana.com.br/noticia/545/empresario-de-apucarana-jorge-nader-amari-recebe-trofeu-guerreio-do-comercio-" "Mozilla/5.0 (Windows NT 10.0; Win64; x64) AppleWebKit/537.36 (KHTML, like Gecko) Chrome/129.0.0.0 Safari/537.36"
187.95.212.245 - - [23/Sep/2024:16:32:18 -0300] "GET /images/icon-clock.png HTTP/1.0" 200 1210 "https://www.sivana.com.br/noticia/545/empresario-de-apucarana-jorge-nader-amari-recebe-trofeu-guerreio-do-comercio-" "Mozilla/5.0 (Windows NT 10.0; Win64; x64) AppleWebKit/537.36 (KHTML, like Gecko) Chrome/129.0.0.0 Safari/537.36"
187.95.212.245 - - [23/Sep/2024:16:32:18 -0300] "GET /userfiles/image/guerreiro%20do%20comercio%202022.jpg HTTP/1.0" 200 525 "https://www.sivana.com.br/noticia/545/empresario-de-apucarana-jorge-nader-amari-recebe-trofeu-guerreio-do-comercio-" "Mozilla/5.0 (Windows NT 10.0; Win64; x64) AppleWebKit/537.36 (KHTML, like Gecko) Chrome/129.0.0.0 Safari/537.36"
187.95.212.245 - - [23/Sep/2024:16:32:18 -0300] "GET /userfiles/image/guerreiro2022.jpg HTTP/1.0" 200 512 "https://www.sivana.com.br/noticia/545/empresario-de-apucarana-jorge-nader-amari-recebe-trofeu-guerreio-do-comercio-" "Mozilla/5.0 (Windows NT 10.0; Win64; x64) AppleWebKit/537.36 (KHTML, like Gecko) Chrome/129.0.0.0 Safari/537.36"
187.95.212.245 - - [23/Sep/2024:16:32:18 -0300] "GET /userfiles/image/premio012022.jpg HTTP/1.0" 200 511 "https://www.sivana.com.br/noticia/545/empresario-de-apucarana-jorge-nader-amari-recebe-trofeu-guerreio-do-comercio-" "Mozilla/5.0 (Windows NT 10.0; Win64; x64) AppleWebKit/537.36 (KHTML, like Gecko) Chrome/129.0.0.0 Safari/537.36"
187.95.212.245 - - [23/Sep/2024:16:32:18 -0300] "GET /images/icon-parceiros.png HTTP/1.0" 200 823 "https://www.sivana.com.br/noticia/545/empresario-de-apucarana-jorge-nader-amari-recebe-trofeu-guerreio-do-comercio-" "Mozilla/5.0 (Windows NT 10.0; Win64; x64) AppleWebKit/537.36 (KHTML, like Gecko) Chrome/129.0.0.0 Safari/537.36"
187.95.212.245 - - [23/Sep/2024:16:32:18 -0300] "GET /images/icon-rapido.png HTTP/1.0" 200 500 "https://www.sivana.com.br/noticia/545/empresario-de-apucarana-jorge-nader-amari-recebe-trofeu-guerreio-do-comercio-" "Mozilla/5.0 (Windows NT 10.0; Win64; x64) AppleWebKit/537.36 (KHTML, like Gecko) Chrome/129.0.0.0 Safari/537.36"
187.95.212.245 - - [23/Sep/2024:16:32:18 -0300] "GET /images/fecomercio.jpg HTTP/1.0" 200 500 "https://www.sivana.com.br/noticia/545/empresario-de-apucarana-jorge-nader-amari-recebe-trofeu-guerreio-do-comercio-" "Mozilla/5.0 (Windows NT 10.0; Win64; x64) AppleWebKit/537.36 (KHTML, like Gecko) Chrome/129.0.0.0 Safari/537.36"
187.95.212.245 - - [23/Sep/2024:16:32:18 -0300] "GET /images/sesc.jpg HTTP/1.0" 200 494 "https://www.sivana.com.br/noticia/545/empresario-de-apucarana-jorge-nader-amari-recebe-trofeu-guerreio-do-comercio-" "Mozilla/5.0 (Windows NT 10.0; Win64; x64) AppleWebKit/537.36 (KHTML, like Gecko) Chrome/129.0.0.0 Safari/537.36"
187.95.212.245 - - [23/Sep/2024:16:32:18 -0300] "GET /images/senac.jpg HTTP/1.0" 200 495 "https://www.sivana.com.br/noticia/545/empresario-de-apucarana-jorge-nader-amari-recebe-trofeu-guerreio-do-comercio-" "Mozilla/5.0 (Windows NT 10.0; Win64; x64) AppleWebKit/537.36 (KHTML, like Gecko) Chrome/129.0.0.0 Safari/537.36"
187.95.212.245 - - [23/Sep/2024:16:32:18 -0300] "GET /images/camara_da_mulher.jpg HTTP/1.0" 200 506 "https://www.sivana.com.br/noticia/545/empresario-de-apucarana-jorge-nader-amari-recebe-trofeu-guerreio-do-comercio-" "Mozilla/5.0 (Windows NT 10.0; Win64; x64) AppleWebKit/537.36 (KHTML, like Gecko) Chrome/129.0.0.0 Safari/537.36"
187.95.212.245 - - [23/Sep/2024:16:32:18 -0300] "GET /images/acia.jpg HTTP/1.0" 200 494 "https://www.sivana.com.br/noticia/545/empresario-de-apucarana-jorge-nader-amari-recebe-trofeu-guerreio-do-comercio-" "Mozilla/5.0 (Windows NT 10.0; Win64; x64) AppleWebKit/537.36 (KHTML, like Gecko) Chrome/129.0.0.0 Safari/537.36"
187.95.212.245 - - [23/Sep/2024:16:32:18 -0300] "GET /images/sivana-logo-branca.png HTTP/1.0" 200 507 "https://www.sivana.com.br/noticia/545/empresario-de-apucarana-jorge-nader-amari-recebe-trofeu-guerreio-do-comercio-" "Mozilla/5.0 (Windows NT 10.0; Win64; x64) AppleWebKit/537.36 (KHTML, like Gecko) Chrome/129.0.0.0 Safari/537.36"
187.95.212.245 - - [23/Sep/2024:16:32:18 -0300] "GET /images/icon-pointer.png HTTP/1.0" 200 1245 "https://www.sivana.com.br/noticia/545/empresario-de-apucarana-jorge-nader-amari-recebe-trofeu-guerreio-do-comercio-" "Mozilla/5.0 (Windows NT 10.0; Win64; x64) AppleWebKit/537.36 (KHTML, like Gecko) Chrome/129.0.0.0 Safari/537.36"
187.95.212.245 - - [23/Sep/2024:16:32:18 -0300] "GET /images/icon-phone.png HTTP/1.0" 200 885 "https://www.sivana.com.br/noticia/545/empresario-de-apucarana-jorge-nader-amari-recebe-trofeu-guerreio-do-comercio-" "Mozilla/5.0 (Windows NT 10.0; Win64; x64) AppleWebKit/537.36 (KHTML, like Gecko) Chrome/129.0.0.0 Safari/537.36"
187.95.212.245 - - [23/Sep/2024:16:32:18 -0300] "GET /images/icon-email.png HTTP/1.0" 200 870 "https://www.sivana.com.br/noticia/545/empresario-de-apucarana-jorge-nader-amari-recebe-trofeu-guerreio-do-comercio-" "Mozilla/5.0 (Windows NT 10.0; Win64; x64) AppleWebKit/537.36 (KHTML, like Gecko) Chrome/129.0.0.0 Safari/537.36"
66.249.66.65 - - [23/Sep/2024:16:41:11 -0300] "GET / HTTP/1.0" 200 7519 "-" "Mozilla/5.0 (Linux; Android 6.0.1; Nexus 5X Build/MMB29P) AppleWebKit/537.36 (KHTML, like Gecko) Chrome/128.0.6613.137 Mobile Safari/537.36 (compatible; Googlebot/2.1; +http://www.google.com/bot.html)"
52.167.144.215 - - [23/Sep/2024:17:15:02 -0300] "GET /oportunidades-de-emprego HTTP/1.0" 301 5557 "-" "Mozilla/5.0 AppleWebKit/537.36 (KHTML, like Gecko; compatible; bingbot/2.0; +http://www.bing.com/bingbot.htm) Chrome/116.0.1938.76 Safari/537.36"
44.203.79.36 - - [23/Sep/2024:18:11:36 -0300] "GET / HTTP/1.0" 200 7519 "http://www.sivana.com.br" "Mozilla/5.0 (Windows NT 10.0; Win64; x64) AppleWebKit/537.36 (KHTML, like Gecko) Chrome/94.0.4606.81 Safari/537.36 OPR/80.0.4170.61"
44.203.79.36 - - [23/Sep/2024:20:12:42 -0300] "GET / HTTP/1.0" 200 7519 "http://www.sivana.com.br" "Mozilla/5.0 (Windows NT 10.0; Win64; x64) AppleWebKit/537.36 (KHTML, like Gecko) Chrome/95.0.4638.69 Safari/537.36 Edg/95.0.1020.53"
44.203.79.36 - - [23/Sep/2024:22:13:48 -0300] "GET / HTTP/1.0" 200 7519 "http://www.sivana.com.br" "Mozilla/5.0 (Macintosh; Intel Mac OS X 10_15_7) AppleWebKit/605.1.15 (KHTML, like Gecko) Version/14.1.2 Safari/605.1.15"
44.203.79.36 - - [24/Sep/2024:00:15:02 -0300] "GET / HTTP/1.0" 200 9852 "http://www.sivana.com.br" "Mozilla/5.0 (Windows NT 10.0; Win64; x64) AppleWebKit/537.36 (KHTML, like Gecko) Chrome/95.0.4638.54 Safari/537.36 Edg/95.0.1020.30"
44.203.79.36 - - [24/Sep/2024:02:15:43 -0300] "GET / HTTP/1.0" 200 7517 "http://www.sivana.com.br" "Mozilla/5.0 (Windows NT 6.3; Win64; x64) AppleWebKit/537.36 (KHTML, like Gecko) Chrome/95.0.4638.69 Safari/537.36"
47.128.98.69 - - [24/Sep/2024:03:10:16 -0300] "GET /robots.txt HTTP/1.0" 404 1173 "-" "Mozilla/5.0 (Linux; Android 5.0) AppleWebKit/537.36 (KHTML, like Gecko) Mobile Safari/537.36 (compatible; Bytespider; spider-feedback@bytedance.com)"
47.128.41.50 - - [24/Sep/2024:03:14:16 -0300] "GET /robots.txt HTTP/1.0" 404 1173 "-" "Mozilla/5.0 (Linux; Android 5.0) AppleWebKit/537.36 (KHTML, like Gecko) Mobile Safari/537.36 (compatible; Bytespider; spider-feedback@bytedance.com)"
47.128.37.19 - - [24/Sep/2024:03:18:17 -0300] "GET /robots.txt HTTP/1.0" 404 1173 "-" "Mozilla/5.0 (Linux; Android 5.0) AppleWebKit/537.36 (KHTML, like Gecko) Mobile Safari/537.36 (compatible; Bytespider; spider-feedback@bytedance.com)"
47.128.126.200 - - [24/Sep/2024:03:22:20 -0300] "GET /robots.txt HTTP/1.0" 404 1173 "-" "Mozilla/5.0 (Linux; Android 5.0) AppleWebKit/537.36 (KHTML, like Gecko) Mobile Safari/537.36 (compatible; Bytespider; spider-feedback@bytedance.com)"
44.203.79.36 - - [24/Sep/2024:04:16:39 -0300] "GET / HTTP/1.0" 200 7517 "http://www.sivana.com.br" "Mozilla/5.0 (X11; Ubuntu; Linux x86_64; rv:93.0) Gecko/20100101 Firefox/93.0"
40.77.167.77 - - [24/Sep/2024:04:43:39 -0300] "GET / HTTP/1.0" 200 7517 "-" "Mozilla/5.0 AppleWebKit/537.36 (KHTML, like Gecko; compatible; bingbot/2.0; +http://www.bing.com/bingbot.htm) Chrome/116.0.1938.76 Safari/537.36"
44.203.79.36 - - [24/Sep/2024:06:17:36 -0300] "GET / HTTP/1.0" 200 7517 "http://www.sivana.com.br" "Mozilla/5.0 (Macintosh; Intel Mac OS X 10_15_7) AppleWebKit/605.1.15 (KHTML, like Gecko) Version/15.1 Safari/605.1.15"
187.95.212.245 - - [23/Sep/2024:16:32:18 -0300] "GET /images/logo-sivana.png HTTP/1.1" 200 8258 "https://www.sivana.com.br/noticia/545/empresario-de-apucarana-jorge-nader-amari-recebe-trofeu-guerreio-do-comercio-" "Mozilla/5.0 (Windows NT 10.0; Win64; x64) AppleWebKit/537.36 (KHTML, like Gecko) Chrome/129.0.0.0 Safari/537.36"
187.95.212.245 - - [23/Sep/2024:16:32:18 -0300] "GET /images/icon-fale.jpg HTTP/1.1" 200 1615 "https://www.sivana.com.br/noticia/545/empresario-de-apucarana-jorge-nader-amari-recebe-trofeu-guerreio-do-comercio-" "Mozilla/5.0 (Windows NT 10.0; Win64; x64) AppleWebKit/537.36 (KHTML, like Gecko) Chrome/129.0.0.0 Safari/537.36"
187.95.212.245 - - [23/Sep/2024:16:32:18 -0300] "GET /images/icon-home.png HTTP/1.1" 200 1104 "https://www.sivana.com.br/noticia/545/empresario-de-apucarana-jorge-nader-amari-recebe-trofeu-guerreio-do-comercio-" "Mozilla/5.0 (Windows NT 10.0; Win64; x64) AppleWebKit/537.36 (KHTML, like Gecko) Chrome/129.0.0.0 Safari/537.36"
187.95.212.245 - - [23/Sep/2024:16:32:18 -0300] "GET /userfiles/image/guerreiro%20do%20comercio%202022.jpg HTTP/1.1" 200 170819 "https://www.sivana.com.br/noticia/545/empresario-de-apucarana-jorge-nader-amari-recebe-trofeu-guerreio-do-comercio-" "Mozilla/5.0 (Windows NT 10.0; Win64; x64) AppleWebKit/537.36 (KHTML, like Gecko) Chrome/129.0.0.0 Safari/537.36"
187.95.212.245 - - [23/Sep/2024:16:32:18 -0300] "GET /userfiles/image/guerreiro2022.jpg HTTP/1.1" 200 111570 "https://www.sivana.com.br/noticia/545/empresario-de-apucarana-jorge-nader-amari-recebe-trofeu-guerreio-do-comercio-" "Mozilla/5.0 (Windows NT 10.0; Win64; x64) AppleWebKit/537.36 (KHTML, like Gecko) Chrome/129.0.0.0 Safari/537.36"
187.95.212.245 - - [23/Sep/2024:16:32:18 -0300] "GET /userfiles/image/premio012022.jpg HTTP/1.1" 200 146511 "https://www.sivana.com.br/noticia/545/empresario-de-apucarana-jorge-nader-amari-recebe-trofeu-guerreio-do-comercio-" "Mozilla/5.0 (Windows NT 10.0; Win64; x64) AppleWebKit/537.36 (KHTML, like Gecko) Chrome/129.0.0.0 Safari/537.36"
187.95.212.245 - - [23/Sep/2024:16:32:18 -0300] "GET /images/icon-rapido.png HTTP/1.1" 200 1543 "https://www.sivana.com.br/noticia/545/empresario-de-apucarana-jorge-nader-amari-recebe-trofeu-guerreio-do-comercio-" "Mozilla/5.0 (Windows NT 10.0; Win64; x64) AppleWebKit/537.36 (KHTML, like Gecko) Chrome/129.0.0.0 Safari/537.36"
187.95.212.245 - - [23/Sep/2024:16:32:18 -0300] "GET /images/fecomercio.jpg HTTP/1.1" 200 8081 "https://www.sivana.com.br/noticia/545/empresario-de-apucarana-jorge-nader-amari-recebe-trofeu-guerreio-do-comercio-" "Mozilla/5.0 (Windows NT 10.0; Win64; x64) AppleWebKit/537.36 (KHTML, like Gecko) Chrome/129.0.0.0 Safari/537.36"
187.95.212.245 - - [23/Sep/2024:16:32:18 -0300] "GET /images/sesc.jpg HTTP/1.1" 200 4424 "https://www.sivana.com.br/noticia/545/empresario-de-apucarana-jorge-nader-amari-recebe-trofeu-guerreio-do-comercio-" "Mozilla/5.0 (Windows NT 10.0; Win64; x64) AppleWebKit/537.36 (KHTML, like Gecko) Chrome/129.0.0.0 Safari/537.36"
187.95.212.245 - - [23/Sep/2024:16:32:18 -0300] "GET /images/senac.jpg HTTP/1.1" 200 5005 "https://www.sivana.com.br/noticia/545/empresario-de-apucarana-jorge-nader-amari-recebe-trofeu-guerreio-do-comercio-" "Mozilla/5.0 (Windows NT 10.0; Win64; x64) AppleWebKit/537.36 (KHTML, like Gecko) Chrome/129.0.0.0 Safari/537.36"
187.95.212.245 - - [23/Sep/2024:16:32:18 -0300] "GET /images/camara_da_mulher.jpg HTTP/1.1" 200 10146 "https://www.sivana.com.br/noticia/545/empresario-de-apucarana-jorge-nader-amari-recebe-trofeu-guerreio-do-comercio-" "Mozilla/5.0 (Windows NT 10.0; Win64; x64) AppleWebKit/537.36 (KHTML, like Gecko) Chrome/129.0.0.0 Safari/537.36"
187.95.212.245 - - [23/Sep/2024:16:32:18 -0300] "GET /images/acia.jpg HTTP/1.1" 200 5567 "https://www.sivana.com.br/noticia/545/empresario-de-apucarana-jorge-nader-amari-recebe-trofeu-guerreio-do-comercio-" "Mozilla/5.0 (Windows NT 10.0; Win64; x64) AppleWebKit/537.36 (KHTML, like Gecko) Chrome/129.0.0.0 Safari/537.36"
187.95.212.245 - - [23/Sep/2024:16:32:18 -0300] "GET /images/sivana-logo-branca.png HTTP/1.1" 200 6273 "https://www.sivana.com.br/noticia/545/empresario-de-apucarana-jorge-nader-amari-recebe-trofeu-guerreio-do-comercio-" "Mozilla/5.0 (Windows NT 10.0; Win64; x64) AppleWebKit/537.36 (KHTML, like Gecko) Chrome/129.0.0.0 Safari/537.36"
