44.200.195.128 - - [20/Sep/2024:19:40:58 -0300] "GET /galeria-de-videos/ HTTP/1.0" 200 5634 "http://www.sivana.com.br" "Mozilla/5.0 (X11; Linux x86_64) AppleWebKit/537.36 (KHTML, like Gecko) Chrome/96.0.4664.45 Safari/537.36"
34.200.248.120 - - [20/Sep/2024:19:41:00 -0300] "GET /cursos/ HTTP/1.0" 200 5228 "http://www.sivana.com.br" "Mozilla/5.0 (Windows NT 6.3; Win64; x64) AppleWebKit/537.36 (KHTML, like Gecko) Chrome/95.0.4638.69 Safari/537.36"
44.203.216.99 - - [20/Sep/2024:19:41:06 -0300] "GET /filie-se-documentos/ HTTP/1.0" 200 8466 "http://www.sivana.com.br" "Mozilla/5.0 (Windows NT 6.3; Win64; x64) AppleWebKit/537.36 (KHTML, like Gecko) Chrome/95.0.4638.69 Safari/537.36"
18.234.199.122 - - [20/Sep/2024:19:41:22 -0300] "GET /filie-se-vantagens/ HTTP/1.0" 200 12844 "http://www.sivana.com.br" "Mozilla/5.0 (Windows NT 10.0; Win64; x64; rv:78.0) Gecko/20100101 Firefox/78.0"
3.219.33.36 - - [20/Sep/2024:19:44:30 -0300] "GET /noticia/262/vem-pra-rua! HTTP/1.0" 200 7720 "http://www.sivana.com.br" "Mozilla/5.0 (X11; Fedora; Linux x86_64; rv:94.0) Gecko/20100101 Firefox/94.0"
44.195.92.160 - - [20/Sep/2024:19:44:32 -0300] "GET /noticia/205/circuito-sesc-apucarana HTTP/1.0" 200 7811 "http://www.sivana.com.br" "Mozilla/5.0 (Windows NT 10.0; Win64; x64) AppleWebKit/537.36 (KHTML, like Gecko) Chrome/94.0.4606.81 Safari/537.36 OPR/80.0.4170.63 (Edition Yx 05)"
3.219.33.36 - - [20/Sep/2024:19:45:01 -0300] "GET /recuperar-senha.php HTTP/1.0" 200 5322 "http://www.sivana.com.br" "Mozilla/5.0 (Windows NT 10.0; rv:91.0) Gecko/20100101 Firefox/91.0"
3.219.33.36 - - [20/Sep/2024:19:45:12 -0300] "GET /noticia/461/apucarana-75-anos HTTP/1.0" 200 7612 "http://www.sivana.com.br" "Mozilla/5.0 (Macintosh; Intel Mac OS X 10_15_7) AppleWebKit/537.36 (KHTML, like Gecko) Chrome/96.0.4664.55 Safari/537.36"
3.239.16.199 - - [20/Sep/2024:19:45:15 -0300] "GET /noticia/317/dia-dos-namorados HTTP/1.0" 200 7507 "http://www.sivana.com.br" "Mozilla/5.0 (Windows NT 10.0; Win64; x64; rv:92.0) Gecko/20100101 Firefox/92.0"
34.200.248.120 - - [20/Sep/2024:19:45:20 -0300] "GET /noticia/276/parabens,-fecomercio-parana! HTTP/1.0" 200 7564 "http://www.sivana.com.br" "Mozilla/5.0 (Windows NT 10.0; Win64; x64) AppleWebKit/537.36 (KHTML, like Gecko) Chrome/94.0.4606.71 Safari/537.36"
52.3.236.116 - - [20/Sep/2024:19:45:32 -0300] "GET /noticia/177/atencao-lojista! HTTP/1.0" 200 8628 "http://www.sivana.com.br" "Mozilla/5.0 (Macintosh; Intel Mac OS X 10_15_7) AppleWebKit/605.1.15 (KHTML, like Gecko) Version/14.1.2 Safari/605.1.15"
44.200.156.83 - - [20/Sep/2024:19:45:45 -0300] "GET /noticia/257/vaga-de-emprego HTTP/1.0" 200 7504 "http://www.sivana.com.br" "Mozilla/5.0 (Windows NT 10.0; Win64; x64) AppleWebKit/537.36 (KHTML, like Gecko) Chrome/95.0.4638.69 Safari/537.36 Edg/95.0.1020.44"
3.94.31.201 - - [20/Sep/2024:19:46:11 -0300] "GET /noticia/531/quer-faturar-mais? HTTP/1.0" 200 7560 "http://www.sivana.com.br" "Mozilla/5.0 (Windows NT 10.0; Win64; x64) AppleWebKit/537.36 (KHTML, like Gecko) Chrome/96.0.4664.45 Safari/537.36 Edg/96.0.1054.29"
44.220.167.31 - - [20/Sep/2024:19:47:34 -0300] "GET /noticia/192/fecomercio-pr-card HTTP/1.0" 200 7580 "http://www.sivana.com.br" "Mozilla/5.0 (Windows NT 10.0; Win64; x64) AppleWebKit/537.36 (KHTML, like Gecko) Chrome/94.0.4606.81 Safari/537.36"
66.249.66.64 - - [20/Sep/2024:21:35:28 -0300] "GET /robots.txt HTTP/1.0" 404 1173 "-" "Mozilla/5.0 (compatible; Googlebot/2.1; +http://www.google.com/bot.html)"
66.249.66.64 - - [20/Sep/2024:21:35:31 -0300] "GET / HTTP/1.0" 200 7516 "-" "Mozilla/5.0 (Linux; Android 6.0.1; Nexus 5X Build/MMB29P) AppleWebKit/537.36 (KHTML, like Gecko) Chrome/128.0.6613.137 Mobile Safari/537.36 (compatible; Googlebot/2.1; +http://www.google.com/bot.html)"
44.203.79.36 - - [20/Sep/2024:21:37:08 -0300] "GET / HTTP/1.0" 200 7516 "http://www.sivana.com.br" "Mozilla/5.0 (Windows NT 10.0; rv:78.0) Gecko/20100101 Firefox/78.0"
91.92.248.147 - - [20/Sep/2024:21:40:09 -0300] "GET / HTTP/1.0" 301 7568 "-" "Mozilla/5.0 (Macintosh; Intel Mac OS X 10_14_4) AppleWebKit/605.1.15 (KHTML, like Gecko) Version/12.1 Safari/605.1.15"
34.200.248.120 - - [20/Sep/2024:21:40:39 -0300] "GET /contribuicao-sindical/ HTTP/1.0" 200 6735 "http://www.sivana.com.br" "Mozilla/5.0 (X11; Linux x86_64) AppleWebKit/537.36 (KHTML, like Gecko) Chrome/95.0.4638.69 Safari/537.36"
52.3.236.116 - - [20/Sep/2024:21:41:11 -0300] "GET /o-sindicato-historico/ HTTP/1.0" 200 5800 "http://www.sivana.com.br" "Mozilla/5.0 (X11; Linux x86_64; rv:93.0) Gecko/20100101 Firefox/93.0"
44.211.242.113 - - [20/Sep/2024:21:41:11 -0300] "GET /banco-de-talentos/ HTTP/1.0" 200 8953 "http://www.sivana.com.br" "Mozilla/5.0 (Windows NT 6.1; Win64; x64) AppleWebKit/537.36 (KHTML, like Gecko) Chrome/95.0.4638.69 Safari/537.36"
44.211.242.113 - - [20/Sep/2024:21:41:23 -0300] "GET /camara-da-mulher/ HTTP/1.0" 200 6290 "http://www.sivana.com.br" "Mozilla/5.0 (X11; Linux x86_64) AppleWebKit/537.36 (KHTML, like Gecko) Chrome/94.0.4606.81 Safari/537.36"
100.27.38.167 - - [20/Sep/2024:21:41:27 -0300] "GET /associados/ HTTP/1.0" 200 16973 "http://www.sivana.com.br" "Mozilla/5.0 (Windows NT 10.0; Win64; x64) AppleWebKit/537.36 (KHTML, like Gecko) Chrome/94.0.4606.81 Safari/537.36"
100.27.38.167 - - [20/Sep/2024:21:41:28 -0300] "GET /oportunidades-de-emprego/ HTTP/1.0" 200 5479 "http://www.sivana.com.br" "Mozilla/5.0 (X11; Linux x86_64) AppleWebKit/537.36 (KHTML, like Gecko) Chrome/95.0.4638.69 Safari/537.36"
3.219.33.36 - - [20/Sep/2024:21:41:38 -0300] "GET /links/ HTTP/1.0" 200 5544 "http://www.sivana.com.br" "Mozilla/5.0 (Macintosh; Intel Mac OS X 10.15; rv:94.0) Gecko/20100101 Firefox/94.0"
44.200.195.128 - - [20/Sep/2024:21:41:40 -0300] "GET /galeria-de-videos/ HTTP/1.0" 200 5634 "http://www.sivana.com.br" "Mozilla/5.0 (X11; Ubuntu; Linux x86_64; rv:94.0) Gecko/20100101 Firefox/94.0"
3.223.191.194 - - [20/Sep/2024:21:41:40 -0300] "GET /o-sindicato-estatuto/ HTTP/1.0" 200 5322 "http://www.sivana.com.br" "Mozilla/5.0 (Windows NT 10.0; Win64; x64) AppleWebKit/537.36 (KHTML, like Gecko) Chrome/96.0.4664.45 Safari/537.36"
44.203.216.99 - - [20/Sep/2024:21:41:48 -0300] "GET /filie-se-documentos/ HTTP/1.0" 200 8466 "http://www.sivana.com.br" "Mozilla/5.0 (Macintosh; Intel Mac OS X 10_15_7) AppleWebKit/537.36 (KHTML, like Gecko) Chrome/95.0.4638.69 Safari/537.36"
18.234.199.122 - - [20/Sep/2024:21:41:55 -0300] "GET /o-sindicato-estrutura/ HTTP/1.0" 200 5644 "http://www.sivana.com.br" "Mozilla/5.0 (Windows NT 10.0; Win64; x64; rv:94.0) Gecko/20100101 Firefox/94.0"
3.94.31.201 - - [20/Sep/2024:21:41:56 -0300] "GET /area-associado/ HTTP/1.0" 200 1969 "http://www.sivana.com.br" "Mozilla/5.0 (Windows NT 10.0; Win64; x64; rv:91.0) Gecko/20100101 Firefox/91.0"
44.198.181.119 - - [20/Sep/2024:21:41:57 -0300] "GET /o-sindicato-diretoria/ HTTP/1.0" 200 6130 "http://www.sivana.com.br" "Mozilla/5.0 (Windows NT 10.0; Win64; x64) AppleWebKit/537.36 (KHTML, like Gecko) Chrome/94.0.4606.81 Safari/537.36 OPR/80.0.4170.63 (Edition Yx 05)"
34.200.248.120 - - [20/Sep/2024:21:41:58 -0300] "GET /cursos/ HTTP/1.0" 200 5228 "http://www.sivana.com.br" "Mozilla/5.0 (Windows NT 10.0; Win64; x64) AppleWebKit/537.36 (KHTML, like Gecko) Chrome/94.0.4606.61 Safari/537.36"
91.92.248.147 - - [20/Sep/2024:21:41:59 -0300] "GET //oss.maxcdn.com/respond/1.4.2/respond.min.js HTTP/1.0" 301 7612 "-" "Mozilla/5.0 (iPod; U; CPU iPhone OS 6_1 like Mac OS X; en-HK) AppleWebKit/534.35 (KHTML, like Gecko) Chrome/11.0.696.65 Safari/534.35 Puffin/3.9174IP Mobile"
91.92.248.147 - - [20/Sep/2024:21:41:59 -0300] "GET /js/ie10-viewport-bug-workaround.js HTTP/1.0" 404 1173 "-" "LG-LX550 AU-MIC-LX550/2.0 MMP/2.0 Profile/MIDP-2.0 Configuration/CLDC-1.1"
91.92.248.147 - - [20/Sep/2024:21:41:59 -0300] "GET /owl.carousel.js HTTP/1.0" 404 1173 "-" "Mozilla/5.0 (Linux; Android 7.1.2; Redmi 4) AppleWebKit/537.36 (KHTML, like Gecko) Chrome/76.0.3809.111 Mobile Safari/537.36"
91.92.248.147 - - [20/Sep/2024:21:41:59 -0300] "GET //oss.maxcdn.com/html5shiv/3.7.2/html5shiv.min.js HTTP/1.0" 301 7616 "-" "Mozilla/5.0 (Macintosh; Intel Mac OS X 10_14_2) AppleWebKit/537.36 (KHTML, like Gecko) Chrome/74.0.3729.157 Safari/537.36"
91.92.248.147 - - [20/Sep/2024:21:42:03 -0300] "GET /jquery-1.8.2.min.js HTTP/1.0" 404 1173 "-" "Opera/7.50 (Windows XP; U)"
18.234.199.122 - - [20/Sep/2024:21:42:19 -0300] "GET /filie-se-vantagens/ HTTP/1.0" 200 12844 "http://www.sivana.com.br" "Mozilla/5.0 (Windows NT 6.1; Win64; x64) AppleWebKit/537.36 (KHTML, like Gecko) Chrome/95.0.4638.69 Safari/537.36"
3.219.33.36 - - [20/Sep/2024:21:44:57 -0300] "GET /noticia/461/apucarana-75-anos HTTP/1.0" 200 7612 "http://www.sivana.com.br" "Mozilla/5.0 (Windows NT 6.3; Win64; x64) AppleWebKit/537.36 (KHTML, like Gecko) Chrome/95.0.4638.69 Safari/537.36"
34.200.248.120 - - [20/Sep/2024:21:45:30 -0300] "GET /noticia/276/parabens,-fecomercio-parana! HTTP/1.0" 200 7564 "http://www.sivana.com.br" "Mozilla/5.0 (Windows NT 10.0; Win64; x64) AppleWebKit/537.36 (KHTML, like Gecko) Chrome/96.0.4664.45 Safari/537.36 Edg/96.0.1054.29"
3.219.33.36 - - [20/Sep/2024:21:45:35 -0300] "GET /recuperar-senha.php HTTP/1.0" 200 5322 "http://www.sivana.com.br" "Mozilla/5.0 (Macintosh; Intel Mac OS X 10.15; rv:95.0) Gecko/20100101 Firefox/95.0"
44.195.92.160 - - [20/Sep/2024:21:45:53 -0300] "GET /noticia/205/circuito-sesc-apucarana HTTP/1.0" 200 7811 "http://www.sivana.com.br" "Mozilla/5.0 (Macintosh; Intel Mac OS X 10_15_7) AppleWebKit/605.1.15 (KHTML, like Gecko) Version/14.1.1 Safari/605.1.15"
52.3.236.116 - - [20/Sep/2024:21:45:57 -0300] "GET /noticia/177/atencao-lojista! HTTP/1.0" 200 8628 "http://www.sivana.com.br" "Mozilla/5.0 (Macintosh; Intel Mac OS X 10_15_7) AppleWebKit/537.36 (KHTML, like Gecko) Chrome/93.0.4577.82 Safari/537.36"
3.219.33.36 - - [20/Sep/2024:21:46:06 -0300] "GET /noticia/262/vem-pra-rua! HTTP/1.0" 200 7720 "http://www.sivana.com.br" "Mozilla/5.0 (Macintosh; Intel Mac OS X 10_15_7) AppleWebKit/537.36 (KHTML, like Gecko) Chrome/93.0.4577.82 Safari/537.36"
3.239.16.199 - - [20/Sep/2024:21:46:08 -0300] "GET /noticia/317/dia-dos-namorados HTTP/1.0" 200 7507 "http://www.sivana.com.br" "Mozilla/5.0 (X11; Linux x86_64) AppleWebKit/537.36 (KHTML, like Gecko) Chrome/96.0.4664.45 Safari/537.36"
44.220.167.31 - - [20/Sep/2024:21:46:08 -0300] "GET /noticia/192/fecomercio-pr-card HTTP/1.0" 200 7580 "http://www.sivana.com.br" "Mozilla/5.0 (Windows NT 10.0; Win64; x64) AppleWebKit/537.36 (KHTML, like Gecko) Chrome/95.0.4638.54 Safari/537.36"
44.200.156.83 - - [20/Sep/2024:21:46:20 -0300] "GET /noticia/257/vaga-de-emprego HTTP/1.0" 200 7504 "http://www.sivana.com.br" "Mozilla/5.0 (X11; Linux x86_64) AppleWebKit/537.36 (KHTML, like Gecko) Chrome/94.0.4606.81 Safari/537.36"
3.94.31.201 - - [20/Sep/2024:21:47:39 -0300] "GET /noticia/531/quer-faturar-mais? HTTP/1.0" 200 7560 "http://www.sivana.com.br" "Mozilla/5.0 (Windows NT 6.1; Win64; x64) AppleWebKit/537.36 (KHTML, like Gecko) Chrome/95.0.4638.54 Safari/537.36"
52.167.144.233 - - [20/Sep/2024:23:11:40 -0300] "GET /convencoes/ HTTP/1.0" 200 6598 "-" "Mozilla/5.0 AppleWebKit/537.36 (KHTML, like Gecko; compatible; bingbot/2.0; +http://www.bing.com/bingbot.htm) Chrome/116.0.1938.76 Safari/537.36"
44.203.79.36 - - [20/Sep/2024:23:38:07 -0300] "GET / HTTP/1.0" 200 7516 "http://www.sivana.com.br" "Mozilla/5.0 (Windows NT 10.0; Win64; x64) AppleWebKit/537.36 (KHTML, like Gecko) Chrome/95.0.4638.69 Safari/537.36"
44.211.242.113 - - [20/Sep/2024:23:42:06 -0300] "GET /banco-de-talentos/ HTTP/1.0" 200 8953 "http://www.sivana.com.br" "Mozilla/5.0 (Windows NT 10.0; Win64; x64) AppleWebKit/537.36 (KHTML, like Gecko) Chrome/94.0.4606.61 Safari/537.36"
3.223.191.194 - - [20/Sep/2024:23:42:18 -0300] "GET /o-sindicato-estatuto/ HTTP/1.0" 200 5322 "http://www.sivana.com.br" "Mozilla/5.0 (Macintosh; Intel Mac OS X 10_15_7) AppleWebKit/605.1.15 (KHTML, like Gecko) Version/14.1.2 Safari/605.1.15"
3.219.33.36 - - [20/Sep/2024:23:42:19 -0300] "GET /links/ HTTP/1.0" 200 5544 "http://www.sivana.com.br" "Mozilla/5.0 (Windows NT 10.0; Win64; x64) AppleWebKit/537.36 (KHTML, like Gecko) Chrome/95.0.4638.54 Safari/537.36 Edg/95.0.1020.40"
34.200.248.120 - - [20/Sep/2024:23:42:29 -0300] "GET /contribuicao-sindical/ HTTP/1.0" 200 6735 "http://www.sivana.com.br" "Mozilla/5.0 (Windows NT 10.0; Win64; x64) AppleWebKit/537.36 (KHTML, like Gecko) Chrome/95.0.4638.69 Safari/537.36"
100.27.38.167 - - [20/Sep/2024:23:42:32 -0300] "GET /associados/ HTTP/1.0" 200 16973 "http://www.sivana.com.br" "Mozilla/5.0 (Windows NT 10.0; Win64; x64) AppleWebKit/537.36 (KHTML, like Gecko) Chrome/94.0.4606.81 Safari/537.36 OPR/80.0.4170.63 (Edition Yx 05)"
44.203.216.99 - - [20/Sep/2024:23:42:33 -0300] "GET /filie-se-documentos/ HTTP/1.0" 200 8466 "http://www.sivana.com.br" "Mozilla/5.0 (Windows NT 6.1; Win64; x64) AppleWebKit/537.36 (KHTML, like Gecko) Chrome/96.0.4664.45 Safari/537.36"
44.211.242.113 - - [20/Sep/2024:23:42:33 -0300] "GET /camara-da-mulher/ HTTP/1.0" 200 6290 "http://www.sivana.com.br" "Mozilla/5.0 (Macintosh; Intel Mac OS X 10_15_7) AppleWebKit/605.1.15 (KHTML, like Gecko) Version/14.1.2 Safari/605.1.15"
44.198.181.119 - - [20/Sep/2024:23:42:36 -0300] "GET /o-sindicato-diretoria/ HTTP/1.0" 200 6130 "http://www.sivana.com.br" "Mozilla/5.0 (Windows NT 10.0; Win64; x64) AppleWebKit/537.36 (KHTML, like Gecko) Chrome/94.0.4606.71 Safari/537.36"
44.200.195.128 - - [20/Sep/2024:23:42:37 -0300] "GET /galeria-de-videos/ HTTP/1.0" 200 5634 "http://www.sivana.com.br" "Mozilla/5.0 (Windows NT 10.0; Win64; x64; rv:93.0) Gecko/20100101 Firefox/93.0"
100.27.38.167 - - [20/Sep/2024:23:42:42 -0300] "GET /oportunidades-de-emprego/ HTTP/1.0" 200 5479 "http://www.sivana.com.br" "Mozilla/5.0 (Windows NT 10.0; Win64; x64) AppleWebKit/537.36 (KHTML, like Gecko) Chrome/96.0.4664.45 Safari/537.36 Edg/96.0.1054.29"
18.234.199.122 - - [20/Sep/2024:23:42:49 -0300] "GET /filie-se-vantagens/ HTTP/1.0" 200 12844 "http://www.sivana.com.br" "Mozilla/5.0 (Windows NT 6.1; Win64; x64) AppleWebKit/537.36 (KHTML, like Gecko) Chrome/96.0.4664.45 Safari/537.36"
52.3.236.116 - - [20/Sep/2024:23:42:52 -0300] "GET /o-sindicato-historico/ HTTP/1.0" 200 5800 "http://www.sivana.com.br" "Mozilla/5.0 (Windows NT 10.0; Win64; x64; rv:91.0) Gecko/20100101 Firefox/91.0"
34.200.248.120 - - [20/Sep/2024:23:43:08 -0300] "GET /cursos/ HTTP/1.0" 200 5228 "http://www.sivana.com.br" "Mozilla/5.0 (X11; Linux x86_64) AppleWebKit/537.36 (KHTML, like Gecko) Chrome/95.0.4638.69 Safari/537.36"
18.234.199.122 - - [20/Sep/2024:23:43:08 -0300] "GET /o-sindicato-estrutura/ HTTP/1.0" 200 5644 "http://www.sivana.com.br" "Mozilla/5.0 (X11; Linux x86_64) AppleWebKit/537.36 (KHTML, like Gecko) Chrome/93.0.4577.63 Safari/537.36"
3.94.31.201 - - [20/Sep/2024:23:43:09 -0300] "GET /area-associado/ HTTP/1.0" 200 1969 "http://www.sivana.com.br" "Mozilla/5.0 (Macintosh; Intel Mac OS X 10.15; rv:91.0) Gecko/20100101 Firefox/91.0"
3.219.33.36 - - [20/Sep/2024:23:46:19 -0300] "GET /recuperar-senha.php HTTP/1.0" 200 5322 "http://www.sivana.com.br" "Mozilla/5.0 (Windows NT 10.0; Win64; x64; rv:94.0) Gecko/20100101 Firefox/94.0"
3.219.33.36 - - [20/Sep/2024:23:46:32 -0300] "GET /noticia/461/apucarana-75-anos HTTP/1.0" 200 7612 "http://www.sivana.com.br" "Mozilla/5.0 (Macintosh; Intel Mac OS X 10.15; rv:95.0) Gecko/20100101 Firefox/95.0"
3.219.33.36 - - [20/Sep/2024:23:46:44 -0300] "GET /noticia/262/vem-pra-rua! HTTP/1.0" 200 7720 "http://www.sivana.com.br" "Mozilla/5.0 (Macintosh; Intel Mac OS X 10_15_7) AppleWebKit/537.36 (KHTML, like Gecko) Chrome/93.0.4577.82 Safari/537.36"
52.3.236.116 - - [20/Sep/2024:23:47:04 -0300] "GET /noticia/177/atencao-lojista! HTTP/1.0" 200 8628 "http://www.sivana.com.br" "Mozilla/5.0 (Windows NT 6.1; Win64; x64) AppleWebKit/537.36 (KHTML, like Gecko) Chrome/96.0.4664.45 Safari/537.36"
44.220.167.31 - - [20/Sep/2024:23:47:04 -0300] "GET /noticia/192/fecomercio-pr-card HTTP/1.0" 200 7580 "http://www.sivana.com.br" "Mozilla/5.0 (Windows NT 10.0; Win64; x64; rv:94.0) Gecko/20100101 Firefox/94.0"
44.195.92.160 - - [20/Sep/2024:23:47:15 -0300] "GET /noticia/205/circuito-sesc-apucarana HTTP/1.0" 200 7811 "http://www.sivana.com.br" "Mozilla/5.0 (Macintosh; Intel Mac OS X 10.15; rv:94.0) Gecko/20100101 Firefox/94.0"
34.200.248.120 - - [20/Sep/2024:23:47:16 -0300] "GET /noticia/276/parabens,-fecomercio-parana! HTTP/1.0" 200 7564 "http://www.sivana.com.br" "Mozilla/5.0 (Windows NT 10.0; Win64; x64; rv:93.0) Gecko/20100101 Firefox/93.0"
3.239.16.199 - - [20/Sep/2024:23:47:19 -0300] "GET /noticia/317/dia-dos-namorados HTTP/1.0" 200 7507 "http://www.sivana.com.br" "Mozilla/5.0 (Windows NT 10.0; rv:78.0) Gecko/20100101 Firefox/78.0"
44.200.156.83 - - [20/Sep/2024:23:47:48 -0300] "GET /noticia/257/vaga-de-emprego HTTP/1.0" 200 7504 "http://www.sivana.com.br" "Mozilla/5.0 (X11; Linux x86_64) AppleWebKit/537.36 (KHTML, like Gecko) Chrome/96.0.4664.45 Safari/537.36"
3.94.31.201 - - [20/Sep/2024:23:48:31 -0300] "GET /noticia/531/quer-faturar-mais? HTTP/1.0" 200 7560 "http://www.sivana.com.br" "Mozilla/5.0 (Windows NT 10.0; Win64; x64) AppleWebKit/537.36 (KHTML, like Gecko) Chrome/96.0.4664.45 Safari/537.36"
44.203.79.36 - - [21/Sep/2024:01:39:07 -0300] "GET / HTTP/1.0" 200 7519 "http://www.sivana.com.br" "Mozilla/5.0 (Windows NT 10.0; Win64; x64) AppleWebKit/537.36 (KHTML, like Gecko) Chrome/94.0.4606.81 Safari/537.36 OPR/80.0.4170.63"
100.27.38.167 - - [21/Sep/2024:01:42:59 -0300] "GET /associados/ HTTP/1.0" 200 16977 "http://www.sivana.com.br" "Mozilla/5.0 (Windows NT 10.0; Win64; x64; rv:95.0) Gecko/20100101 Firefox/95.0"
44.211.242.113 - - [21/Sep/2024:01:43:07 -0300] "GET /banco-de-talentos/ HTTP/1.0" 200 8956 "http://www.sivana.com.br" "Mozilla/5.0 (Macintosh; Intel Mac OS X 10_15_7) AppleWebKit/605.1.15 (KHTML, like Gecko) Version/15.1 Safari/605.1.15"
34.200.248.120 - - [21/Sep/2024:01:43:10 -0300] "GET /contribuicao-sindical/ HTTP/1.0" 200 6736 "http://www.sivana.com.br" "Mozilla/5.0 (Windows NT 10.0; Win64; x64) AppleWebKit/537.36 (KHTML, like Gecko) Chrome/94.0.4606.61 Safari/537.36"
44.200.195.128 - - [21/Sep/2024:01:43:15 -0300] "GET /galeria-de-videos/ HTTP/1.0" 200 5635 "http://www.sivana.com.br" "Mozilla/5.0 (Macintosh; Intel Mac OS X 10_15_7) AppleWebKit/537.36 (KHTML, like Gecko) Chrome/96.0.4664.55 Safari/537.36"
3.219.33.36 - - [21/Sep/2024:01:43:19 -0300] "GET /links/ HTTP/1.0" 200 5545 "http://www.sivana.com.br" "Mozilla/5.0 (Macintosh; Intel Mac OS X 10_15_7) AppleWebKit/605.1.15 (KHTML, like Gecko) Version/15.0 Safari/605.1.15"
100.27.38.167 - - [21/Sep/2024:01:43:25 -0300] "GET /oportunidades-de-emprego/ HTTP/1.0" 200 5480 "http://www.sivana.com.br" "Mozilla/5.0 (Windows NT 10.0; Win64; x64) AppleWebKit/537.36 (KHTML, like Gecko) Chrome/95.0.4638.69 Safari/537.36 Edg/95.0.1020.44"
44.211.242.113 - - [21/Sep/2024:01:43:30 -0300] "GET /camara-da-mulher/ HTTP/1.0" 200 6291 "http://www.sivana.com.br" "Mozilla/5.0 (Windows NT 10.0; WOW64) AppleWebKit/537.36 (KHTML, like Gecko) Chrome/95.0.4638.69 Safari/537.36"
52.3.236.116 - - [21/Sep/2024:01:43:35 -0300] "GET /o-sindicato-historico/ HTTP/1.0" 200 5802 "http://www.sivana.com.br" "Mozilla/5.0 (X11; Linux x86_64) AppleWebKit/537.36 (KHTML, like Gecko) Chrome/94.0.4606.71 Safari/537.36"
18.234.199.122 - - [21/Sep/2024:01:43:41 -0300] "GET /filie-se-vantagens/ HTTP/1.0" 200 12846 "http://www.sivana.com.br" "Mozilla/5.0 (Windows NT 10.0; Win64; x64) AppleWebKit/537.36 (KHTML, like Gecko) Chrome/95.0.4638.54 Safari/537.36 Edg/95.0.1020.30"
3.223.191.194 - - [21/Sep/2024:01:43:42 -0300] "GET /o-sindicato-estatuto/ HTTP/1.0" 200 5322 "http://www.sivana.com.br" "Mozilla/5.0 (Windows NT 10.0; Win64; x64) AppleWebKit/537.36 (KHTML, like Gecko) Chrome/96.0.4664.45 Safari/537.36 Edg/96.0.1054.29"
3.94.31.201 - - [21/Sep/2024:01:43:52 -0300] "GET /area-associado/ HTTP/1.0" 200 1969 "http://www.sivana.com.br" "Mozilla/5.0 (Macintosh; Intel Mac OS X 10_14_6) AppleWebKit/537.36 (KHTML, like Gecko) Chrome/95.0.4638.69 Safari/537.36"
34.200.248.120 - - [21/Sep/2024:01:44:03 -0300] "GET /cursos/ HTTP/1.0" 200 5229 "http://www.sivana.com.br" "Mozilla/5.0 (X11; Fedora; Linux x86_64; rv:94.0) Gecko/20100101 Firefox/94.0"
18.234.199.122 - - [21/Sep/2024:01:44:05 -0300] "GET /o-sindicato-estrutura/ HTTP/1.0" 200 5644 "http://www.sivana.com.br" "Mozilla/5.0 (Windows NT 10.0; Win64; x64; rv:94.0) Gecko/20100101 Firefox/94.0"
44.203.216.99 - - [21/Sep/2024:01:44:08 -0300] "GET /filie-se-documentos/ HTTP/1.0" 200 8467 "http://www.sivana.com.br" "Mozilla/5.0 (Windows NT 10.0; Win64; x64) AppleWebKit/537.36 (KHTML, like Gecko) Chrome/94.0.4606.81 Safari/537.36 OPR/80.0.4170.63"
44.198.181.119 - - [21/Sep/2024:01:44:11 -0300] "GET /o-sindicato-diretoria/ HTTP/1.0" 200 6131 "http://www.sivana.com.br" "Mozilla/5.0 (Macintosh; Intel Mac OS X 10.15; rv:95.0) Gecko/20100101 Firefox/95.0"
3.219.33.36 - - [21/Sep/2024:01:46:54 -0300] "GET /noticia/262/vem-pra-rua! HTTP/1.0" 200 7721 "http://www.sivana.com.br" "Mozilla/5.0 (Macintosh; Intel Mac OS X 10_15_7) AppleWebKit/537.36 (KHTML, like Gecko) Chrome/93.0.4577.82 Safari/537.36"
44.195.92.160 - - [21/Sep/2024:01:47:26 -0300] "GET /noticia/205/circuito-sesc-apucarana HTTP/1.0" 200 7813 "http://www.sivana.com.br" "Mozilla/5.0 (Windows NT 10.0; rv:91.0) Gecko/20100101 Firefox/91.0"
3.239.16.199 - - [21/Sep/2024:01:47:38 -0300] "GET /noticia/317/dia-dos-namorados HTTP/1.0" 200 7508 "http://www.sivana.com.br" "Mozilla/5.0 (Macintosh; Intel Mac OS X 10_15_7) AppleWebKit/537.36 (KHTML, like Gecko) Chrome/95.0.4638.54 Safari/537.36"
34.200.248.120 - - [21/Sep/2024:01:47:39 -0300] "GET /noticia/276/parabens,-fecomercio-parana! HTTP/1.0" 200 7565 "http://www.sivana.com.br" "Mozilla/5.0 (X11; Linux x86_64) AppleWebKit/537.36 (KHTML, like Gecko) Chrome/95.0.4638.69 Safari/537.36"
44.200.156.83 - - [21/Sep/2024:01:47:45 -0300] "GET /noticia/257/vaga-de-emprego HTTP/1.0" 200 7504 "http://www.sivana.com.br" "Mozilla/5.0 (Windows NT 10.0; Win64; x64) AppleWebKit/537.36 (KHTML, like Gecko) Chrome/94.0.4606.81 Safari/537.36"
3.219.33.36 - - [21/Sep/2024:01:47:49 -0300] "GET /noticia/461/apucarana-75-anos HTTP/1.0" 200 7613 "http://www.sivana.com.br" "Mozilla/5.0 (Windows NT 10.0; Win64; x64) AppleWebKit/537.36 (KHTML, like Gecko) Chrome/94.0.4606.61 Safari/537.36"
44.220.167.31 - - [21/Sep/2024:01:48:04 -0300] "GET /noticia/192/fecomercio-pr-card HTTP/1.0" 200 7581 "http://www.sivana.com.br" "Mozilla/5.0 (X11; Linux x86_64) AppleWebKit/537.36 (KHTML, like Gecko) Chrome/95.0.4638.54 Safari/537.36"
52.3.236.116 - - [21/Sep/2024:01:48:34 -0300] "GET /noticia/177/atencao-lojista! HTTP/1.0" 200 8629 "http://www.sivana.com.br" "Mozilla/5.0 (Windows NT 6.1; Win64; x64) AppleWebKit/537.36 (KHTML, like Gecko) Chrome/95.0.4638.69 Safari/537.36"
3.94.31.201 - - [21/Sep/2024:01:48:59 -0300] "GET /noticia/531/quer-faturar-mais? HTTP/1.0" 200 7561 "http://www.sivana.com.br" "Mozilla/5.0 (Windows NT 6.1; Win64; x64; rv:94.0) Gecko/20100101 Firefox/94.0"
47.128.59.41 - - [21/Sep/2024:02:13:51 -0300] "GET /robots.txt HTTP/1.0" 404 1173 "-" "Mozilla/5.0 (Linux; Android 5.0) AppleWebKit/537.36 (KHTML, like Gecko) Mobile Safari/537.36 (compatible; Bytespider; spider-feedback@bytedance.com)"
47.128.19.182 - - [21/Sep/2024:02:17:49 -0300] "GET /robots.txt HTTP/1.0" 404 1173 "-" "Mozilla/5.0 (Linux; Android 5.0) AppleWebKit/537.36 (KHTML, like Gecko) Mobile Safari/537.36 (compatible; Bytespider; spider-feedback@bytedance.com)"
47.128.35.196 - - [21/Sep/2024:02:21:49 -0300] "GET /robots.txt HTTP/1.0" 404 1173 "-" "Mozilla/5.0 (Linux; Android 5.0) AppleWebKit/537.36 (KHTML, like Gecko) Mobile Safari/537.36 (compatible; Bytespider; spider-feedback@bytedance.com)"
47.128.53.46 - - [21/Sep/2024:02:25:49 -0300] "GET /robots.txt HTTP/1.0" 404 1173 "-" "Mozilla/5.0 (Linux; Android 5.0) AppleWebKit/537.36 (KHTML, like Gecko) Mobile Safari/537.36 (compatible; Bytespider; spider-feedback@bytedance.com)"
44.203.79.36 - - [21/Sep/2024:03:40:06 -0300] "GET / HTTP/1.0" 200 7519 "http://www.sivana.com.br" "Mozilla/5.0 (Windows NT 10.0; Win64; x64) AppleWebKit/537.36 (KHTML, like Gecko) Chrome/94.0.4606.81 Safari/537.36"
44.211.242.113 - - [21/Sep/2024:03:43:59 -0300] "GET /banco-de-talentos/ HTTP/1.0" 200 8956 "http://www.sivana.com.br" "Mozilla/5.0 (Windows NT 10.0; Win64; x64) AppleWebKit/537.36 (KHTML, like Gecko) Chrome/94.0.4606.81 Safari/537.36 OPR/80.0.4170.61"
34.200.248.120 - - [21/Sep/2024:03:44:12 -0300] "GET /contribuicao-sindical/ HTTP/1.0" 200 6736 "http://www.sivana.com.br" "Mozilla/5.0 (X11; Linux x86_64) AppleWebKit/537.36 (KHTML, like Gecko) Chrome/96.0.4664.45 Safari/537.36"
100.27.38.167 - - [21/Sep/2024:03:44:14 -0300] "GET /associados/ HTTP/1.0" 200 16977 "http://www.sivana.com.br" "Mozilla/5.0 (Macintosh; Intel Mac OS X 10.15; rv:95.0) Gecko/20100101 Firefox/95.0"
44.211.242.113 - - [21/Sep/2024:03:44:22 -0300] "GET /camara-da-mulher/ HTTP/1.0" 200 6291 "http://www.sivana.com.br" "Mozilla/5.0 (Windows NT 10.0; Win64; x64) AppleWebKit/537.36 (KHTML, like Gecko) Chrome/95.0.4638.54 Safari/537.36 Edg/95.0.1020.30"
3.219.33.36 - - [21/Sep/2024:03:44:28 -0300] "GET /links/ HTTP/1.0" 200 5545 "http://www.sivana.com.br" "Mozilla/5.0 (Macintosh; Intel Mac OS X 10_15_7) AppleWebKit/605.1.15 (KHTML, like Gecko) Version/14.1.1 Safari/605.1.15"
3.223.191.194 - - [21/Sep/2024:03:44:35 -0300] "GET /o-sindicato-estatuto/ HTTP/1.0" 200 5322 "http://www.sivana.com.br" "Mozilla/5.0 (Windows NT 6.1; Win64; x64) AppleWebKit/537.36 (KHTML, like Gecko) Chrome/96.0.4664.45 Safari/537.36"
44.200.195.128 - - [21/Sep/2024:03:44:39 -0300] "GET /galeria-de-videos/ HTTP/1.0" 200 5635 "http://www.sivana.com.br" "Mozilla/5.0 (Windows NT 10.0; Win64; x64) AppleWebKit/537.36 (KHTML, like Gecko) Chrome/94.0.4606.61 Safari/537.36"
100.27.38.167 - - [21/Sep/2024:03:44:41 -0300] "GET /oportunidades-de-emprego/ HTTP/1.0" 200 5480 "http://www.sivana.com.br" "Mozilla/5.0 (Windows NT 10.0; Win64; x64) AppleWebKit/537.36 (KHTML, like Gecko) Chrome/96.0.4664.45 Safari/537.36 Edg/96.0.1054.29"
44.198.181.119 - - [21/Sep/2024:03:44:43 -0300] "GET /o-sindicato-diretoria/ HTTP/1.0" 200 6131 "http://www.sivana.com.br" "Mozilla/5.0 (X11; Fedora; Linux x86_64; rv:94.0) Gecko/20100101 Firefox/94.0"
3.94.31.201 - - [21/Sep/2024:03:44:45 -0300] "GET /area-associado/ HTTP/1.0" 200 1969 "http://www.sivana.com.br" "Mozilla/5.0 (Windows NT 6.1; Win64; x64) AppleWebKit/537.36 (KHTML, like Gecko) Chrome/95.0.4638.54 Safari/537.36"
34.200.248.120 - - [21/Sep/2024:03:44:47 -0300] "GET /cursos/ HTTP/1.0" 200 5229 "http://www.sivana.com.br" "Mozilla/5.0 (Windows NT 6.3; Win64; x64) AppleWebKit/537.36 (KHTML, like Gecko) Chrome/95.0.4638.69 Safari/537.36"
52.3.236.116 - - [21/Sep/2024:03:44:50 -0300] "GET /o-sindicato-historico/ HTTP/1.0" 200 5802 "http://www.sivana.com.br" "Mozilla/5.0 (Macintosh; Intel Mac OS X 10_15_7) AppleWebKit/537.36 (KHTML, like Gecko) Chrome/95.0.4638.54 Safari/537.36"
3.219.33.36 - - [21/Sep/2024:03:45:03 -0300] "GET /recuperar-senha.php HTTP/1.0" 200 5323 "http://www.sivana.com.br" "Mozilla/5.0 (Macintosh; Intel Mac OS X 10.15; rv:95.0) Gecko/20100101 Firefox/95.0"
44.203.216.99 - - [21/Sep/2024:03:45:05 -0300] "GET /filie-se-documentos/ HTTP/1.0" 200 8467 "http://www.sivana.com.br" "Mozilla/5.0 (X11; Linux x86_64) AppleWebKit/537.36 (KHTML, like Gecko) Chrome/94.0.4606.81 Safari/537.36"
18.234.199.122 - - [21/Sep/2024:03:45:18 -0300] "GET /o-sindicato-estrutura/ HTTP/1.0" 200 5644 "http://www.sivana.com.br" "Mozilla/5.0 (Macintosh; Intel Mac OS X 10_15_7) AppleWebKit/537.36 (KHTML, like Gecko) Chrome/96.0.4664.45 Safari/537.36"
3.219.33.36 - - [21/Sep/2024:03:48:13 -0300] "GET /noticia/461/apucarana-75-anos HTTP/1.0" 200 7613 "http://www.sivana.com.br" "Mozilla/5.0 (Windows NT 10.0; Win64; x64; rv:94.0) Gecko/20100101 Firefox/94.0"
34.200.248.120 - - [21/Sep/2024:03:48:25 -0300] "GET /noticia/276/parabens,-fecomercio-parana! HTTP/1.0" 200 7565 "http://www.sivana.com.br" "Mozilla/5.0 (Windows NT 10.0; Win64; x64) AppleWebKit/537.36 (KHTML, like Gecko) Chrome/94.0.4606.81 Safari/537.36 OPR/80.0.4170.63"
44.220.167.31 - - [21/Sep/2024:03:48:32 -0300] "GET /noticia/192/fecomercio-pr-card HTTP/1.0" 200 7581 "http://www.sivana.com.br" "Mozilla/5.0 (Macintosh; Intel Mac OS X 10_15_7) AppleWebKit/537.36 (KHTML, like Gecko) Chrome/96.0.4664.45 Safari/537.36"
3.219.33.36 - - [21/Sep/2024:03:48:40 -0300] "GET /noticia/262/vem-pra-rua! HTTP/1.0" 200 7721 "http://www.sivana.com.br" "Mozilla/5.0 (Windows NT 6.1; Win64; x64; rv:94.0) Gecko/20100101 Firefox/94.0"
44.195.92.160 - - [21/Sep/2024:03:48:44 -0300] "GET /noticia/205/circuito-sesc-apucarana HTTP/1.0" 200 7813 "http://www.sivana.com.br" "Mozilla/5.0 (Windows NT 6.1; Win64; x64) AppleWebKit/537.36 (KHTML, like Gecko) Chrome/95.0.4638.54 Safari/537.36"
52.3.236.116 - - [21/Sep/2024:03:49:18 -0300] "GET /noticia/177/atencao-lojista! HTTP/1.0" 200 8629 "http://www.sivana.com.br" "Mozilla/5.0 (Macintosh; Intel Mac OS X 10_15_7) AppleWebKit/605.1.15 (KHTML, like Gecko) Version/14.1.2 Safari/605.1.15"
3.239.16.199 - - [21/Sep/2024:03:49:20 -0300] "GET /noticia/317/dia-dos-namorados HTTP/1.0" 200 7508 "http://www.sivana.com.br" "Mozilla/5.0 (Windows NT 10.0; Win64; x64) AppleWebKit/537.36 (KHTML, like Gecko) Chrome/93.0.4577.82 YaBrowser/21.9.2.169 Yowser/2.5 Safari/537.36"
44.200.156.83 - - [21/Sep/2024:03:49:24 -0300] "GET /noticia/257/vaga-de-emprego HTTP/1.0" 200 7504 "http://www.sivana.com.br" "Mozilla/5.0 (Windows NT 10.0; Win64; x64) AppleWebKit/537.36 (KHTML, like Gecko) Chrome/93.0.4577.82 YaBrowser/21.9.2.169 Yowser/2.5 Safari/537.36"
3.94.31.201 - - [21/Sep/2024:03:49:42 -0300] "GET /noticia/531/quer-faturar-mais? HTTP/1.0" 200 7561 "http://www.sivana.com.br" "Mozilla/5.0 (Macintosh; Intel Mac OS X 10_15_7) AppleWebKit/605.1.15 (KHTML, like Gecko) Version/15.0 Safari/605.1.15"
18.234.199.122 - - [21/Sep/2024:03:50:00 -0300] "GET /filie-se-vantagens/ HTTP/1.0" 200 12846 "http://www.sivana.com.br" "Mozilla/5.0 (Windows NT 6.1; Win64; x64) AppleWebKit/537.36 (KHTML, like Gecko) Chrome/96.0.4664.45 Safari/537.36"
114.119.134.12 - - [21/Sep/2024:04:02:36 -0300] "GET /robots.txt HTTP/1.0" 404 1173 "-" "Mozilla/5.0 (compatible;PetalBot;+https://webmaster.petalsearch.com/site/petalbot)"
114.119.138.107 - - [21/Sep/2024:05:10:14 -0300] "GET /robots.txt HTTP/1.0" 404 1173 "-" "Mozilla/5.0 (compatible;PetalBot;+https://webmaster.petalsearch.com/site/petalbot)"
66.249.66.65 - - [21/Sep/2024:05:11:49 -0300] "GET /convencoes/ HTTP/1.0" 200 6599 "-" "Mozilla/5.0 (Linux; Android 6.0.1; Nexus 5X Build/MMB29P) AppleWebKit/537.36 (KHTML, like Gecko) Chrome/128.0.6613.137 Mobile Safari/537.36 (compatible; Googlebot/2.1; +http://www.google.com/bot.html)"
114.119.131.163 - - [21/Sep/2024:05:13:15 -0300] "GET /robots.txt HTTP/1.0" 404 1173 "-" "Mozilla/5.0 (compatible;PetalBot;+https://webmaster.petalsearch.com/site/petalbot)"
44.203.79.36 - - [21/Sep/2024:05:41:07 -0300] "GET / HTTP/1.0" 200 7519 "http://www.sivana.com.br" "Mozilla/5.0 (Macintosh; Intel Mac OS X 10.15; rv:94.0) Gecko/20100101 Firefox/94.0"
44.211.242.113 - - [21/Sep/2024:05:44:54 -0300] "GET /banco-de-talentos/ HTTP/1.0" 200 8956 "http://www.sivana.com.br" "Mozilla/5.0 (Windows NT 10.0; WOW64) AppleWebKit/537.36 (KHTML, like Gecko) Chrome/95.0.4638.69 Safari/537.36"
52.3.236.116 - - [21/Sep/2024:05:44:58 -0300] "GET /o-sindicato-historico/ HTTP/1.0" 200 5802 "http://www.sivana.com.br" "Mozilla/5.0 (Windows NT 10.0; Win64; x64) AppleWebKit/537.36 (KHTML, like Gecko) Chrome/95.0.4638.54 Safari/537.36 Edg/95.0.1020.30"
44.211.242.113 - - [21/Sep/2024:05:45:00 -0300] "GET /camara-da-mulher/ HTTP/1.0" 200 6291 "http://www.sivana.com.br" "Mozilla/5.0 (X11; Linux x86_64) AppleWebKit/537.36 (KHTML, like Gecko) Chrome/95.0.4638.54 Safari/537.36"
3.219.33.36 - - [21/Sep/2024:05:45:05 -0300] "GET /links/ HTTP/1.0" 200 5545 "http://www.sivana.com.br" "Mozilla/5.0 (Windows NT 10.0; Win64; x64) AppleWebKit/537.36 (KHTML, like Gecko) Chrome/94.0.4606.71 Safari/537.36"
3.223.191.194 - - [21/Sep/2024:05:45:10 -0300] "GET /o-sindicato-estatuto/ HTTP/1.0" 200 5322 "http://www.sivana.com.br" "Mozilla/5.0 (Windows NT 10.0; Win64; x64) AppleWebKit/537.36 (KHTML, like Gecko) Chrome/95.0.4638.54 Safari/537.36 Edg/95.0.1020.30"
100.27.38.167 - - [21/Sep/2024:05:45:15 -0300] "GET /associados/ HTTP/1.0" 200 16977 "http://www.sivana.com.br" "Mozilla/5.0 (Macintosh; Intel Mac OS X 10_15_7) AppleWebKit/537.36 (KHTML, like Gecko) Chrome/96.0.4664.45 Safari/537.36"
18.234.199.122 - - [21/Sep/2024:05:45:29 -0300] "GET /o-sindicato-estrutura/ HTTP/1.0" 200 5644 "http://www.sivana.com.br" "Mozilla/5.0 (Windows NT 10.0; Win64; x64) AppleWebKit/537.36 (KHTML, like Gecko) Chrome/94.0.4606.81 Safari/537.36 OPR/80.0.4170.63 (Edition Yx 05)"
34.200.248.120 - - [21/Sep/2024:05:45:36 -0300] "GET /contribuicao-sindical/ HTTP/1.0" 200 6736 "http://www.sivana.com.br" "Mozilla/5.0 (Windows NT 6.1; Win64; x64) AppleWebKit/537.36 (KHTML, like Gecko) Chrome/95.0.4638.69 Safari/537.36"
3.94.31.201 - - [21/Sep/2024:05:45:37 -0300] "GET /area-associado/ HTTP/1.0" 200 1969 "http://www.sivana.com.br" "Mozilla/5.0 (Windows NT 6.1; Win64; x64; rv:94.0) Gecko/20100101 Firefox/94.0"
100.27.38.167 - - [21/Sep/2024:05:45:38 -0300] "GET /oportunidades-de-emprego/ HTTP/1.0" 200 5480 "http://www.sivana.com.br" "Mozilla/5.0 (Windows NT 10.0; WOW64) AppleWebKit/537.36 (KHTML, like Gecko) Chrome/95.0.4638.69 Safari/537.36"
34.200.248.120 - - [21/Sep/2024:05:45:39 -0300] "GET /cursos/ HTTP/1.0" 200 5229 "http://www.sivana.com.br" "Mozilla/5.0 (Windows NT 10.0; WOW64) AppleWebKit/537.36 (KHTML, like Gecko) Chrome/95.0.4638.69 Safari/537.36"
44.200.195.128 - - [21/Sep/2024:05:45:40 -0300] "GET /galeria-de-videos/ HTTP/1.0" 200 5635 "http://www.sivana.com.br" "Mozilla/5.0 (X11; Linux x86_64; rv:93.0) Gecko/20100101 Firefox/93.0"
44.203.216.99 - - [21/Sep/2024:05:45:41 -0300] "GET /filie-se-documentos/ HTTP/1.0" 200 8467 "http://www.sivana.com.br" "Mozilla/5.0 (X11; Linux x86_64; rv:94.0) Gecko/20100101 Firefox/94.0"
44.198.181.119 - - [21/Sep/2024:05:46:01 -0300] "GET /o-sindicato-diretoria/ HTTP/1.0" 200 6131 "http://www.sivana.com.br" "Mozilla/5.0 (Windows NT 10.0; rv:78.0) Gecko/20100101 Firefox/78.0"
18.234.199.122 - - [21/Sep/2024:05:46:10 -0300] "GET /filie-se-vantagens/ HTTP/1.0" 200 12846 "http://www.sivana.com.br" "Mozilla/5.0 (Macintosh; Intel Mac OS X 10.15; rv:95.0) Gecko/20100101 Firefox/95.0"
3.219.33.36 - - [21/Sep/2024:05:48:12 -0300] "GET /recuperar-senha.php HTTP/1.0" 200 5323 "http://www.sivana.com.br" "Mozilla/5.0 (X11; Linux x86_64; rv:94.0) Gecko/20100101 Firefox/94.0"
3.219.33.36 - - [21/Sep/2024:05:48:35 -0300] "GET /noticia/262/vem-pra-rua! HTTP/1.0" 200 7721 "http://www.sivana.com.br" "Mozilla/5.0 (Windows NT 10.0; Win64; x64) AppleWebKit/537.36 (KHTML, like Gecko) Chrome/94.0.4606.81 Safari/537.36 OPR/80.0.4170.91"
44.220.167.31 - - [21/Sep/2024:05:49:15 -0300] "GET /noticia/192/fecomercio-pr-card HTTP/1.0" 200 7581 "http://www.sivana.com.br" "Mozilla/5.0 (X11; Linux x86_64) AppleWebKit/537.36 (KHTML, like Gecko) Chrome/95.0.4638.54 Safari/537.36"
3.219.33.36 - - [21/Sep/2024:05:49:24 -0300] "GET /noticia/461/apucarana-75-anos HTTP/1.0" 200 7613 "http://www.sivana.com.br" "Mozilla/5.0 (Windows NT 10.0; Win64; x64) AppleWebKit/537.36 (KHTML, like Gecko) Chrome/95.0.4638.54 Safari/537.36 Edg/95.0.1020.40"
44.195.92.160 - - [21/Sep/2024:05:49:31 -0300] "GET /noticia/205/circuito-sesc-apucarana HTTP/1.0" 200 7813 "http://www.sivana.com.br" "Mozilla/5.0 (Windows NT 10.0; Win64; x64) AppleWebKit/537.36 (KHTML, like Gecko) Chrome/96.0.4664.45 Safari/537.36 Edg/96.0.1054.29"
3.239.16.199 - - [21/Sep/2024:05:49:48 -0300] "GET /noticia/317/dia-dos-namorados HTTP/1.0" 200 7508 "http://www.sivana.com.br" "Mozilla/5.0 (Windows NT 6.1; Win64; x64) AppleWebKit/537.36 (KHTML, like Gecko) Chrome/95.0.4638.54 Safari/537.36"
52.3.236.116 - - [21/Sep/2024:05:49:59 -0300] "GET /noticia/177/atencao-lojista! HTTP/1.0" 200 8629 "http://www.sivana.com.br" "Mozilla/5.0 (Macintosh; Intel Mac OS X 10.15; rv:95.0) Gecko/20100101 Firefox/95.0"
34.200.248.120 - - [21/Sep/2024:05:50:14 -0300] "GET /noticia/276/parabens,-fecomercio-parana! HTTP/1.0" 200 7565 "http://www.sivana.com.br" "Mozilla/5.0 (Windows NT 10.0; Win64; x64) AppleWebKit/537.36 (KHTML, like Gecko) Chrome/96.0.4664.45 Safari/537.36"
3.94.31.201 - - [21/Sep/2024:05:50:35 -0300] "GET /noticia/531/quer-faturar-mais? HTTP/1.0" 200 7561 "http://www.sivana.com.br" "Mozilla/5.0 (Windows NT 10.0; Win64; x64; rv:93.0) Gecko/20100101 Firefox/93.0"
44.200.156.83 - - [21/Sep/2024:05:53:24 -0300] "GET /noticia/257/vaga-de-emprego HTTP/1.0" 200 7504 "http://www.sivana.com.br" "Mozilla/5.0 (Windows NT 6.3; Win64; x64) AppleWebKit/537.36 (KHTML, like Gecko) Chrome/95.0.4638.69 Safari/537.36"
170.246.147.68 - - [20/Sep/2024:09:10:52 -0300] "GET /images/logo-sivana.png HTTP/1.1" 200 8258 "https://www.sivana.com.br/convencoes/" "Mozilla/5.0 (Windows NT 10.0; Win64; x64) AppleWebKit/537.36 (KHTML, like Gecko) Chrome/129.0.0.0 Safari/537.36"
170.246.147.68 - - [20/Sep/2024:09:10:52 -0300] "GET /images/icon-fale.jpg HTTP/1.1" 200 1615 "https://www.sivana.com.br/convencoes/" "Mozilla/5.0 (Windows NT 10.0; Win64; x64) AppleWebKit/537.36 (KHTML, like Gecko) Chrome/129.0.0.0 Safari/537.36"
170.246.147.68 - - [20/Sep/2024:09:10:52 -0300] "GET /images/icon-home.png HTTP/1.1" 200 1104 "https://www.sivana.com.br/convencoes/" "Mozilla/5.0 (Windows NT 10.0; Win64; x64) AppleWebKit/537.36 (KHTML, like Gecko) Chrome/129.0.0.0 Safari/537.36"
170.246.147.68 - - [20/Sep/2024:09:10:52 -0300] "GET /images/icon-rapido.png HTTP/1.1" 200 1543 "https://www.sivana.com.br/convencoes/" "Mozilla/5.0 (Windows NT 10.0; Win64; x64) AppleWebKit/537.36 (KHTML, like Gecko) Chrome/129.0.0.0 Safari/537.36"
170.246.147.68 - - [20/Sep/2024:09:10:52 -0300] "GET /images/fecomercio.jpg HTTP/1.1" 200 8081 "https://www.sivana.com.br/convencoes/" "Mozilla/5.0 (Windows NT 10.0; Win64; x64) AppleWebKit/537.36 (KHTML, like Gecko) Chrome/129.0.0.0 Safari/537.36"
170.246.147.68 - - [20/Sep/2024:09:10:52 -0300] "GET /images/sesc.jpg HTTP/1.1" 200 4424 "https://www.sivana.com.br/convencoes/" "Mozilla/5.0 (Windows NT 10.0; Win64; x64) AppleWebKit/537.36 (KHTML, like Gecko) Chrome/129.0.0.0 Safari/537.36"
170.246.147.68 - - [20/Sep/2024:09:10:52 -0300] "GET /images/senac.jpg HTTP/1.1" 200 5005 "https://www.sivana.com.br/convencoes/" "Mozilla/5.0 (Windows NT 10.0; Win64; x64) AppleWebKit/537.36 (KHTML, like Gecko) Chrome/129.0.0.0 Safari/537.36"
170.246.147.68 - - [20/Sep/2024:09:10:52 -0300] "GET /images/camara_da_mulher.jpg HTTP/1.1" 200 10146 "https://www.sivana.com.br/convencoes/" "Mozilla/5.0 (Windows NT 10.0; Win64; x64) AppleWebKit/537.36 (KHTML, like Gecko) Chrome/129.0.0.0 Safari/537.36"
170.246.147.68 - - [20/Sep/2024:09:10:52 -0300] "GET /images/acia.jpg HTTP/1.1" 200 5567 "https://www.sivana.com.br/convencoes/" "Mozilla/5.0 (Windows NT 10.0; Win64; x64) AppleWebKit/537.36 (KHTML, like Gecko) Chrome/129.0.0.0 Safari/537.36"
170.246.147.68 - - [20/Sep/2024:09:10:52 -0300] "GET /images/sivana-logo-branca.png HTTP/1.1" 200 6273 "https://www.sivana.com.br/convencoes/" "Mozilla/5.0 (Windows NT 10.0; Win64; x64) AppleWebKit/537.36 (KHTML, like Gecko) Chrome/129.0.0.0 Safari/537.36"
45.161.217.90 - - [20/Sep/2024:10:59:48 -0300] "GET /images/logo-sivana.png HTTP/1.1" 200 8258 "https://www.sivana.com.br/" "Mozilla/5.0 (Windows NT 10.0; Win64; x64) AppleWebKit/537.36 (KHTML, like Gecko) Chrome/128.0.0.0 Safari/537.36"
45.161.217.90 - - [20/Sep/2024:10:59:48 -0300] "GET /images/icon-fale.jpg HTTP/1.1" 200 1615 "https://www.sivana.com.br/" "Mozilla/5.0 (Windows NT 10.0; Win64; x64) AppleWebKit/537.36 (KHTML, like Gecko) Chrome/128.0.0.0 Safari/537.36"
45.161.217.90 - - [20/Sep/2024:10:59:49 -0300] "GET /images/icon-home.png HTTP/1.1" 200 1104 "https://www.sivana.com.br/" "Mozilla/5.0 (Windows NT 10.0; Win64; x64) AppleWebKit/537.36 (KHTML, like Gecko) Chrome/128.0.0.0 Safari/537.36"
45.161.217.90 - - [20/Sep/2024:10:59:49 -0300] "GET /userfiles/image/ruapontagrossasegura.jpeg HTTP/1.1" 200 105887 "https://www.sivana.com.br/" "Mozilla/5.0 (Windows NT 10.0; Win64; x64) AppleWebKit/537.36 (KHTML, like Gecko) Chrome/128.0.0.0 Safari/537.36"
45.161.217.90 - - [20/Sep/2024:10:59:49 -0300] "GET /userfiles/image/38cense.jpeg HTTP/1.1" 200 164329 "https://www.sivana.com.br/" "Mozilla/5.0 (Windows NT 10.0; Win64; x64) AppleWebKit/537.36 (KHTML, like Gecko) Chrome/128.0.0.0 Safari/537.36"
45.161.217.90 - - [20/Sep/2024:10:59:49 -0300] "GET /userfiles/image/fotocovencao2023.jpeg HTTP/1.1" 200 206546 "https://www.sivana.com.br/" "Mozilla/5.0 (Windows NT 10.0; Win64; x64) AppleWebKit/537.36 (KHTML, like Gecko) Chrome/128.0.0.0 Safari/537.36"
45.161.217.90 - - [20/Sep/2024:10:59:49 -0300] "GET /userfiles/galeria/img_9585-1688217046.jpg HTTP/1.1" 200 119286 "https://www.sivana.com.br/" "Mozilla/5.0 (Windows NT 10.0; Win64; x64) AppleWebKit/537.36 (KHTML, like Gecko) Chrome/128.0.0.0 Safari/537.36"
45.161.217.90 - - [20/Sep/2024:10:59:49 -0300] "GET /userfiles/galeria/novadiretoriacmgapucarana-1678806294.jpeg HTTP/1.1" 200 56556 "https://www.sivana.com.br/" "Mozilla/5.0 (Windows NT 10.0; Win64; x64) AppleWebKit/537.36 (KHTML, like Gecko) Chrome/128.0.0.0 Safari/537.36"
45.161.217.90 - - [20/Sep/2024:10:59:49 -0300] "GET /userfiles/banner/plano-de-saude-sivana.jpg HTTP/1.1" 200 54470 "https://www.sivana.com.br/" "Mozilla/5.0 (Windows NT 10.0; Win64; x64) AppleWebKit/537.36 (KHTML, like Gecko) Chrome/128.0.0.0 Safari/537.36"
45.161.217.90 - - [20/Sep/2024:10:59:49 -0300] "GET /userfiles/banner/banner_fecomercio.jpg HTTP/1.1" 200 61029 "https://www.sivana.com.br/" "Mozilla/5.0 (Windows NT 10.0; Win64; x64) AppleWebKit/537.36 (KHTML, like Gecko) Chrome/128.0.0.0 Safari/537.36"
45.161.217.90 - - [20/Sep/2024:10:59:49 -0300] "GET /userfiles/banner/banco-de-talentos.jpg HTTP/1.1" 200 32385 "https://www.sivana.com.br/" "Mozilla/5.0 (Windows NT 10.0; Win64; x64) AppleWebKit/537.36 (KHTML, like Gecko) Chrome/128.0.0.0 Safari/537.36"
45.161.217.90 - - [20/Sep/2024:10:59:49 -0300] "GET /images/icon-rapido.png HTTP/1.1" 200 1543 "https://www.sivana.com.br/" "Mozilla/5.0 (Windows NT 10.0; Win64; x64) AppleWebKit/537.36 (KHTML, like Gecko) Chrome/128.0.0.0 Safari/537.36"
45.161.217.90 - - [20/Sep/2024:10:59:49 -0300] "GET /images/codigo-consumidor.jpg HTTP/1.1" 200 9545 "https://www.sivana.com.br/" "Mozilla/5.0 (Windows NT 10.0; Win64; x64) AppleWebKit/537.36 (KHTML, like Gecko) Chrome/128.0.0.0 Safari/537.36"
45.161.217.90 - - [20/Sep/2024:10:59:49 -0300] "GET /images/mulheres.jpg HTTP/1.1" 200 22402 "https://www.sivana.com.br/" "Mozilla/5.0 (Windows NT 10.0; Win64; x64) AppleWebKit/537.36 (KHTML, like Gecko) Chrome/128.0.0.0 Safari/537.36"
45.161.217.90 - - [20/Sep/2024:10:59:49 -0300] "GET /images/fecomercio.jpg HTTP/1.1" 200 8081 "https://www.sivana.com.br/" "Mozilla/5.0 (Windows NT 10.0; Win64; x64) AppleWebKit/537.36 (KHTML, like Gecko) Chrome/128.0.0.0 Safari/537.36"
45.161.217.90 - - [20/Sep/2024:10:59:49 -0300] "GET /images/sesc.jpg HTTP/1.1" 200 4424 "https://www.sivana.com.br/" "Mozilla/5.0 (Windows NT 10.0; Win64; x64) AppleWebKit/537.36 (KHTML, like Gecko) Chrome/128.0.0.0 Safari/537.36"
45.161.217.90 - - [20/Sep/2024:10:59:49 -0300] "GET /images/senac.jpg HTTP/1.1" 200 5005 "https://www.sivana.com.br/" "Mozilla/5.0 (Windows NT 10.0; Win64; x64) AppleWebKit/537.36 (KHTML, like Gecko) Chrome/128.0.0.0 Safari/537.36"
45.161.217.90 - - [20/Sep/2024:10:59:49 -0300] "GET /images/camara_da_mulher.jpg HTTP/1.1" 200 10146 "https://www.sivana.com.br/" "Mozilla/5.0 (Windows NT 10.0; Win64; x64) AppleWebKit/537.36 (KHTML, like Gecko) Chrome/128.0.0.0 Safari/537.36"
45.161.217.90 - - [20/Sep/2024:10:59:49 -0300] "GET /images/acia.jpg HTTP/1.1" 200 5567 "https://www.sivana.com.br/" "Mozilla/5.0 (Windows NT 10.0; Win64; x64) AppleWebKit/537.36 (KHTML, like Gecko) Chrome/128.0.0.0 Safari/537.36"
45.161.217.90 - - [20/Sep/2024:10:59:49 -0300] "GET /images/sivana-logo-branca.png HTTP/1.1" 200 6273 "https://www.sivana.com.br/" "Mozilla/5.0 (Windows NT 10.0; Win64; x64) AppleWebKit/537.36 (KHTML, like Gecko) Chrome/128.0.0.0 Safari/537.36"
45.161.217.90 - - [20/Sep/2024:11:01:02 -0300] "GET /images/logo-sivana.png HTTP/1.1" 200 8258 "https://www.sivana.com.br/" "Mozilla/5.0 (Windows NT 10.0; Win64; x64) AppleWebKit/537.36 (KHTML, like Gecko) Chrome/128.0.0.0 Safari/537.36"
45.161.217.90 - - [20/Sep/2024:11:01:03 -0300] "GET /images/icon-fale.jpg HTTP/1.1" 200 1615 "https://www.sivana.com.br/" "Mozilla/5.0 (Windows NT 10.0; Win64; x64) AppleWebKit/537.36 (KHTML, like Gecko) Chrome/128.0.0.0 Safari/537.36"
45.161.217.90 - - [20/Sep/2024:11:01:03 -0300] "GET /images/icon-home.png HTTP/1.1" 200 1104 "https://www.sivana.com.br/" "Mozilla/5.0 (Windows NT 10.0; Win64; x64) AppleWebKit/537.36 (KHTML, like Gecko) Chrome/128.0.0.0 Safari/537.36"
45.161.217.90 - - [20/Sep/2024:11:01:03 -0300] "GET /userfiles/image/fotocovencao2023.jpeg HTTP/1.1" 200 206546 "https://www.sivana.com.br/" "Mozilla/5.0 (Windows NT 10.0; Win64; x64) AppleWebKit/537.36 (KHTML, like Gecko) Chrome/128.0.0.0 Safari/537.36"
45.161.217.90 - - [20/Sep/2024:11:01:03 -0300] "GET /userfiles/image/ruapontagrossasegura.jpeg HTTP/1.1" 200 105887 "https://www.sivana.com.br/" "Mozilla/5.0 (Windows NT 10.0; Win64; x64) AppleWebKit/537.36 (KHTML, like Gecko) Chrome/128.0.0.0 Safari/537.36"
45.161.217.90 - - [20/Sep/2024:11:01:03 -0300] "GET /userfiles/image/38cense.jpeg HTTP/1.1" 200 164329 "https://www.sivana.com.br/" "Mozilla/5.0 (Windows NT 10.0; Win64; x64) AppleWebKit/537.36 (KHTML, like Gecko) Chrome/128.0.0.0 Safari/537.36"
45.161.217.90 - - [20/Sep/2024:11:01:03 -0300] "GET /userfiles/galeria/img_9585-1688217046.jpg HTTP/1.1" 200 119286 "https://www.sivana.com.br/" "Mozilla/5.0 (Windows NT 10.0; Win64; x64) AppleWebKit/537.36 (KHTML, like Gecko) Chrome/128.0.0.0 Safari/537.36"
45.161.217.90 - - [20/Sep/2024:11:01:03 -0300] "GET /userfiles/galeria/novadiretoriacmgapucarana-1678806294.jpeg HTTP/1.1" 200 56556 "https://www.sivana.com.br/" "Mozilla/5.0 (Windows NT 10.0; Win64; x64) AppleWebKit/537.36 (KHTML, like Gecko) Chrome/128.0.0.0 Safari/537.36"
45.161.217.90 - - [20/Sep/2024:11:01:03 -0300] "GET /userfiles/banner/banner_fecomercio.jpg HTTP/1.1" 200 61029 "https://www.sivana.com.br/" "Mozilla/5.0 (Windows NT 10.0; Win64; x64) AppleWebKit/537.36 (KHTML, like Gecko) Chrome/128.0.0.0 Safari/537.36"
45.161.217.90 - - [20/Sep/2024:11:01:03 -0300] "GET /userfiles/banner/plano-de-saude-sivana.jpg HTTP/1.1" 200 54470 "https://www.sivana.com.br/" "Mozilla/5.0 (Windows NT 10.0; Win64; x64) AppleWebKit/537.36 (KHTML, like Gecko) Chrome/128.0.0.0 Safari/537.36"
45.161.217.90 - - [20/Sep/2024:11:01:03 -0300] "GET /userfiles/banner/banco-de-talentos.jpg HTTP/1.1" 200 32385 "https://www.sivana.com.br/" "Mozilla/5.0 (Windows NT 10.0; Win64; x64) AppleWebKit/537.36 (KHTML, like Gecko) Chrome/128.0.0.0 Safari/537.36"
45.161.217.90 - - [20/Sep/2024:11:01:03 -0300] "GET /images/icon-rapido.png HTTP/1.1" 200 1543 "https://www.sivana.com.br/" "Mozilla/5.0 (Windows NT 10.0; Win64; x64) AppleWebKit/537.36 (KHTML, like Gecko) Chrome/128.0.0.0 Safari/537.36"
45.161.217.90 - - [20/Sep/2024:11:01:03 -0300] "GET /images/codigo-consumidor.jpg HTTP/1.1" 200 9545 "https://www.sivana.com.br/" "Mozilla/5.0 (Windows NT 10.0; Win64; x64) AppleWebKit/537.36 (KHTML, like Gecko) Chrome/128.0.0.0 Safari/537.36"
45.161.217.90 - - [20/Sep/2024:11:01:03 -0300] "GET /images/mulheres.jpg HTTP/1.1" 200 22402 "https://www.sivana.com.br/" "Mozilla/5.0 (Windows NT 10.0; Win64; x64) AppleWebKit/537.36 (KHTML, like Gecko) Chrome/128.0.0.0 Safari/537.36"
45.161.217.90 - - [20/Sep/2024:11:01:03 -0300] "GET /images/fecomercio.jpg HTTP/1.1" 200 8081 "https://www.sivana.com.br/" "Mozilla/5.0 (Windows NT 10.0; Win64; x64) AppleWebKit/537.36 (KHTML, like Gecko) Chrome/128.0.0.0 Safari/537.36"
45.161.217.90 - - [20/Sep/2024:11:01:03 -0300] "GET /images/sesc.jpg HTTP/1.1" 200 4424 "https://www.sivana.com.br/" "Mozilla/5.0 (Windows NT 10.0; Win64; x64) AppleWebKit/537.36 (KHTML, like Gecko) Chrome/128.0.0.0 Safari/537.36"
45.161.217.90 - - [20/Sep/2024:11:01:03 -0300] "GET /images/senac.jpg HTTP/1.1" 200 5005 "https://www.sivana.com.br/" "Mozilla/5.0 (Windows NT 10.0; Win64; x64) AppleWebKit/537.36 (KHTML, like Gecko) Chrome/128.0.0.0 Safari/537.36"
45.161.217.90 - - [20/Sep/2024:11:01:03 -0300] "GET /images/camara_da_mulher.jpg HTTP/1.1" 200 10146 "https://www.sivana.com.br/" "Mozilla/5.0 (Windows NT 10.0; Win64; x64) AppleWebKit/537.36 (KHTML, like Gecko) Chrome/128.0.0.0 Safari/537.36"
45.161.217.90 - - [20/Sep/2024:11:01:03 -0300] "GET /images/acia.jpg HTTP/1.1" 200 5567 "https://www.sivana.com.br/" "Mozilla/5.0 (Windows NT 10.0; Win64; x64) AppleWebKit/537.36 (KHTML, like Gecko) Chrome/128.0.0.0 Safari/537.36"
45.161.217.90 - - [20/Sep/2024:11:01:03 -0300] "GET /images/sivana-logo-branca.png HTTP/1.1" 200 6273 "https://www.sivana.com.br/" "Mozilla/5.0 (Windows NT 10.0; Win64; x64) AppleWebKit/537.36 (KHTML, like Gecko) Chrome/128.0.0.0 Safari/537.36"
45.161.217.90 - - [20/Sep/2024:11:01:06 -0300] "GET /images/logo-sivana.png HTTP/1.1" 200 8258 "https://www.sivana.com.br/convencoes/" "Mozilla/5.0 (Windows NT 10.0; Win64; x64) AppleWebKit/537.36 (KHTML, like Gecko) Chrome/128.0.0.0 Safari/537.36"
45.161.217.90 - - [20/Sep/2024:11:01:06 -0300] "GET /images/icon-fale.jpg HTTP/1.1" 200 1615 "https://www.sivana.com.br/convencoes/" "Mozilla/5.0 (Windows NT 10.0; Win64; x64) AppleWebKit/537.36 (KHTML, like Gecko) Chrome/128.0.0.0 Safari/537.36"
45.161.217.90 - - [20/Sep/2024:11:01:06 -0300] "GET /images/icon-home.png HTTP/1.1" 200 1104 "https://www.sivana.com.br/convencoes/" "Mozilla/5.0 (Windows NT 10.0; Win64; x64) AppleWebKit/537.36 (KHTML, like Gecko) Chrome/128.0.0.0 Safari/537.36"
