45.161.217.90 - - [20/Sep/2024:11:01:06 -0300] "GET /images/icon-rapido.png HTTP/1.1" 200 1543 "https://www.sivana.com.br/convencoes/" "Mozilla/5.0 (Windows NT 10.0; Win64; x64) AppleWebKit/537.36 (KHTML, like Gecko) Chrome/128.0.0.0 Safari/537.36"
45.161.217.90 - - [20/Sep/2024:11:01:06 -0300] "GET /images/fecomercio.jpg HTTP/1.1" 200 8081 "https://www.sivana.com.br/convencoes/" "Mozilla/5.0 (Windows NT 10.0; Win64; x64) AppleWebKit/537.36 (KHTML, like Gecko) Chrome/128.0.0.0 Safari/537.36"
45.161.217.90 - - [20/Sep/2024:11:01:06 -0300] "GET /images/sesc.jpg HTTP/1.1" 200 4424 "https://www.sivana.com.br/convencoes/" "Mozilla/5.0 (Windows NT 10.0; Win64; x64) AppleWebKit/537.36 (KHTML, like Gecko) Chrome/128.0.0.0 Safari/537.36"
45.161.217.90 - - [20/Sep/2024:11:01:06 -0300] "GET /images/senac.jpg HTTP/1.1" 200 5005 "https://www.sivana.com.br/convencoes/" "Mozilla/5.0 (Windows NT 10.0; Win64; x64) AppleWebKit/537.36 (KHTML, like Gecko) Chrome/128.0.0.0 Safari/537.36"
45.161.217.90 - - [20/Sep/2024:11:01:06 -0300] "GET /images/camara_da_mulher.jpg HTTP/1.1" 200 10146 "https://www.sivana.com.br/convencoes/" "Mozilla/5.0 (Windows NT 10.0; Win64; x64) AppleWebKit/537.36 (KHTML, like Gecko) Chrome/128.0.0.0 Safari/537.36"
45.161.217.90 - - [20/Sep/2024:11:01:06 -0300] "GET /images/acia.jpg HTTP/1.1" 200 5567 "https://www.sivana.com.br/convencoes/" "Mozilla/5.0 (Windows NT 10.0; Win64; x64) AppleWebKit/537.36 (KHTML, like Gecko) Chrome/128.0.0.0 Safari/537.36"
45.161.217.90 - - [20/Sep/2024:11:01:06 -0300] "GET /images/sivana-logo-branca.png HTTP/1.1" 200 6273 "https://www.sivana.com.br/convencoes/" "Mozilla/5.0 (Windows NT 10.0; Win64; x64) AppleWebKit/537.36 (KHTML, like Gecko) Chrome/128.0.0.0 Safari/537.36"
45.161.217.90 - - [20/Sep/2024:11:01:21 -0300] "GET /images/logo-sivana.png HTTP/1.1" 200 8258 "https://www.sivana.com.br/" "Mozilla/5.0 (Windows NT 10.0; Win64; x64) AppleWebKit/537.36 (KHTML, like Gecko) Chrome/128.0.0.0 Safari/537.36"
45.161.217.90 - - [20/Sep/2024:11:01:21 -0300] "GET /images/icon-fale.jpg HTTP/1.1" 200 1615 "https://www.sivana.com.br/" "Mozilla/5.0 (Windows NT 10.0; Win64; x64) AppleWebKit/537.36 (KHTML, like Gecko) Chrome/128.0.0.0 Safari/537.36"
45.161.217.90 - - [20/Sep/2024:11:01:21 -0300] "GET /images/icon-home.png HTTP/1.1" 200 1104 "https://www.sivana.com.br/" "Mozilla/5.0 (Windows NT 10.0; Win64; x64) AppleWebKit/537.36 (KHTML, like Gecko) Chrome/128.0.0.0 Safari/537.36"
45.161.217.90 - - [20/Sep/2024:11:01:21 -0300] "GET /userfiles/image/fotocovencao2023.jpeg HTTP/1.1" 200 206546 "https://www.sivana.com.br/" "Mozilla/5.0 (Windows NT 10.0; Win64; x64) AppleWebKit/537.36 (KHTML, like Gecko) Chrome/128.0.0.0 Safari/537.36"
45.161.217.90 - - [20/Sep/2024:11:01:21 -0300] "GET /userfiles/image/ruapontagrossasegura.jpeg HTTP/1.1" 200 105887 "https://www.sivana.com.br/" "Mozilla/5.0 (Windows NT 10.0; Win64; x64) AppleWebKit/537.36 (KHTML, like Gecko) Chrome/128.0.0.0 Safari/537.36"
45.161.217.90 - - [20/Sep/2024:11:01:21 -0300] "GET /userfiles/image/38cense.jpeg HTTP/1.1" 200 164329 "https://www.sivana.com.br/" "Mozilla/5.0 (Windows NT 10.0; Win64; x64) AppleWebKit/537.36 (KHTML, like Gecko) Chrome/128.0.0.0 Safari/537.36"
45.161.217.90 - - [20/Sep/2024:11:01:21 -0300] "GET /userfiles/galeria/img_9585-1688217046.jpg HTTP/1.1" 200 119286 "https://www.sivana.com.br/" "Mozilla/5.0 (Windows NT 10.0; Win64; x64) AppleWebKit/537.36 (KHTML, like Gecko) Chrome/128.0.0.0 Safari/537.36"
45.161.217.90 - - [20/Sep/2024:11:01:21 -0300] "GET /userfiles/galeria/novadiretoriacmgapucarana-1678806294.jpeg HTTP/1.1" 200 56556 "https://www.sivana.com.br/" "Mozilla/5.0 (Windows NT 10.0; Win64; x64) AppleWebKit/537.36 (KHTML, like Gecko) Chrome/128.0.0.0 Safari/537.36"
45.161.217.90 - - [20/Sep/2024:11:01:21 -0300] "GET /userfiles/banner/plano-de-saude-sivana.jpg HTTP/1.1" 200 54470 "https://www.sivana.com.br/" "Mozilla/5.0 (Windows NT 10.0; Win64; x64) AppleWebKit/537.36 (KHTML, like Gecko) Chrome/128.0.0.0 Safari/537.36"
45.161.217.90 - - [20/Sep/2024:11:01:21 -0300] "GET /userfiles/banner/banner_fecomercio.jpg HTTP/1.1" 200 61029 "https://www.sivana.com.br/" "Mozilla/5.0 (Windows NT 10.0; Win64; x64) AppleWebKit/537.36 (KHTML, like Gecko) Chrome/128.0.0.0 Safari/537.36"
45.161.217.90 - - [20/Sep/2024:11:01:21 -0300] "GET /userfiles/banner/banco-de-talentos.jpg HTTP/1.1" 200 32385 "https://www.sivana.com.br/" "Mozilla/5.0 (Windows NT 10.0; Win64; x64) AppleWebKit/537.36 (KHTML, like Gecko) Chrome/128.0.0.0 Safari/537.36"
45.161.217.90 - - [20/Sep/2024:11:01:21 -0300] "GET /images/icon-rapido.png HTTP/1.1" 200 1543 "https://www.sivana.com.br/" "Mozilla/5.0 (Windows NT 10.0; Win64; x64) AppleWebKit/537.36 (KHTML, like Gecko) Chrome/128.0.0.0 Safari/537.36"
45.161.217.90 - - [20/Sep/2024:11:01:21 -0300] "GET /images/codigo-consumidor.jpg HTTP/1.1" 200 9545 "https://www.sivana.com.br/" "Mozilla/5.0 (Windows NT 10.0; Win64; x64) AppleWebKit/537.36 (KHTML, like Gecko) Chrome/128.0.0.0 Safari/537.36"
45.161.217.90 - - [20/Sep/2024:11:01:21 -0300] "GET /images/mulheres.jpg HTTP/1.1" 200 22402 "https://www.sivana.com.br/" "Mozilla/5.0 (Windows NT 10.0; Win64; x64) AppleWebKit/537.36 (KHTML, like Gecko) Chrome/128.0.0.0 Safari/537.36"
45.161.217.90 - - [20/Sep/2024:11:01:21 -0300] "GET /images/fecomercio.jpg HTTP/1.1" 200 8081 "https://www.sivana.com.br/" "Mozilla/5.0 (Windows NT 10.0; Win64; x64) AppleWebKit/537.36 (KHTML, like Gecko) Chrome/128.0.0.0 Safari/537.36"
45.161.217.90 - - [20/Sep/2024:11:01:21 -0300] "GET /images/sesc.jpg HTTP/1.1" 200 4424 "https://www.sivana.com.br/" "Mozilla/5.0 (Windows NT 10.0; Win64; x64) AppleWebKit/537.36 (KHTML, like Gecko) Chrome/128.0.0.0 Safari/537.36"
45.161.217.90 - - [20/Sep/2024:11:01:21 -0300] "GET /images/senac.jpg HTTP/1.1" 200 5005 "https://www.sivana.com.br/" "Mozilla/5.0 (Windows NT 10.0; Win64; x64) AppleWebKit/537.36 (KHTML, like Gecko) Chrome/128.0.0.0 Safari/537.36"
45.161.217.90 - - [20/Sep/2024:11:01:21 -0300] "GET /images/camara_da_mulher.jpg HTTP/1.1" 200 10146 "https://www.sivana.com.br/" "Mozilla/5.0 (Windows NT 10.0; Win64; x64) AppleWebKit/537.36 (KHTML, like Gecko) Chrome/128.0.0.0 Safari/537.36"
45.161.217.90 - - [20/Sep/2024:11:01:21 -0300] "GET /images/acia.jpg HTTP/1.1" 200 5567 "https://www.sivana.com.br/" "Mozilla/5.0 (Windows NT 10.0; Win64; x64) AppleWebKit/537.36 (KHTML, like Gecko) Chrome/128.0.0.0 Safari/537.36"
45.161.217.90 - - [20/Sep/2024:11:01:21 -0300] "GET /images/sivana-logo-branca.png HTTP/1.1" 200 6273 "https://www.sivana.com.br/" "Mozilla/5.0 (Windows NT 10.0; Win64; x64) AppleWebKit/537.36 (KHTML, like Gecko) Chrome/128.0.0.0 Safari/537.36"
200.146.106.199 - - [20/Sep/2024:11:24:26 -0300] "GET /images/logo-sivana.png HTTP/1.1" 200 8258 "https://www.sivana.com.br/" "Mozilla/5.0 (Windows NT 10.0; Win64; x64) AppleWebKit/537.36 (KHTML, like Gecko) Chrome/128.0.0.0 Safari/537.36 Edg/128.0.0.0"
200.146.106.199 - - [20/Sep/2024:11:24:26 -0300] "GET /images/icon-fale.jpg HTTP/1.1" 200 1615 "https://www.sivana.com.br/" "Mozilla/5.0 (Windows NT 10.0; Win64; x64) AppleWebKit/537.36 (KHTML, like Gecko) Chrome/128.0.0.0 Safari/537.36 Edg/128.0.0.0"
200.146.106.199 - - [20/Sep/2024:11:24:27 -0300] "GET /images/icon-home.png HTTP/1.1" 200 1104 "https://www.sivana.com.br/" "Mozilla/5.0 (Windows NT 10.0; Win64; x64) AppleWebKit/537.36 (KHTML, like Gecko) Chrome/128.0.0.0 Safari/537.36 Edg/128.0.0.0"
200.146.106.199 - - [20/Sep/2024:11:24:27 -0300] "GET /userfiles/image/ruapontagrossasegura.jpeg HTTP/1.1" 200 105887 "https://www.sivana.com.br/" "Mozilla/5.0 (Windows NT 10.0; Win64; x64) AppleWebKit/537.36 (KHTML, like Gecko) Chrome/128.0.0.0 Safari/537.36 Edg/128.0.0.0"
200.146.106.199 - - [20/Sep/2024:11:24:27 -0300] "GET /userfiles/image/fotocovencao2023.jpeg HTTP/1.1" 200 206546 "https://www.sivana.com.br/" "Mozilla/5.0 (Windows NT 10.0; Win64; x64) AppleWebKit/537.36 (KHTML, like Gecko) Chrome/128.0.0.0 Safari/537.36 Edg/128.0.0.0"
200.146.106.199 - - [20/Sep/2024:11:24:27 -0300] "GET /userfiles/image/38cense.jpeg HTTP/1.1" 200 164329 "https://www.sivana.com.br/" "Mozilla/5.0 (Windows NT 10.0; Win64; x64) AppleWebKit/537.36 (KHTML, like Gecko) Chrome/128.0.0.0 Safari/537.36 Edg/128.0.0.0"
200.146.106.199 - - [20/Sep/2024:11:24:27 -0300] "GET /userfiles/galeria/img_9585-1688217046.jpg HTTP/1.1" 200 119286 "https://www.sivana.com.br/" "Mozilla/5.0 (Windows NT 10.0; Win64; x64) AppleWebKit/537.36 (KHTML, like Gecko) Chrome/128.0.0.0 Safari/537.36 Edg/128.0.0.0"
200.146.106.199 - - [20/Sep/2024:11:24:27 -0300] "GET /userfiles/galeria/novadiretoriacmgapucarana-1678806294.jpeg HTTP/1.1" 200 56556 "https://www.sivana.com.br/" "Mozilla/5.0 (Windows NT 10.0; Win64; x64) AppleWebKit/537.36 (KHTML, like Gecko) Chrome/128.0.0.0 Safari/537.36 Edg/128.0.0.0"
200.146.106.199 - - [20/Sep/2024:11:24:28 -0300] "GET /userfiles/banner/banner_fecomercio.jpg HTTP/1.1" 200 61029 "https://www.sivana.com.br/" "Mozilla/5.0 (Windows NT 10.0; Win64; x64) AppleWebKit/537.36 (KHTML, like Gecko) Chrome/128.0.0.0 Safari/537.36 Edg/128.0.0.0"
200.146.106.199 - - [20/Sep/2024:11:24:28 -0300] "GET /userfiles/banner/plano-de-saude-sivana.jpg HTTP/1.1" 200 54470 "https://www.sivana.com.br/" "Mozilla/5.0 (Windows NT 10.0; Win64; x64) AppleWebKit/537.36 (KHTML, like Gecko) Chrome/128.0.0.0 Safari/537.36 Edg/128.0.0.0"
200.146.106.199 - - [20/Sep/2024:11:24:28 -0300] "GET /userfiles/banner/banco-de-talentos.jpg HTTP/1.1" 200 32385 "https://www.sivana.com.br/" "Mozilla/5.0 (Windows NT 10.0; Win64; x64) AppleWebKit/537.36 (KHTML, like Gecko) Chrome/128.0.0.0 Safari/537.36 Edg/128.0.0.0"
200.146.106.199 - - [20/Sep/2024:11:24:28 -0300] "GET /images/icon-rapido.png HTTP/1.1" 200 1543 "https://www.sivana.com.br/" "Mozilla/5.0 (Windows NT 10.0; Win64; x64) AppleWebKit/537.36 (KHTML, like Gecko) Chrome/128.0.0.0 Safari/537.36 Edg/128.0.0.0"
200.146.106.199 - - [20/Sep/2024:11:24:28 -0300] "GET /images/codigo-consumidor.jpg HTTP/1.1" 200 9545 "https://www.sivana.com.br/" "Mozilla/5.0 (Windows NT 10.0; Win64; x64) AppleWebKit/537.36 (KHTML, like Gecko) Chrome/128.0.0.0 Safari/537.36 Edg/128.0.0.0"
200.146.106.199 - - [20/Sep/2024:11:24:28 -0300] "GET /images/mulheres.jpg HTTP/1.1" 200 22402 "https://www.sivana.com.br/" "Mozilla/5.0 (Windows NT 10.0; Win64; x64) AppleWebKit/537.36 (KHTML, like Gecko) Chrome/128.0.0.0 Safari/537.36 Edg/128.0.0.0"
200.146.106.199 - - [20/Sep/2024:11:24:28 -0300] "GET /images/fecomercio.jpg HTTP/1.1" 200 8081 "https://www.sivana.com.br/" "Mozilla/5.0 (Windows NT 10.0; Win64; x64) AppleWebKit/537.36 (KHTML, like Gecko) Chrome/128.0.0.0 Safari/537.36 Edg/128.0.0.0"
200.146.106.199 - - [20/Sep/2024:11:24:28 -0300] "GET /images/sesc.jpg HTTP/1.1" 200 4424 "https://www.sivana.com.br/" "Mozilla/5.0 (Windows NT 10.0; Win64; x64) AppleWebKit/537.36 (KHTML, like Gecko) Chrome/128.0.0.0 Safari/537.36 Edg/128.0.0.0"
200.146.106.199 - - [20/Sep/2024:11:24:28 -0300] "GET /images/senac.jpg HTTP/1.1" 200 5005 "https://www.sivana.com.br/" "Mozilla/5.0 (Windows NT 10.0; Win64; x64) AppleWebKit/537.36 (KHTML, like Gecko) Chrome/128.0.0.0 Safari/537.36 Edg/128.0.0.0"
200.146.106.199 - - [20/Sep/2024:11:24:28 -0300] "GET /images/camara_da_mulher.jpg HTTP/1.1" 200 10146 "https://www.sivana.com.br/" "Mozilla/5.0 (Windows NT 10.0; Win64; x64) AppleWebKit/537.36 (KHTML, like Gecko) Chrome/128.0.0.0 Safari/537.36 Edg/128.0.0.0"
200.146.106.199 - - [20/Sep/2024:11:24:28 -0300] "GET /images/acia.jpg HTTP/1.1" 200 5567 "https://www.sivana.com.br/" "Mozilla/5.0 (Windows NT 10.0; Win64; x64) AppleWebKit/537.36 (KHTML, like Gecko) Chrome/128.0.0.0 Safari/537.36 Edg/128.0.0.0"
200.146.106.199 - - [20/Sep/2024:11:24:28 -0300] "GET /images/sivana-logo-branca.png HTTP/1.1" 200 6273 "https://www.sivana.com.br/" "Mozilla/5.0 (Windows NT 10.0; Win64; x64) AppleWebKit/537.36 (KHTML, like Gecko) Chrome/128.0.0.0 Safari/537.36 Edg/128.0.0.0"
45.148.10.59 - - [20/Sep/2024:14:49:08 -0300] "GET /../assets/js/ie8-responsive-file-warning.js HTTP/1.1" 400 150 "-" "-"
45.148.10.59 - - [20/Sep/2024:14:49:29 -0300] "GET /../assets/js/ie8-responsive-file-warning.js HTTP/1.1" 400 150 "-" "-"
91.92.248.147 - - [20/Sep/2024:21:42:03 -0300] "GET /../assets/js/ie8-responsive-file-warning.js HTTP/1.1" 400 150 "-" "-"
44.203.79.36 - - [21/Sep/2024:07:42:07 -0300] "GET / HTTP/1.0" 200 7519 "http://www.sivana.com.br" "Mozilla/5.0 (Macintosh; Intel Mac OS X 10.15; rv:91.0) Gecko/20100101 Firefox/91.0"
34.200.248.120 - - [21/Sep/2024:07:46:02 -0300] "GET /contribuicao-sindical/ HTTP/1.0" 200 6736 "http://www.sivana.com.br" "Mozilla/5.0 (Windows NT 10.0; Win64; x64; rv:95.0) Gecko/20100101 Firefox/95.0"
52.3.236.116 - - [21/Sep/2024:07:46:06 -0300] "GET /o-sindicato-historico/ HTTP/1.0" 200 5802 "http://www.sivana.com.br" "Mozilla/5.0 (Windows NT 10.0; Win64; x64) AppleWebKit/537.36 (KHTML, like Gecko) Chrome/94.0.4606.81 Safari/537.36"
44.203.216.99 - - [21/Sep/2024:07:46:06 -0300] "GET /filie-se-documentos/ HTTP/1.0" 200 8467 "http://www.sivana.com.br" "Mozilla/5.0 (Windows NT 10.0; Win64; x64) AppleWebKit/537.36 (KHTML, like Gecko) Chrome/95.0.4638.54 Safari/537.36"
3.219.33.36 - - [21/Sep/2024:07:46:07 -0300] "GET /links/ HTTP/1.0" 200 5545 "http://www.sivana.com.br" "Mozilla/5.0 (Windows NT 10.0; Win64; x64) AppleWebKit/537.36 (KHTML, like Gecko) Chrome/94.0.4606.81 Safari/537.36 OPR/80.0.4170.63"
44.211.242.113 - - [21/Sep/2024:07:46:14 -0300] "GET /camara-da-mulher/ HTTP/1.0" 200 6291 "http://www.sivana.com.br" "Mozilla/5.0 (Macintosh; Intel Mac OS X 10_15_7) AppleWebKit/537.36 (KHTML, like Gecko) Chrome/96.0.4664.55 Safari/537.36"
18.234.199.122 - - [21/Sep/2024:07:46:16 -0300] "GET /o-sindicato-estrutura/ HTTP/1.0" 200 5644 "http://www.sivana.com.br" "Mozilla/5.0 (X11; Linux x86_64) AppleWebKit/537.36 (KHTML, like Gecko) Chrome/95.0.4638.69 Safari/537.36"
44.211.242.113 - - [21/Sep/2024:07:46:19 -0300] "GET /banco-de-talentos/ HTTP/1.0" 200 8956 "http://www.sivana.com.br" "Mozilla/5.0 (X11; Ubuntu; Linux x86_64; rv:94.0) Gecko/20100101 Firefox/94.0"
100.27.38.167 - - [21/Sep/2024:07:46:20 -0300] "GET /associados/ HTTP/1.0" 200 16977 "http://www.sivana.com.br" "Mozilla/5.0 (X11; Linux x86_64) AppleWebKit/537.36 (KHTML, like Gecko) Chrome/94.0.4606.81 Safari/537.36"
44.200.195.128 - - [21/Sep/2024:07:46:23 -0300] "GET /galeria-de-videos/ HTTP/1.0" 200 5635 "http://www.sivana.com.br" "Mozilla/5.0 (Windows NT 10.0; Win64; x64) AppleWebKit/537.36 (KHTML, like Gecko) Chrome/94.0.4606.61 Safari/537.36"
100.27.38.167 - - [21/Sep/2024:07:46:26 -0300] "GET /oportunidades-de-emprego/ HTTP/1.0" 200 5480 "http://www.sivana.com.br" "Mozilla/5.0 (Windows NT 10.0; Win64; x64) AppleWebKit/537.36 (KHTML, like Gecko) Chrome/95.0.4638.54 Safari/537.36 Edg/95.0.1020.30"
3.94.31.201 - - [21/Sep/2024:07:46:35 -0300] "GET /area-associado/ HTTP/1.0" 200 1969 "http://www.sivana.com.br" "Mozilla/5.0 (Windows NT 10.0; Win64; x64; rv:78.0) Gecko/20100101 Firefox/78.0"
18.234.199.122 - - [21/Sep/2024:07:46:40 -0300] "GET /filie-se-vantagens/ HTTP/1.0" 200 12846 "http://www.sivana.com.br" "Mozilla/5.0 (X11; Linux x86_64) AppleWebKit/537.36 (KHTML, like Gecko) Chrome/95.0.4638.69 Safari/537.36"
44.198.181.119 - - [21/Sep/2024:07:46:45 -0300] "GET /o-sindicato-diretoria/ HTTP/1.0" 200 6131 "http://www.sivana.com.br" "Mozilla/5.0 (Macintosh; Intel Mac OS X 10_15_7) AppleWebKit/537.36 (KHTML, like Gecko) Chrome/96.0.4664.45 Safari/537.36"
34.200.248.120 - - [21/Sep/2024:07:46:45 -0300] "GET /cursos/ HTTP/1.0" 200 5229 "http://www.sivana.com.br" "Mozilla/5.0 (X11; Linux x86_64; rv:93.0) Gecko/20100101 Firefox/93.0"
3.219.33.36 - - [21/Sep/2024:07:49:40 -0300] "GET /noticia/461/apucarana-75-anos HTTP/1.0" 200 7613 "http://www.sivana.com.br" "Mozilla/5.0 (X11; Linux x86_64; rv:78.0) Gecko/20100101 Firefox/78.0"
44.195.92.160 - - [21/Sep/2024:07:50:18 -0300] "GET /noticia/205/circuito-sesc-apucarana HTTP/1.0" 200 7813 "http://www.sivana.com.br" "Mozilla/5.0 (Windows NT 10.0; Win64; x64) AppleWebKit/537.36 (KHTML, like Gecko) Chrome/93.0.4577.82 YaBrowser/21.9.2.169 Yowser/2.5 Safari/537.36"
44.220.167.31 - - [21/Sep/2024:07:50:32 -0300] "GET /noticia/192/fecomercio-pr-card HTTP/1.0" 200 7581 "http://www.sivana.com.br" "Mozilla/5.0 (Macintosh; Intel Mac OS X 10_15_7) AppleWebKit/537.36 (KHTML, like Gecko) Chrome/95.0.4638.54 Safari/537.36"
3.219.33.36 - - [21/Sep/2024:07:50:50 -0300] "GET /recuperar-senha.php HTTP/1.0" 200 5323 "http://www.sivana.com.br" "Mozilla/5.0 (Windows NT 10.0; Win64; x64) AppleWebKit/537.36 (KHTML, like Gecko) Chrome/93.0.4577.82 YaBrowser/21.9.2.169 Yowser/2.5 Safari/537.36"
3.239.16.199 - - [21/Sep/2024:07:51:12 -0300] "GET /noticia/317/dia-dos-namorados HTTP/1.0" 200 7508 "http://www.sivana.com.br" "Mozilla/5.0 (Windows NT 10.0; Win64; x64) AppleWebKit/537.36 (KHTML, like Gecko) Chrome/95.0.4638.69 Safari/537.36 Edg/95.0.1020.53"
34.200.248.120 - - [21/Sep/2024:07:51:16 -0300] "GET /noticia/276/parabens,-fecomercio-parana! HTTP/1.0" 200 7565 "http://www.sivana.com.br" "Mozilla/5.0 (Windows NT 10.0; Win64; x64) AppleWebKit/537.36 (KHTML, like Gecko) Chrome/94.0.4606.81 Safari/537.36 OPR/80.0.4170.91"
44.200.156.83 - - [21/Sep/2024:07:51:28 -0300] "GET /noticia/257/vaga-de-emprego HTTP/1.0" 200 7504 "http://www.sivana.com.br" "Mozilla/5.0 (Windows NT 10.0; rv:78.0) Gecko/20100101 Firefox/78.0"
3.223.191.194 - - [21/Sep/2024:07:51:35 -0300] "GET /o-sindicato-estatuto/ HTTP/1.0" 200 5322 "http://www.sivana.com.br" "Mozilla/5.0 (Macintosh; Intel Mac OS X 10_15_7) AppleWebKit/537.36 (KHTML, like Gecko) Chrome/94.0.4606.71 Safari/537.36"
52.3.236.116 - - [21/Sep/2024:07:51:38 -0300] "GET /noticia/177/atencao-lojista! HTTP/1.0" 200 8629 "http://www.sivana.com.br" "Mozilla/5.0 (X11; Linux x86_64) AppleWebKit/537.36 (KHTML, like Gecko) Chrome/95.0.4638.54 Safari/537.36"
3.219.33.36 - - [21/Sep/2024:07:51:43 -0300] "GET /noticia/262/vem-pra-rua! HTTP/1.0" 200 7721 "http://www.sivana.com.br" "Mozilla/5.0 (Windows NT 10.0; Win64; x64) AppleWebKit/537.36 (KHTML, like Gecko) Chrome/96.0.4664.45 Safari/537.36 Edg/96.0.1054.29"
3.94.31.201 - - [21/Sep/2024:07:51:59 -0300] "GET /noticia/531/quer-faturar-mais? HTTP/1.0" 200 7561 "http://www.sivana.com.br" "Mozilla/5.0 (Windows NT 10.0; Win64; x64) AppleWebKit/537.36 (KHTML, like Gecko) Chrome/95.0.4638.69 Safari/537.36"
66.249.66.64 - - [21/Sep/2024:09:36:06 -0300] "GET /robots.txt HTTP/1.0" 404 1173 "-" "Mozilla/5.0 (compatible; Googlebot/2.1; +http://www.google.com/bot.html)"
44.203.79.36 - - [21/Sep/2024:09:43:08 -0300] "GET / HTTP/1.0" 200 7519 "http://www.sivana.com.br" "Mozilla/5.0 (Windows NT 10.0; Win64; x64; rv:78.0) Gecko/20100101 Firefox/78.0"
3.219.33.36 - - [21/Sep/2024:09:46:56 -0300] "GET /links/ HTTP/1.0" 200 5545 "http://www.sivana.com.br" "Mozilla/5.0 (X11; Linux x86_64) AppleWebKit/537.36 (KHTML, like Gecko) Chrome/94.0.4606.71 Safari/537.36"
52.3.236.116 - - [21/Sep/2024:09:47:03 -0300] "GET /o-sindicato-historico/ HTTP/1.0" 200 5802 "http://www.sivana.com.br" "Mozilla/5.0 (Windows NT 10.0; Win64; x64) AppleWebKit/537.36 (KHTML, like Gecko) Chrome/94.0.4606.81 Safari/537.36 OPR/80.0.4170.63 (Edition Yx 05)"
44.203.216.99 - - [21/Sep/2024:09:47:07 -0300] "GET /filie-se-documentos/ HTTP/1.0" 200 8467 "http://www.sivana.com.br" "Mozilla/5.0 (Windows NT 10.0; Win64; x64) AppleWebKit/537.36 (KHTML, like Gecko) Chrome/95.0.4638.69 Safari/537.36 Edg/95.0.1020.53"
44.211.242.113 - - [21/Sep/2024:09:47:08 -0300] "GET /banco-de-talentos/ HTTP/1.0" 200 8956 "http://www.sivana.com.br" "Mozilla/5.0 (Macintosh; Intel Mac OS X 10_15_7) AppleWebKit/605.1.15 (KHTML, like Gecko) Version/14.1.1 Safari/605.1.15"
18.234.199.122 - - [21/Sep/2024:09:47:19 -0300] "GET /o-sindicato-estrutura/ HTTP/1.0" 200 5644 "http://www.sivana.com.br" "Mozilla/5.0 (Macintosh; Intel Mac OS X 10_15_7) AppleWebKit/537.36 (KHTML, like Gecko) Chrome/95.0.4638.69 Safari/537.36"
100.27.38.167 - - [21/Sep/2024:09:47:27 -0300] "GET /associados/ HTTP/1.0" 200 16977 "http://www.sivana.com.br" "Mozilla/5.0 (Windows NT 10.0; WOW64) AppleWebKit/537.36 (KHTML, like Gecko) Chrome/95.0.4638.69 Safari/537.36"
34.200.248.120 - - [21/Sep/2024:09:47:29 -0300] "GET /contribuicao-sindical/ HTTP/1.0" 200 6736 "http://www.sivana.com.br" "Mozilla/5.0 (Macintosh; Intel Mac OS X 10.15; rv:91.0) Gecko/20100101 Firefox/91.0"
44.211.242.113 - - [21/Sep/2024:09:47:35 -0300] "GET /camara-da-mulher/ HTTP/1.0" 200 6291 "http://www.sivana.com.br" "Mozilla/5.0 (X11; Linux x86_64) AppleWebKit/537.36 (KHTML, like Gecko) Chrome/95.0.4638.69 Safari/537.36"
34.200.248.120 - - [21/Sep/2024:09:47:38 -0300] "GET /cursos/ HTTP/1.0" 200 5229 "http://www.sivana.com.br" "Mozilla/5.0 (Macintosh; Intel Mac OS X 10_15_7) AppleWebKit/537.36 (KHTML, like Gecko) Chrome/94.0.4606.81 Safari/537.36"
44.198.181.119 - - [21/Sep/2024:09:47:49 -0300] "GET /o-sindicato-diretoria/ HTTP/1.0" 200 6131 "http://www.sivana.com.br" "Mozilla/5.0 (X11; Linux x86_64) AppleWebKit/537.36 (KHTML, like Gecko) Chrome/96.0.4664.45 Safari/537.36"
3.223.191.194 - - [21/Sep/2024:09:47:52 -0300] "GET /o-sindicato-estatuto/ HTTP/1.0" 200 5322 "http://www.sivana.com.br" "Mozilla/5.0 (Windows NT 10.0; Win64; x64; rv:93.0) Gecko/20100101 Firefox/93.0"
3.94.31.201 - - [21/Sep/2024:09:47:56 -0300] "GET /area-associado/ HTTP/1.0" 200 1969 "http://www.sivana.com.br" "Mozilla/5.0 (Windows NT 10.0; Win64; x64) AppleWebKit/537.36 (KHTML, like Gecko) Chrome/96.0.4664.45 Safari/537.36"
44.200.195.128 - - [21/Sep/2024:09:47:59 -0300] "GET /galeria-de-videos/ HTTP/1.0" 200 5635 "http://www.sivana.com.br" "Mozilla/5.0 (X11; Linux x86_64) AppleWebKit/537.36 (KHTML, like Gecko) Chrome/93.0.4577.63 Safari/537.36"
100.27.38.167 - - [21/Sep/2024:09:48:00 -0300] "GET /oportunidades-de-emprego/ HTTP/1.0" 200 5480 "http://www.sivana.com.br" "Mozilla/5.0 (Macintosh; Intel Mac OS X 10_15_7) AppleWebKit/537.36 (KHTML, like Gecko) Chrome/94.0.4606.81 Safari/537.36"
18.234.199.122 - - [21/Sep/2024:09:48:20 -0300] "GET /filie-se-vantagens/ HTTP/1.0" 200 12846 "http://www.sivana.com.br" "Mozilla/5.0 (X11; Linux x86_64; rv:93.0) Gecko/20100101 Firefox/93.0"
3.219.33.36 - - [21/Sep/2024:09:50:52 -0300] "GET /noticia/262/vem-pra-rua! HTTP/1.0" 200 7721 "http://www.sivana.com.br" "Mozilla/5.0 (Windows NT 10.0; Win64; x64) AppleWebKit/537.36 (KHTML, like Gecko) Chrome/95.0.4638.69 Safari/537.36"
3.219.33.36 - - [21/Sep/2024:09:50:58 -0300] "GET /noticia/461/apucarana-75-anos HTTP/1.0" 200 7613 "http://www.sivana.com.br" "Mozilla/5.0 (Macintosh; Intel Mac OS X 10_15_7) AppleWebKit/605.1.15 (KHTML, like Gecko) Version/14.1.2 Safari/605.1.15"
44.220.167.31 - - [21/Sep/2024:09:51:38 -0300] "GET /noticia/192/fecomercio-pr-card HTTP/1.0" 200 7581 "http://www.sivana.com.br" "Mozilla/5.0 (Windows NT 10.0; Win64; x64) AppleWebKit/537.36 (KHTML, like Gecko) Chrome/94.0.4606.81 Safari/537.36 OPR/80.0.4170.63"
34.200.248.120 - - [21/Sep/2024:09:51:44 -0300] "GET /noticia/276/parabens,-fecomercio-parana! HTTP/1.0" 200 7565 "http://www.sivana.com.br" "Mozilla/5.0 (Macintosh; Intel Mac OS X 10_15_7) AppleWebKit/537.36 (KHTML, like Gecko) Chrome/95.0.4638.54 Safari/537.36"
3.219.33.36 - - [21/Sep/2024:09:51:44 -0300] "GET /recuperar-senha.php HTTP/1.0" 200 5323 "http://www.sivana.com.br" "Mozilla/5.0 (Windows NT 10.0; Win64; x64) AppleWebKit/537.36 (KHTML, like Gecko) Chrome/93.0.4577.82 YaBrowser/21.9.2.169 Yowser/2.5 Safari/537.36"
44.195.92.160 - - [21/Sep/2024:09:51:45 -0300] "GET /noticia/205/circuito-sesc-apucarana HTTP/1.0" 200 7813 "http://www.sivana.com.br" "Mozilla/5.0 (Windows NT 10.0; Win64; x64; rv:94.0) Gecko/20100101 Firefox/94.0"
52.3.236.116 - - [21/Sep/2024:09:52:30 -0300] "GET /noticia/177/atencao-lojista! HTTP/1.0" 200 8629 "http://www.sivana.com.br" "Mozilla/5.0 (Windows NT 10.0; rv:91.0) Gecko/20100101 Firefox/91.0"
3.239.16.199 - - [21/Sep/2024:09:52:49 -0300] "GET /noticia/317/dia-dos-namorados HTTP/1.0" 200 7508 "http://www.sivana.com.br" "Mozilla/5.0 (Windows NT 10.0; Win64; x64) AppleWebKit/537.36 (KHTML, like Gecko) Chrome/94.0.4606.61 Safari/537.36"
44.200.156.83 - - [21/Sep/2024:09:52:54 -0300] "GET /noticia/257/vaga-de-emprego HTTP/1.0" 200 7504 "http://www.sivana.com.br" "Mozilla/5.0 (Windows NT 6.1; Win64; x64) AppleWebKit/537.36 (KHTML, like Gecko) Chrome/95.0.4638.54 Safari/537.36"
3.94.31.201 - - [21/Sep/2024:09:53:19 -0300] "GET /noticia/531/quer-faturar-mais? HTTP/1.0" 200 7561 "http://www.sivana.com.br" "Mozilla/5.0 (X11; Linux x86_64) AppleWebKit/537.36 (KHTML, like Gecko) Chrome/93.0.4577.63 Safari/537.36"
66.249.66.208 - - [21/Sep/2024:11:10:27 -0300] "GET /robots.txt HTTP/1.0" 404 1173 "-" "Mozilla/5.0 (compatible; Googlebot/2.1; +http://www.google.com/bot.html)"
44.203.79.36 - - [21/Sep/2024:11:44:07 -0300] "GET / HTTP/1.0" 200 7519 "http://www.sivana.com.br" "Mozilla/5.0 (Windows NT 10.0; rv:78.0) Gecko/20100101 Firefox/78.0"
18.234.199.122 - - [21/Sep/2024:11:48:07 -0300] "GET /o-sindicato-estrutura/ HTTP/1.0" 200 5644 "http://www.sivana.com.br" "Mozilla/5.0 (Macintosh; Intel Mac OS X 10.15; rv:91.0) Gecko/20100101 Firefox/91.0"
52.3.236.116 - - [21/Sep/2024:11:48:14 -0300] "GET /o-sindicato-historico/ HTTP/1.0" 200 5802 "http://www.sivana.com.br" "Mozilla/5.0 (Windows NT 10.0; Win64; x64) AppleWebKit/537.36 (KHTML, like Gecko) Chrome/93.0.4577.82 YaBrowser/21.9.2.169 Yowser/2.5 Safari/537.36"
3.219.33.36 - - [21/Sep/2024:11:48:23 -0300] "GET /links/ HTTP/1.0" 200 5545 "http://www.sivana.com.br" "Mozilla/5.0 (X11; Linux x86_64) AppleWebKit/537.36 (KHTML, like Gecko) Chrome/95.0.4638.54 Safari/537.36"
34.200.248.120 - - [21/Sep/2024:11:48:25 -0300] "GET /contribuicao-sindical/ HTTP/1.0" 200 6736 "http://www.sivana.com.br" "Mozilla/5.0 (Macintosh; Intel Mac OS X 10_15_7) AppleWebKit/605.1.15 (KHTML, like Gecko) Version/15.1 Safari/605.1.15"
100.27.38.167 - - [21/Sep/2024:11:48:32 -0300] "GET /oportunidades-de-emprego/ HTTP/1.0" 200 3123 "http://www.sivana.com.br" "Mozilla/5.0 (Windows NT 10.0; rv:91.0) Gecko/20100101 Firefox/91.0"
44.211.242.113 - - [21/Sep/2024:11:48:34 -0300] "GET /banco-de-talentos/ HTTP/1.0" 200 8956 "http://www.sivana.com.br" "Mozilla/5.0 (X11; Ubuntu; Linux x86_64; rv:94.0) Gecko/20100101 Firefox/94.0"
44.211.242.113 - - [21/Sep/2024:11:48:26 -0300] "GET /camara-da-mulher/ HTTP/1.0" 200 6291 "http://www.sivana.com.br" "Mozilla/5.0 (Windows NT 6.3; Win64; x64) AppleWebKit/537.36 (KHTML, like Gecko) Chrome/95.0.4638.69 Safari/537.36"
44.200.195.128 - - [21/Sep/2024:11:48:39 -0300] "GET /galeria-de-videos/ HTTP/1.0" 200 5635 "http://www.sivana.com.br" "Mozilla/5.0 (Windows NT 10.0; Win64; x64) AppleWebKit/537.36 (KHTML, like Gecko) Chrome/96.0.4664.45 Safari/537.36"
44.198.181.119 - - [21/Sep/2024:11:48:41 -0300] "GET /o-sindicato-diretoria/ HTTP/1.0" 200 6131 "http://www.sivana.com.br" "Mozilla/5.0 (Windows NT 10.0; Win64; x64; rv:92.0) Gecko/20100101 Firefox/92.0"
34.200.248.120 - - [21/Sep/2024:11:48:44 -0300] "GET /cursos/ HTTP/1.0" 200 5229 "http://www.sivana.com.br" "Mozilla/5.0 (X11; Linux x86_64; rv:78.0) Gecko/20100101 Firefox/78.0"
100.27.38.167 - - [21/Sep/2024:11:48:48 -0300] "GET /associados/ HTTP/1.0" 200 16977 "http://www.sivana.com.br" "Mozilla/5.0 (Windows NT 10.0; Win64; x64) AppleWebKit/537.36 (KHTML, like Gecko) Chrome/95.0.4638.69 Safari/537.36 Edg/95.0.1020.44"
3.94.31.201 - - [21/Sep/2024:11:48:49 -0300] "GET /area-associado/ HTTP/1.0" 200 1969 "http://www.sivana.com.br" "Mozilla/5.0 (X11; Linux x86_64; rv:78.0) Gecko/20100101 Firefox/78.0"
44.203.216.99 - - [21/Sep/2024:11:48:50 -0300] "GET /filie-se-documentos/ HTTP/1.0" 200 8467 "http://www.sivana.com.br" "Mozilla/5.0 (Windows NT 10.0; Win64; x64) AppleWebKit/537.36 (KHTML, like Gecko) Chrome/96.0.4664.45 Safari/537.36"
18.234.199.122 - - [21/Sep/2024:11:49:07 -0300] "GET /filie-se-vantagens/ HTTP/1.0" 200 12846 "http://www.sivana.com.br" "Mozilla/5.0 (X11; Linux x86_64) AppleWebKit/537.36 (KHTML, like Gecko) Chrome/94.0.4606.71 Safari/537.36"
3.223.191.194 - - [21/Sep/2024:11:49:12 -0300] "GET /o-sindicato-estatuto/ HTTP/1.0" 200 5322 "http://www.sivana.com.br" "Mozilla/5.0 (Windows NT 10.0; Win64; x64) AppleWebKit/537.36 (KHTML, like Gecko) Chrome/94.0.4606.81 Safari/537.36 OPR/80.0.4170.61"
3.219.33.36 - - [21/Sep/2024:11:51:57 -0300] "GET /recuperar-senha.php HTTP/1.0" 200 5323 "http://www.sivana.com.br" "Mozilla/5.0 (Windows NT 6.1; Win64; x64) AppleWebKit/537.36 (KHTML, like Gecko) Chrome/95.0.4638.69 Safari/537.36"
34.200.248.120 - - [21/Sep/2024:11:52:22 -0300] "GET /noticia/276/parabens,-fecomercio-parana! HTTP/1.0" 200 7565 "http://www.sivana.com.br" "Mozilla/5.0 (Windows NT 10.0; Win64; x64) AppleWebKit/537.36 (KHTML, like Gecko) Chrome/94.0.4606.81 Safari/537.36 OPR/80.0.4170.63"
3.219.33.36 - - [21/Sep/2024:11:52:33 -0300] "GET /noticia/262/vem-pra-rua! HTTP/1.0" 200 7721 "http://www.sivana.com.br" "Mozilla/5.0 (X11; Linux x86_64) AppleWebKit/537.36 (KHTML, like Gecko) Chrome/96.0.4664.45 Safari/537.36"
44.195.92.160 - - [21/Sep/2024:11:52:47 -0300] "GET /noticia/205/circuito-sesc-apucarana HTTP/1.0" 200 7813 "http://www.sivana.com.br" "Mozilla/5.0 (Macintosh; Intel Mac OS X 10_15_7) AppleWebKit/537.36 (KHTML, like Gecko) Chrome/96.0.4664.55 Safari/537.36"
3.219.33.36 - - [21/Sep/2024:11:52:59 -0300] "GET /noticia/461/apucarana-75-anos HTTP/1.0" 200 7613 "http://www.sivana.com.br" "Mozilla/5.0 (X11; Linux x86_64) AppleWebKit/537.36 (KHTML, like Gecko) Chrome/95.0.4638.69 Safari/537.36"
52.3.236.116 - - [21/Sep/2024:11:53:23 -0300] "GET /noticia/177/atencao-lojista! HTTP/1.0" 200 8629 "http://www.sivana.com.br" "Mozilla/5.0 (Windows NT 10.0; Win64; x64) AppleWebKit/537.36 (KHTML, like Gecko) Chrome/96.0.4664.45 Safari/537.36 Edg/96.0.1054.29"
44.220.167.31 - - [21/Sep/2024:11:53:26 -0300] "GET /noticia/192/fecomercio-pr-card HTTP/1.0" 200 7581 "http://www.sivana.com.br" "Mozilla/5.0 (Macintosh; Intel Mac OS X 10.15; rv:94.0) Gecko/20100101 Firefox/94.0"
3.239.16.199 - - [21/Sep/2024:11:53:42 -0300] "GET /noticia/317/dia-dos-namorados HTTP/1.0" 200 7508 "http://www.sivana.com.br" "Mozilla/5.0 (Macintosh; Intel Mac OS X 10_15_7) AppleWebKit/605.1.15 (KHTML, like Gecko) Version/14.1.1 Safari/605.1.15"
44.200.156.83 - - [21/Sep/2024:11:54:09 -0300] "GET /noticia/257/vaga-de-emprego HTTP/1.0" 200 7504 "http://www.sivana.com.br" "Mozilla/5.0 (Windows NT 10.0; Win64; x64) AppleWebKit/537.36 (KHTML, like Gecko) Chrome/94.0.4606.71 Safari/537.36"
3.94.31.201 - - [21/Sep/2024:11:54:20 -0300] "GET /noticia/531/quer-faturar-mais? HTTP/1.0" 200 7561 "http://www.sivana.com.br" "Mozilla/5.0 (Windows NT 10.0; Win64; x64) AppleWebKit/537.36 (KHTML, like Gecko) Chrome/94.0.4606.81 Safari/537.36"
44.203.79.36 - - [21/Sep/2024:13:45:07 -0300] "GET / HTTP/1.0" 200 7519 "http://www.sivana.com.br" "Mozilla/5.0 (X11; Linux x86_64; rv:94.0) Gecko/20100101 Firefox/94.0"
34.200.248.120 - - [21/Sep/2024:13:48:52 -0300] "GET /contribuicao-sindical/ HTTP/1.0" 200 6736 "http://www.sivana.com.br" "Mozilla/5.0 (Windows NT 10.0; Win64; x64) AppleWebKit/537.36 (KHTML, like Gecko) Chrome/95.0.4638.54 Safari/537.36"
52.3.236.116 - - [21/Sep/2024:13:49:09 -0300] "GET /o-sindicato-historico/ HTTP/1.0" 200 5802 "http://www.sivana.com.br" "Mozilla/5.0 (Macintosh; Intel Mac OS X 10_15_7) AppleWebKit/537.36 (KHTML, like Gecko) Chrome/96.0.4664.55 Safari/537.36"
44.211.242.113 - - [21/Sep/2024:13:49:12 -0300] "GET /banco-de-talentos/ HTTP/1.0" 200 8956 "http://www.sivana.com.br" "Mozilla/5.0 (Windows NT 6.1; Win64; x64) AppleWebKit/537.36 (KHTML, like Gecko) Chrome/95.0.4638.54 Safari/537.36"
100.27.38.167 - - [21/Sep/2024:13:49:13 -0300] "GET /associados/ HTTP/1.0" 200 16977 "http://www.sivana.com.br" "Mozilla/5.0 (Windows NT 10.0; Win64; x64) AppleWebKit/537.36 (KHTML, like Gecko) Chrome/95.0.4638.54 Safari/537.36 Edg/95.0.1020.30"
3.219.33.36 - - [21/Sep/2024:13:49:22 -0300] "GET /links/ HTTP/1.0" 200 5545 "http://www.sivana.com.br" "Mozilla/5.0 (Macintosh; Intel Mac OS X 10_15_7) AppleWebKit/537.36 (KHTML, like Gecko) Chrome/95.0.4638.69 Safari/537.36"
18.234.199.122 - - [21/Sep/2024:13:49:31 -0300] "GET /o-sindicato-estrutura/ HTTP/1.0" 200 5275 "http://www.sivana.com.br" "Mozilla/5.0 (Windows NT 10.0; Win64; x64) AppleWebKit/537.36 (KHTML, like Gecko) Chrome/94.0.4606.81 Safari/537.36 OPR/80.0.4170.63"
44.203.216.99 - - [21/Sep/2024:13:49:35 -0300] "GET /filie-se-documentos/ HTTP/1.0" 200 7741 "http://www.sivana.com.br" "Mozilla/5.0 (Windows NT 10.0; Win64; x64; rv:93.0) Gecko/20100101 Firefox/93.0"
44.200.195.128 - - [21/Sep/2024:13:49:41 -0300] "GET /galeria-de-videos/ HTTP/1.0" 200 5249 "http://www.sivana.com.br" "Mozilla/5.0 (Windows NT 10.0; Win64; x64) AppleWebKit/537.36 (KHTML, like Gecko) Chrome/95.0.4638.69 Safari/537.36 Edg/95.0.1020.44"
3.223.191.194 - - [21/Sep/2024:13:49:47 -0300] "GET /o-sindicato-estatuto/ HTTP/1.0" 200 5322 "http://www.sivana.com.br" "Mozilla/5.0 (Windows NT 10.0; Win64; x64; rv:93.0) Gecko/20100101 Firefox/93.0"
34.200.248.120 - - [21/Sep/2024:13:49:47 -0300] "GET /cursos/ HTTP/1.0" 200 5229 "http://www.sivana.com.br" "Mozilla/5.0 (Windows NT 10.0; Win64; x64) AppleWebKit/537.36 (KHTML, like Gecko) Chrome/95.0.4638.69 Safari/537.36"
3.94.31.201 - - [21/Sep/2024:13:49:50 -0300] "GET /area-associado/ HTTP/1.0" 200 1969 "http://www.sivana.com.br" "Mozilla/5.0 (Windows NT 6.1; Win64; x64) AppleWebKit/537.36 (KHTML, like Gecko) Chrome/95.0.4638.69 Safari/537.36"
18.234.199.122 - - [21/Sep/2024:13:50:00 -0300] "GET /filie-se-vantagens/ HTTP/1.0" 200 12846 "http://www.sivana.com.br" "Mozilla/5.0 (Windows NT 10.0; Win64; x64; rv:94.0) Gecko/20100101 Firefox/94.0"
100.27.38.167 - - [21/Sep/2024:13:50:00 -0300] "GET /oportunidades-de-emprego/ HTTP/1.0" 200 5480 "http://www.sivana.com.br" "Mozilla/5.0 (Macintosh; Intel Mac OS X 10_15_7) AppleWebKit/605.1.15 (KHTML, like Gecko) Version/14.1.1 Safari/605.1.15"
44.211.242.113 - - [21/Sep/2024:13:50:04 -0300] "GET /camara-da-mulher/ HTTP/1.0" 200 6291 "http://www.sivana.com.br" "Mozilla/5.0 (X11; Linux x86_64) AppleWebKit/537.36 (KHTML, like Gecko) Chrome/94.0.4606.71 Safari/537.36"
44.198.181.119 - - [21/Sep/2024:13:50:23 -0300] "GET /o-sindicato-diretoria/ HTTP/1.0" 200 6131 "http://www.sivana.com.br" "Mozilla/5.0 (Windows NT 6.1; Win64; x64) AppleWebKit/537.36 (KHTML, like Gecko) Chrome/95.0.4638.54 Safari/537.36"
15.188.75.55 - - [21/Sep/2024:13:51:31 -0300] "GET /wp-content/plugins/yyobang/mar.php HTTP/1.0" 301 5409 "www.google.com" "Mozlila/5.0 (Linux; Android 7.0; SM-G892A Build/NRD90M; wv) AppleWebKit/537.36 (KHTML, like Gecko) Version/4.0 Chrome/60.0.3112.107 Mobile Safari/537.36"
44.195.92.160 - - [21/Sep/2024:13:52:57 -0300] "GET /noticia/205/circuito-sesc-apucarana HTTP/1.0" 200 7813 "http://www.sivana.com.br" "Mozilla/5.0 (Windows NT 10.0; Win64; x64) AppleWebKit/537.36 (KHTML, like Gecko) Chrome/94.0.4606.81 Safari/537.36 OPR/80.0.4170.63"
3.219.33.36 - - [21/Sep/2024:13:53:17 -0300] "GET /noticia/461/apucarana-75-anos HTTP/1.0" 200 7613 "http://www.sivana.com.br" "Mozilla/5.0 (Macintosh; Intel Mac OS X 10_15_7) AppleWebKit/537.36 (KHTML, like Gecko) Chrome/95.0.4638.69 Safari/537.36"
3.219.33.36 - - [21/Sep/2024:13:53:28 -0300] "GET /recuperar-senha.php HTTP/1.0" 200 5323 "http://www.sivana.com.br" "Mozilla/5.0 (Windows NT 10.0; Win64; x64) AppleWebKit/537.36 (KHTML, like Gecko) Chrome/94.0.4606.61 Safari/537.36"
3.219.33.36 - - [21/Sep/2024:13:53:53 -0300] "GET /noticia/262/vem-pra-rua! HTTP/1.0" 200 7721 "http://www.sivana.com.br" "Mozilla/5.0 (Windows NT 10.0; Win64; x64) AppleWebKit/537.36 (KHTML, like Gecko) Chrome/95.0.4638.54 Safari/537.36 Edg/95.0.1020.30"
34.200.248.120 - - [21/Sep/2024:13:54:11 -0300] "GET /noticia/276/parabens,-fecomercio-parana! HTTP/1.0" 200 7565 "http://www.sivana.com.br" "Mozilla/5.0 (X11; Linux x86_64; rv:93.0) Gecko/20100101 Firefox/93.0"
44.220.167.31 - - [21/Sep/2024:13:54:16 -0300] "GET /noticia/192/fecomercio-pr-card HTTP/1.0" 200 7581 "http://www.sivana.com.br" "Mozilla/5.0 (X11; Fedora; Linux x86_64; rv:94.0) Gecko/20100101 Firefox/94.0"
3.239.16.199 - - [21/Sep/2024:13:54:36 -0300] "GET /noticia/317/dia-dos-namorados HTTP/1.0" 200 7508 "http://www.sivana.com.br" "Mozilla/5.0 (Windows NT 10.0; Win64; x64) AppleWebKit/537.36 (KHTML, like Gecko) Chrome/95.0.4638.54 Safari/537.36 Edg/95.0.1020.40"
52.3.236.116 - - [21/Sep/2024:13:54:40 -0300] "GET /noticia/177/atencao-lojista! HTTP/1.0" 200 8629 "http://www.sivana.com.br" "Mozilla/5.0 (Windows NT 10.0; Win64; x64; rv:95.0) Gecko/20100101 Firefox/95.0"
44.200.156.83 - - [21/Sep/2024:13:55:07 -0300] "GET /noticia/257/vaga-de-emprego HTTP/1.0" 200 7504 "http://www.sivana.com.br" "Mozilla/5.0 (X11; Linux x86_64) AppleWebKit/537.36 (KHTML, like Gecko) Chrome/95.0.4638.54 Safari/537.36"
3.94.31.201 - - [21/Sep/2024:13:55:27 -0300] "GET /noticia/531/quer-faturar-mais? HTTP/1.0" 200 7561 "http://www.sivana.com.br" "Mozilla/5.0 (X11; Linux x86_64) AppleWebKit/537.36 (KHTML, like Gecko) Chrome/93.0.4577.63 Safari/537.36"
44.203.79.36 - - [21/Sep/2024:15:46:07 -0300] "GET / HTTP/1.0" 200 7519 "http://www.sivana.com.br" "Mozilla/5.0 (X11; Linux x86_64; rv:78.0) Gecko/20100101 Firefox/78.0"
44.211.242.113 - - [21/Sep/2024:15:49:58 -0300] "GET /banco-de-talentos/ HTTP/1.0" 200 8956 "http://www.sivana.com.br" "Mozilla/5.0 (Windows NT 10.0; Win64; x64) AppleWebKit/537.36 (KHTML, like Gecko) Chrome/94.0.4606.81 Safari/537.36 OPR/80.0.4170.63"
3.219.33.36 - - [21/Sep/2024:15:50:07 -0300] "GET /links/ HTTP/1.0" 200 5545 "http://www.sivana.com.br" "Mozilla/5.0 (Macintosh; Intel Mac OS X 10_15_7) AppleWebKit/537.36 (KHTML, like Gecko) Chrome/93.0.4577.82 Safari/537.36"
52.3.236.116 - - [21/Sep/2024:15:50:13 -0300] "GET /o-sindicato-historico/ HTTP/1.0" 200 5802 "http://www.sivana.com.br" "Mozilla/5.0 (Windows NT 10.0; Win64; x64) AppleWebKit/537.36 (KHTML, like Gecko) Chrome/95.0.4638.69 Safari/537.36"
3.223.191.194 - - [21/Sep/2024:15:50:19 -0300] "GET /o-sindicato-estatuto/ HTTP/1.0" 200 5322 "http://www.sivana.com.br" "Mozilla/5.0 (Macintosh; Intel Mac OS X 10.15; rv:94.0) Gecko/20100101 Firefox/94.0"
44.200.195.128 - - [21/Sep/2024:15:50:25 -0300] "GET /galeria-de-videos/ HTTP/1.0" 200 5635 "http://www.sivana.com.br" "Mozilla/5.0 (X11; Linux x86_64; rv:93.0) Gecko/20100101 Firefox/93.0"
100.27.38.167 - - [21/Sep/2024:15:50:25 -0300] "GET /associados/ HTTP/1.0" 200 16977 "http://www.sivana.com.br" "Mozilla/5.0 (Macintosh; Intel Mac OS X 10.15; rv:94.0) Gecko/20100101 Firefox/94.0"
44.211.242.113 - - [21/Sep/2024:15:50:25 -0300] "GET /camara-da-mulher/ HTTP/1.0" 200 6291 "http://www.sivana.com.br" "Mozilla/5.0 (Windows NT 10.0; Win64; x64; rv:93.0) Gecko/20100101 Firefox/93.0"
100.27.38.167 - - [21/Sep/2024:15:50:27 -0300] "GET /oportunidades-de-emprego/ HTTP/1.0" 200 5480 "http://www.sivana.com.br" "Mozilla/5.0 (Windows NT 10.0; Win64; x64) AppleWebKit/537.36 (KHTML, like Gecko) Chrome/94.0.4606.81 Safari/537.36 OPR/80.0.4170.63 (Edition Yx 05)"
34.200.248.120 - - [21/Sep/2024:15:50:31 -0300] "GET /contribuicao-sindical/ HTTP/1.0" 200 6736 "http://www.sivana.com.br" "Mozilla/5.0 (Macintosh; Intel Mac OS X 10_15_7) AppleWebKit/605.1.15 (KHTML, like Gecko) Version/14.1.2 Safari/605.1.15"
44.203.216.99 - - [21/Sep/2024:15:50:32 -0300] "GET /filie-se-documentos/ HTTP/1.0" 200 8467 "http://www.sivana.com.br" "Mozilla/5.0 (Macintosh; Intel Mac OS X 10.15; rv:95.0) Gecko/20100101 Firefox/95.0"
3.94.31.201 - - [21/Sep/2024:15:50:32 -0300] "GET /area-associado/ HTTP/1.0" 200 1969 "http://www.sivana.com.br" "Mozilla/5.0 (Macintosh; Intel Mac OS X 10_15_7) AppleWebKit/537.36 (KHTML, like Gecko) Chrome/95.0.4638.69 Safari/537.36"
18.234.199.122 - - [21/Sep/2024:15:50:46 -0300] "GET /o-sindicato-estrutura/ HTTP/1.0" 200 5644 "http://www.sivana.com.br" "Mozilla/5.0 (Windows NT 10.0; Win64; x64) AppleWebKit/537.36 (KHTML, like Gecko) Chrome/94.0.4606.61 Safari/537.36"
34.200.248.120 - - [21/Sep/2024:15:50:46 -0300] "GET /cursos/ HTTP/1.0" 200 5229 "http://www.sivana.com.br" "Mozilla/5.0 (Windows NT 10.0; rv:91.0) Gecko/20100101 Firefox/91.0"
44.198.181.119 - - [21/Sep/2024:15:50:51 -0300] "GET /o-sindicato-diretoria/ HTTP/1.0" 200 6131 "http://www.sivana.com.br" "Mozilla/5.0 (Windows NT 10.0; Win64; x64; rv:94.0) Gecko/20100101 Firefox/94.0"
18.234.199.122 - - [21/Sep/2024:15:51:05 -0300] "GET /filie-se-vantagens/ HTTP/1.0" 200 12846 "http://www.sivana.com.br" "Mozilla/5.0 (Windows NT 6.1; Win64; x64; rv:94.0) Gecko/20100101 Firefox/94.0"
3.219.33.36 - - [21/Sep/2024:15:53:34 -0300] "GET /noticia/461/apucarana-75-anos HTTP/1.0" 200 7613 "http://www.sivana.com.br" "Mozilla/5.0 (Windows NT 10.0; Win64; x64) AppleWebKit/537.36 (KHTML, like Gecko) Chrome/95.0.4638.54 Safari/537.36 Edg/95.0.1020.30"
3.219.33.36 - - [21/Sep/2024:15:53:45 -0300] "GET /recuperar-senha.php HTTP/1.0" 200 5323 "http://www.sivana.com.br" "Mozilla/5.0 (Windows NT 10.0; Win64; x64) AppleWebKit/537.36 (KHTML, like Gecko) Chrome/94.0.4606.81 Safari/537.36"
44.220.167.31 - - [21/Sep/2024:15:54:16 -0300] "GET /noticia/192/fecomercio-pr-card HTTP/1.0" 200 7581 "http://www.sivana.com.br" "Mozilla/5.0 (Macintosh; Intel Mac OS X 10_15_7) AppleWebKit/537.36 (KHTML, like Gecko) Chrome/96.0.4664.55 Safari/537.36"
3.219.33.36 - - [21/Sep/2024:15:54:16 -0300] "GET /noticia/262/vem-pra-rua! HTTP/1.0" 200 7721 "http://www.sivana.com.br" "Mozilla/5.0 (Macintosh; Intel Mac OS X 10_15_7) AppleWebKit/537.36 (KHTML, like Gecko) Chrome/94.0.4606.81 Safari/537.36"
44.195.92.160 - - [21/Sep/2024:15:54:20 -0300] "GET /noticia/205/circuito-sesc-apucarana HTTP/1.0" 200 7813 "http://www.sivana.com.br" "Mozilla/5.0 (Macintosh; Intel Mac OS X 10_15_7) AppleWebKit/605.1.15 (KHTML, like Gecko) Version/15.0 Safari/605.1.15"
34.200.248.120 - - [21/Sep/2024:15:54:41 -0300] "GET /noticia/276/parabens,-fecomercio-parana! HTTP/1.0" 200 7565 "http://www.sivana.com.br" "Mozilla/5.0 (Windows NT 10.0; Win64; x64) AppleWebKit/537.36 (KHTML, like Gecko) Chrome/94.0.4606.81 Safari/537.36 OPR/80.0.4170.91"
44.200.156.83 - - [21/Sep/2024:15:55:01 -0300] "GET /noticia/257/vaga-de-emprego HTTP/1.0" 200 7504 "http://www.sivana.com.br" "Mozilla/5.0 (Macintosh; Intel Mac OS X 10.15; rv:93.0) Gecko/20100101 Firefox/93.0"
3.239.16.199 - - [21/Sep/2024:15:55:06 -0300] "GET /noticia/317/dia-dos-namorados HTTP/1.0" 200 7508 "http://www.sivana.com.br" "Mozilla/5.0 (Windows NT 10.0; Win64; x64; rv:78.0) Gecko/20100101 Firefox/78.0"
52.3.236.116 - - [21/Sep/2024:15:55:12 -0300] "GET /noticia/177/atencao-lojista! HTTP/1.0" 200 8629 "http://www.sivana.com.br" "Mozilla/5.0 (Windows NT 10.0; Win64; x64; rv:95.0) Gecko/20100101 Firefox/95.0"
3.94.31.201 - - [21/Sep/2024:15:55:41 -0300] "GET /noticia/531/quer-faturar-mais? HTTP/1.0" 200 7561 "http://www.sivana.com.br" "Mozilla/5.0 (Windows NT 10.0; Win64; x64; rv:95.0) Gecko/20100101 Firefox/95.0"
47.197.187.211 - - [21/Sep/2024:16:45:58 -0300] "GET / HTTP/1.0" 301 34183 "https://www.google.com/" "Mozilla/5.0 (Windows NT 10.0; Win64; x64) AppleWebKit/537.36 (KHTML, like Gecko) Chrome/91.0.4472.124 Safari/537.36"
44.203.79.36 - - [21/Sep/2024:17:47:07 -0300] "GET / HTTP/1.0" 200 7519 "http://www.sivana.com.br" "Mozilla/5.0 (Macintosh; Intel Mac OS X 10.15; rv:94.0) Gecko/20100101 Firefox/94.0"
91.92.255.187 - - [21/Sep/2024:17:47:37 -0300] "GET /wp-content/themes/seotheme/db.php?u HTTP/1.0" 301 23849 "www.google.com" "Mozlila/5.0 (Linux; Android 7.0; SM-G892A Bulid/NRD90M; wv) AppleWebKit/537.36 (KHTML, like Gecko) Version/4.0 Chrome/60.0.3112.107 Moblie Safari/537.36"
91.92.255.187 - - [21/Sep/2024:17:47:37 -0300] "POST /wp-plain.php HTTP/1.0" 301 23797 "www.google.com" "Mozilla/5.0 (Linux; Android 7.0; SM-G892A Bulid/NRD90M; wv) AppleWebKit/537.36 (KHTML, like Gecko) Version/4.0 Chrome/60.0.3112.107 Moblie Safari/537.36"
34.200.248.120 - - [21/Sep/2024:17:50:36 -0300] "GET /contribuicao-sindical/ HTTP/1.0" 200 6736 "http://www.sivana.com.br" "Mozilla/5.0 (Macintosh; Intel Mac OS X 10_15_7) AppleWebKit/605.1.15 (KHTML, like Gecko) Version/15.1 Safari/605.1.15"
52.3.236.116 - - [21/Sep/2024:17:50:51 -0300] "GET /o-sindicato-historico/ HTTP/1.0" 200 5802 "http://www.sivana.com.br" "Mozilla/5.0 (Windows NT 10.0; Win64; x64) AppleWebKit/537.36 (KHTML, like Gecko) Chrome/94.0.4606.81 Safari/537.36 OPR/80.0.4170.63 (Edition Yx 05)"
44.211.242.113 - - [21/Sep/2024:17:50:54 -0300] "GET /camara-da-mulher/ HTTP/1.0" 200 6291 "http://www.sivana.com.br" "Mozilla/5.0 (Macintosh; Intel Mac OS X 10_15_7) AppleWebKit/537.36 (KHTML, like Gecko) Chrome/95.0.4638.54 Safari/537.36"
44.211.242.113 - - [21/Sep/2024:17:51:01 -0300] "GET /banco-de-talentos/ HTTP/1.0" 200 8956 "http://www.sivana.com.br" "Mozilla/5.0 (Windows NT 10.0; Win64; x64) AppleWebKit/537.36 (KHTML, like Gecko) Chrome/95.0.4638.54 Safari/537.36 Edg/95.0.1020.30"
3.219.33.36 - - [21/Sep/2024:17:51:09 -0300] "GET /links/ HTTP/1.0" 200 5545 "http://www.sivana.com.br" "Mozilla/5.0 (Macintosh; Intel Mac OS X 10_15_7) AppleWebKit/537.36 (KHTML, like Gecko) Chrome/96.0.4664.45 Safari/537.36"
44.198.181.119 - - [21/Sep/2024:17:51:10 -0300] "GET /o-sindicato-diretoria/ HTTP/1.0" 200 6131 "http://www.sivana.com.br" "Mozilla/5.0 (Macintosh; Intel Mac OS X 10.15; rv:94.0) Gecko/20100101 Firefox/94.0"
44.203.216.99 - - [21/Sep/2024:17:51:24 -0300] "GET /filie-se-documentos/ HTTP/1.0" 200 8467 "http://www.sivana.com.br" "Mozilla/5.0 (Macintosh; Intel Mac OS X 10_15_7) AppleWebKit/537.36 (KHTML, like Gecko) Chrome/94.0.4606.81 Safari/537.36"
44.200.195.128 - - [21/Sep/2024:17:51:28 -0300] "GET /galeria-de-videos/ HTTP/1.0" 200 5635 "http://www.sivana.com.br" "Mozilla/5.0 (Windows NT 6.1; Win64; x64; rv:94.0) Gecko/20100101 Firefox/94.0"
34.200.248.120 - - [21/Sep/2024:17:51:28 -0300] "GET /cursos/ HTTP/1.0" 200 5229 "http://www.sivana.com.br" "Mozilla/5.0 (Macintosh; Intel Mac OS X 10_15_7) AppleWebKit/537.36 (KHTML, like Gecko) Chrome/96.0.4664.55 Safari/537.36"
3.223.191.194 - - [21/Sep/2024:17:51:41 -0300] "GET /o-sindicato-estatuto/ HTTP/1.0" 200 5322 "http://www.sivana.com.br" "Mozilla/5.0 (Windows NT 6.1; Win64; x64) AppleWebKit/537.36 (KHTML, like Gecko) Chrome/96.0.4664.45 Safari/537.36"
100.27.38.167 - - [21/Sep/2024:17:51:42 -0300] "GET /associados/ HTTP/1.0" 200 16977 "http://www.sivana.com.br" "Mozilla/5.0 (Macintosh; Intel Mac OS X 10_15_7) AppleWebKit/537.36 (KHTML, like Gecko) Chrome/93.0.4577.82 Safari/537.36"
100.27.38.167 - - [21/Sep/2024:17:51:45 -0300] "GET /oportunidades-de-emprego/ HTTP/1.0" 200 5480 "http://www.sivana.com.br" "Mozilla/5.0 (Macintosh; Intel Mac OS X 10_14_6) AppleWebKit/537.36 (KHTML, like Gecko) Chrome/95.0.4638.69 Safari/537.36"
18.234.199.122 - - [21/Sep/2024:17:51:49 -0300] "GET /filie-se-vantagens/ HTTP/1.0" 200 12846 "http://www.sivana.com.br" "Mozilla/5.0 (Windows NT 10.0; Win64; x64; rv:95.0) Gecko/20100101 Firefox/95.0"
3.94.31.201 - - [21/Sep/2024:17:51:53 -0300] "GET /area-associado/ HTTP/1.0" 200 1969 "http://www.sivana.com.br" "Mozilla/5.0 (Windows NT 6.3; Win64; x64) AppleWebKit/537.36 (KHTML, like Gecko) Chrome/95.0.4638.69 Safari/537.36"
18.234.199.122 - - [21/Sep/2024:17:52:04 -0300] "GET /o-sindicato-estrutura/ HTTP/1.0" 200 5644 "http://www.sivana.com.br" "Mozilla/5.0 (Macintosh; Intel Mac OS X 10_15_7) AppleWebKit/537.36 (KHTML, like Gecko) Chrome/94.0.4606.81 Safari/537.36"
34.200.248.120 - - [21/Sep/2024:17:54:43 -0300] "GET /noticia/276/parabens,-fecomercio-parana! HTTP/1.0" 200 7565 "http://www.sivana.com.br" "Mozilla/5.0 (Windows NT 6.1; Win64; x64) AppleWebKit/537.36 (KHTML, like Gecko) Chrome/95.0.4638.54 Safari/537.36"
3.219.33.36 - - [21/Sep/2024:17:54:46 -0300] "GET /recuperar-senha.php HTTP/1.0" 200 5323 "http://www.sivana.com.br" "Mozilla/5.0 (Windows NT 10.0; Win64; x64; rv:95.0) Gecko/20100101 Firefox/95.0"
44.220.167.31 - - [21/Sep/2024:17:54:54 -0300] "GET /noticia/192/fecomercio-pr-card HTTP/1.0" 200 7581 "http://www.sivana.com.br" "Mozilla/5.0 (Windows NT 10.0; Win64; x64) AppleWebKit/537.36 (KHTML, like Gecko) Chrome/94.0.4606.81 Safari/537.36 OPR/80.0.4170.91"
3.219.33.36 - - [21/Sep/2024:17:54:58 -0300] "GET /noticia/461/apucarana-75-anos HTTP/1.0" 200 7613 "http://www.sivana.com.br" "Mozilla/5.0 (Windows NT 10.0; Win64; x64) AppleWebKit/537.36 (KHTML, like Gecko) Chrome/93.0.4577.82 YaBrowser/21.9.2.169 Yowser/2.5 Safari/537.36"
3.219.33.36 - - [21/Sep/2024:17:55:28 -0300] "GET /noticia/262/vem-pra-rua! HTTP/1.0" 200 7721 "http://www.sivana.com.br" "Mozilla/5.0 (Macintosh; Intel Mac OS X 10.15; rv:95.0) Gecko/20100101 Firefox/95.0"
44.195.92.160 - - [21/Sep/2024:17:55:32 -0300] "GET /noticia/205/circuito-sesc-apucarana HTTP/1.0" 200 7813 "http://www.sivana.com.br" "Mozilla/5.0 (Windows NT 10.0; Win64; x64) AppleWebKit/537.36 (KHTML, like Gecko) Chrome/94.0.4606.81 Safari/537.36 OPR/80.0.4170.63"
44.200.156.83 - - [21/Sep/2024:17:56:01 -0300] "GET /noticia/257/vaga-de-emprego HTTP/1.0" 200 7504 "http://www.sivana.com.br" "Mozilla/5.0 (Windows NT 6.1; Win64; x64; rv:94.0) Gecko/20100101 Firefox/94.0"
3.239.16.199 - - [21/Sep/2024:17:56:29 -0300] "GET /noticia/317/dia-dos-namorados HTTP/1.0" 200 7508 "http://www.sivana.com.br" "Mozilla/5.0 (Macintosh; Intel Mac OS X 10_15_7) AppleWebKit/605.1.15 (KHTML, like Gecko) Version/14.1.1 Safari/605.1.15"
52.3.236.116 - - [21/Sep/2024:17:56:39 -0300] "GET /noticia/177/atencao-lojista! HTTP/1.0" 200 8629 "http://www.sivana.com.br" "Mozilla/5.0 (Windows NT 10.0; Win64; x64) AppleWebKit/537.36 (KHTML, like Gecko) Chrome/94.0.4606.81 Safari/537.36 OPR/80.0.4170.61"
3.94.31.201 - - [21/Sep/2024:17:57:28 -0300] "GET /noticia/531/quer-faturar-mais? HTTP/1.0" 200 7561 "http://www.sivana.com.br" "Mozilla/5.0 (X11; Linux x86_64; rv:94.0) Gecko/20100101 Firefox/94.0"
44.203.79.36 - - [21/Sep/2024:19:48:07 -0300] "GET / HTTP/1.0" 200 7519 "http://www.sivana.com.br" "Mozilla/5.0 (Windows NT 10.0; Win64; x64; rv:92.0) Gecko/20100101 Firefox/92.0"
44.211.242.113 - - [21/Sep/2024:19:52:07 -0300] "GET /camara-da-mulher/ HTTP/1.0" 200 6291 "http://www.sivana.com.br" "Mozilla/5.0 (Macintosh; Intel Mac OS X 10_15_7) AppleWebKit/537.36 (KHTML, like Gecko) Chrome/94.0.4606.71 Safari/537.36"
